Rapporti Climatici in stile NOAA
Selezionare un Anno o un Mese
2024: Gen Feb Mar Apr Mag Giu Lug Ago Set Ott Nov Dic
2023: Gen Feb Mar Apr Mag Giu Lug Ago Set Ott Nov Dic
2022: Gen Feb Mar Apr Mag Giu Lug Ago Set Ott Nov Dic
2021: Gen Feb Mar Apr Mag Giu Lug Ago Set Ott Nov Dic
2020: Gen Feb Mar Apr Mag Giu Lug Ago Set Ott Nov Dic
2019: Gen Feb Mar Apr Mag Giu Lug Ago Set Ott Nov Dic
2018: Gen Feb Mar Apr Mag Giu Lug Ago Set Ott Nov Dic
2017: Gen Feb Mar Apr Mag Giu Lug Ago Set Ott Nov Dic
2016: Gen Feb Mar Apr Mag Giu Lug Ago Set Ott Nov Dic
2015: Gen Feb Mar Apr Mag Giu Lug Ago Set Ott Nov Dic
2014: Gen Feb Mar Apr Mag Giu Lug Ago Set Ott Nov Dic
2013: Gen Feb Mar Apr Mag Giu Lug Ago Set Ott Nov Dic
2012: Gen Feb Mar Apr Mag Giu Lug Ago Set Ott Nov Dic
2011: Gen Feb Mar Apr Mag Giu Lug Ago Set Ott Nov Dic
2010: Gen Feb Mar Apr Mag Giu Lug Ago Set Ott Nov Dic
2009: Gen Feb Mar Apr Mag Giu Lug Ago Set Ott Nov Dic
2008: Gen Feb Mar Apr Mag Giu Lug Ago Set Ott Nov Dic
2007: Gen Feb Mar Apr Mag Giu Lug Ago Set Ott Nov Dic
2006: Gen Feb Mar Apr Mag Giu Lug Ago Set Ott Nov Dic
2024: Gen Feb Mar Apr Mag Giu Lug Ago Set Ott Nov Dic
2023: Gen Feb Mar Apr Mag Giu Lug Ago Set Ott Nov Dic
2022: Gen Feb Mar Apr Mag Giu Lug Ago Set Ott Nov Dic
2021: Gen Feb Mar Apr Mag Giu Lug Ago Set Ott Nov Dic
2020: Gen Feb Mar Apr Mag Giu Lug Ago Set Ott Nov Dic
2019: Gen Feb Mar Apr Mag Giu Lug Ago Set Ott Nov Dic
2018: Gen Feb Mar Apr Mag Giu Lug Ago Set Ott Nov Dic
2017: Gen Feb Mar Apr Mag Giu Lug Ago Set Ott Nov Dic
2016: Gen Feb Mar Apr Mag Giu Lug Ago Set Ott Nov Dic
2015: Gen Feb Mar Apr Mag Giu Lug Ago Set Ott Nov Dic
2014: Gen Feb Mar Apr Mag Giu Lug Ago Set Ott Nov Dic
2013: Gen Feb Mar Apr Mag Giu Lug Ago Set Ott Nov Dic
2012: Gen Feb Mar Apr Mag Giu Lug Ago Set Ott Nov Dic
2011: Gen Feb Mar Apr Mag Giu Lug Ago Set Ott Nov Dic
2010: Gen Feb Mar Apr Mag Giu Lug Ago Set Ott Nov Dic
2009: Gen Feb Mar Apr Mag Giu Lug Ago Set Ott Nov Dic
2008: Gen Feb Mar Apr Mag Giu Lug Ago Set Ott Nov Dic
2007: Gen Feb Mar Apr Mag Giu Lug Ago Set Ott Nov Dic
2006: Gen Feb Mar Apr Mag Giu Lug Ago Set Ott Nov Dic
Archivio 2023 Ottobre
Monthly Climatological Summary for ott 2023 Name: San Fruttuoso City: Genova State: Italy Elevation: 70 m Lat: N 44° 24' 32" Lon: E 008° 57' 37" Temperature (°C), Rain (mm), Wind Speed (km/h) Heat Cool Avg Mean Deg Deg Wind Dom Day Temp High Time Low Time Days Days Rain Speed High Time Dir ---------------------------------------------------------------------------------- 01 22.4 25.6 10:11 18.1 02:35 0.0 4.1 0.0 4.6 27.0 06:50 S 02 21.9 25.2 11:53 18.3 23:52 0.0 3.6 0.0 4.3 18.0 13:47 W 03 20.2 23.7 14:35 16.6 06:16 0.4 2.3 0.0 9.1 29.0 12:37 SE 04 21.9 24.0 15:44 20.3 05:51 0.0 3.6 0.0 4.5 21.0 14:16 WSW 05 21.9 24.8 10:16 19.5 23:55 0.0 3.6 0.0 5.8 29.0 04:46 NNE 06 21.0 24.3 14:01 17.8 06:54 0.0 2.8 0.0 5.3 14.0 05:33 WNW 07 20.9 23.9 14:55 18.0 06:10 0.0 2.6 0.0 4.7 16.0 12:10 WNW 08 20.4 23.7 14:10 17.1 06:36 0.1 2.3 0.0 4.6 18.0 12:35 WNW 09 20.2 22.7 12:52 17.4 05:13 0.1 2.0 0.0 6.6 19.0 12:59 W 10 20.2 23.2 13:46 16.8 03:57 0.3 2.3 0.0 8.1 23.0 12:29 ENE 11 21.3 23.2 15:10 19.1 06:00 0.0 3.0 0.0 4.4 18.0 14:56 SSE 12 20.9 23.1 13:43 19.7 00:28 0.0 2.6 0.0 5.4 23.0 13:00 SSE 13 21.0 23.1 10:59 19.1 03:37 0.0 2.7 0.0 6.7 31.0 17:22 SE 14 21.2 22.8 10:39 18.8 01:51 0.0 2.9 0.0 7.6 34.0 11:02 SE 15 20.3 24.3 12:47 16.6 23:33 0.1 2.1 0.0 5.7 21.0 15:18 NW 16 16.2 18.2 01:03 14.6 23:45 2.1 0.0 0.0 9.8 42.0 11:45 N 17 16.3 19.6 12:03 13.1 06:57 2.1 0.1 0.0 7.8 32.0 03:16 N 18 15.1 17.1 00:00 13.2 15:38 3.2 0.0 0.5 8.9 43.0 23:27 NNE 19 15.4 18.9 19:11 12.6 05:51 3.0 0.1 30.2 8.6 45.0 00:12 NNE 20 20.2 22.6 07:12 17.7 13:44 0.0 1.9 9.9 18.6 55.0 09:08 SE 21 19.8 21.0 11:33 19.1 20:20 0.0 1.5 0.0 13.4 35.0 17:16 SE 22 18.4 20.8 11:20 15.9 23:59 0.6 0.7 0.0 7.6 32.0 12:51 SE 23 16.9 20.7 11:58 15.1 01:42 1.7 0.3 24.4 7.5 35.0 22:29 N 24 17.9 21.2 04:44 16.2 00:00 0.6 0.3 47.8 8.3 37.0 15:59 SE 25 19.0 20.3 13:13 18.2 06:41 0.0 0.7 0.3 11.7 42.0 03:01 SE 26 19.1 20.8 12:16 16.6 05:04 0.3 1.1 0.8 9.2 39.0 20:04 SE 27 19.7 21.8 11:04 17.6 23:56 0.1 1.5 2.3 7.6 53.0 02:17 SE 28 18.2 20.8 11:11 15.4 07:12 0.7 0.6 0.0 8.6 37.0 15:27 SE 29 18.5 19.7 20:28 16.8 07:17 0.2 0.4 3.3 10.5 40.0 01:38 SE 30 18.7 20.9 15:22 15.6 07:13 0.5 0.9 33.5 15.6 53.0 13:26 SE 31 17.7 19.9 14:49 14.6 07:44 0.9 0.3 33.5 8.4 45.0 04:02 SE ---------------------------------------------------------------------------------- 19.4 25.6 1 12.6 19 17.0 52.9 186.5 8.0 55.0 20 ESE Max >= 27.0 0 Max <= 5.0 0 Min <= 20.0 30 Min <= 0.0 0 Max Rain: 47.8 on day 24 Days of Rain: 11 (>= 0.2 mm) 8 (>= 2.0 mm) 5 (>= 20.0 mm) Heat Base: 18.3 Cool Base: 18.3 Method: Integration