NOAA-Style Climate Reports


Report for 2022 November
                   Monthly Climatological Summary for nov 2022

Name: San Fruttuoso   City: Genova   State: Italy
Elevation: 70 m  Lat: N 44° 24' 32"   Lon: E 008° 57' 37"

                  Temperature (°C), Rain (mm), Wind Speed (km/h)

                                      Heat  Cool        Avg
    Mean                              Deg   Deg         Wind                 Dom
Day Temp  High   Time   Low    Time   Days  Days  Rain  Speed High   Time    Dir
----------------------------------------------------------------------------------
01  16.4  19.7   11:57  14.2   04:25   2.0   0.1   7.9   6.6  29.0   12:19   NNW
02  17.0  19.6   13:44  15.6   23:52   1.4   0.1  32.0   4.6  18.0   09:34   NNW
03  16.9  20.0   13:33  14.7   06:00   1.6   0.2  32.0   7.0  32.0   17:54    NE
04  16.1  19.6   12:56  13.6   23:52   2.3   0.1   7.4   5.5  43.0   20:38   NNE
05  15.6  19.6   14:53  12.1   20:57   2.9   0.2   0.0   8.4  47.0   01:47   NNW
06  14.8  19.6   14:34  11.7   07:44   3.6   0.1   0.0   7.4  21.0   01:10   NNW
07  15.0  19.5   12:30  11.3   04:13   3.4   0.1   0.0   8.2  27.0   12:34   NNW
08  17.2  19.3   11:34  15.0   03:49   1.2   0.1   0.0   5.7  31.0   16:16   ESE
09  16.8  18.4   16:18  12.8   23:59   1.5   0.0  31.0   3.6  26.0   23:23   NNW
10  15.0  19.0   14:53  12.6   00:13   3.3   0.0   9.9   7.1  31.0   00:28   NNE
11  15.2  17.7   14:00  14.1   03:47   3.1   0.0   0.0   8.7  39.0   01:15   NNE
12  16.6  19.0   18:09  14.2   02:19   1.8   0.1   0.0   6.8  34.0   03:55    NE
13  14.7  17.5   00:44  13.2   23:13   3.6   0.0   0.0   8.5  45.0   12:04     N
14  12.7  13.8   10:51  11.6   21:45   5.6   0.0   0.0   7.9  40.0   13:44   NNW
15  11.3  12.8   02:17  10.3   23:42   7.0   0.0  46.2   7.1  35.0   18:20     N
16  12.1  15.5   14:58   9.9   02:39   6.2   0.0   3.6   6.8  35.0   07:02     N
17  15.5  19.5   14:01  10.7   00:59   2.9   0.1   0.0   7.0  31.0   14:02   ENE
18  14.8  19.9   14:17  12.0   23:40   3.6   0.1   0.0   7.3  31.0   07:41   NNW
19  12.5  14.1   04:30  11.1   19:13   5.8   0.0   0.3   7.2  35.0   23:04     N
20  12.3  16.7   14:30   8.8   21:35   6.0   0.0   0.0   6.9  27.0   07:36   NNW
21  11.7  15.6   14:59   8.2   07:03   6.6   0.0  27.7  11.5  40.0   14:00     E
22   9.1  11.7   16:59   7.3   05:23   9.2   0.0  29.7  10.7  61.0   10:18     N
23  10.7  16.1   14:02   6.0   06:57   7.6   0.0   0.0   7.5  23.0   12:11   NNW
24  12.1  17.2   14:17   8.4   02:50   6.2   0.0   0.0   6.1  18.0   04:41   NNW
25  13.2  15.8   12:18  10.2   23:58   5.1   0.0   0.0   4.4  32.0   23:29   NNE
26  12.0  15.7   14:59   8.6   23:59   6.3   0.0   0.0   9.2  48.0   04:54   NNW
----------------------------------------------------------------------------------
    14.1  20.0     3     6.0    23   109.8   1.3 227.7   7.2  61.0    22       N

Max >=  27.0  0
Max <=   5.0  0
Min <=  20.0 26
Min <=   0.0  0
Max Rain: 46.2 on day 15
Days of Rain: 11 (>= 0.2 mm)  10 (>= 2.0 mm)  6 (>= 20.0 mm)
Heat Base: 18.3  Cool Base: 18.3  Method: Integration