NOAA-Style Climate Reports


Report for 2021 Julio
                   Monthly Climatological Summary for lug 2021

Name: San Fruttuoso   City: Genova   State: Italy
Elevation: 70 m  Lat: N 44° 24' 32"   Lon: E 008° 57' 37"

                  Temperature (°C), Rain (mm), Wind Speed (km/h)

                                      Heat  Cool        Avg
    Mean                              Deg   Deg         Wind                 Dom
Day Temp  High   Time   Low    Time   Days  Days  Rain  Speed High   Time    Dir
----------------------------------------------------------------------------------
01  22.1  24.4   13:04  18.3   05:10   0.0   3.8   0.0   8.1  27.0   13:04     S
02  22.7  24.9   15:21  19.4   05:21   0.0   4.4   0.0   6.4  27.0   13:20    SW
03  22.6  24.9   13:44  20.6   05:38   0.0   4.4   0.0   8.2  27.0   10:36   SSE
04  22.0  22.9   16:59  20.8   23:50   0.0   3.7   1.8   5.0  21.0   14:58   SSE
05  22.6  25.8   17:17  18.7   04:17   0.0   4.3   0.0   7.0  24.0   10:02   SSW
06  23.1  25.2   15:14  19.8   05:09   0.0   4.8   0.0   7.7  26.0   09:54   SSW
07  24.5  28.2   18:47  20.3   05:38   0.0   6.2   0.0   9.1  37.0   09:09    SE
08  24.0  27.4   10:03  21.9   05:06   0.0   5.7   0.0   9.6  40.0   14:11    SE
09  22.4  25.2   09:40  18.8   04:38   0.0   4.1   0.0   9.3  35.0   16:22   SSE
10  22.0  25.2   12:28  17.7   05:02   0.0   3.8   0.0   6.5  18.0   10:39   WSW
11  22.9  26.0   12:56  19.0   05:12   0.0   4.6   0.0   8.7  32.0   16:13   SSE
12  23.9  26.4   23:36  21.1   04:53   0.0   5.6   0.0   7.0  31.0   23:53     S
13  23.7  26.1   04:13  20.6   23:53   0.0   5.4   0.8  13.8  48.0   05:36    SE
14  21.3  23.4   14:03  19.1   06:23   0.0   3.0   0.0   7.7  31.0   14:12   SSE
15  22.2  24.4   15:03  19.9   01:03   0.0   3.9   0.0   8.3  43.0   10:14    SE
16  21.9  23.9   14:14  19.4   03:50   0.0   3.6   0.8   5.7  24.0   12:13   NNW
17  25.3  29.4   12:30  21.6   03:11   0.0   7.0   0.0   7.0  34.0   07:25    NW
18  28.3  32.1   11:06  22.4   01:18   0.0  10.0   0.0   6.2  23.0   09:14    NW
19  28.2  31.4   12:23  24.8   04:45   0.0   9.9   0.0   6.7  21.0   10:25     W
20  25.9  28.9   08:46  22.5   05:41   0.0   7.6   0.0   7.4  27.0   11:55   SSW
21  24.3  26.7   08:51  21.3   05:37   0.0   6.0   0.0   6.6  21.0   11:47    SW
22  24.5  26.9   19:05  21.9   05:53   0.0   6.2   0.0   5.3  19.0   11:29   SSW
23  24.8  26.9   15:14  22.9   03:03   0.0   6.5   0.0   5.6  23.0   10:27    SW
24  25.0  27.9   15:46  21.8   04:43   0.0   6.7   0.0   8.7  29.0   15:34   SSE
25  26.2  27.8   14:45  25.2   23:51   0.0   7.9   0.0  12.1  45.0   10:06    SE
----------------------------------------------------------------------------------
    23.9  32.1    18    17.7    10     0.0 139.1   3.4   7.7  48.0    13       S

Max >=  27.0  8
Max <=   5.0  0
Min <=  20.0 10
Min <=   0.0  0
Max Rain: 1.8 on day 4
Days of Rain: 3 (>= 0.2 mm)  0 (>= 2.0 mm)  0 (>= 20.0 mm)
Heat Base: 18.3  Cool Base: 18.3  Method: Integration