NOAA-Style Climate Reports


Report for 2022 septembre
                   Monthly Climatological Summary for set 2022

Name: San Fruttuoso   City: Genova   State: Italy
Elevation: 70 m  Lat: N 44° 24' 32"   Lon: E 008° 57' 37"

                  Temperature (°C), Rain (mm), Wind Speed (km/h)

                                      Heat  Cool        Avg
    Mean                              Deg   Deg         Wind                 Dom
Day Temp  High   Time   Low    Time   Days  Days  Rain  Speed High   Time    Dir
----------------------------------------------------------------------------------
01  25.1  28.8   13:55  22.2   03:27   0.0   6.8   0.0   7.2  29.0   10:33   WNW
02  23.0  26.4   12:06  19.2   05:29   0.0   4.7  24.6   5.9  51.0   03:41   WNW
03  22.4  26.1   12:44  20.1   23:29   0.0   4.1   6.9   6.8  39.0   13:39   NNW
04  23.5  27.1   15:57  19.2   04:14   0.0   5.2   0.0   6.4  23.0   13:05   WNW
05  24.5  28.4   13:30  20.8   06:13   0.0   6.2   0.0   6.9  19.0   15:03   WNW
06  24.0  27.0   11:58  20.2   06:03   0.0   5.7   0.0   7.3  21.0   12:16   WNW
07  25.0  28.0   14:58  22.5   04:34   0.0   6.7   0.0   6.7  26.0   11:19     S
08  25.6  27.2   10:53  24.7   04:42   0.0   7.3   0.0   8.7  31.0   13:08   SSE
09  24.9  27.9   16:04  21.8   06:32   0.0   6.6   0.0   6.1  31.0   16:52   SSW
10  24.1  26.7   14:10  20.5   06:52   0.0   5.8   0.0   5.6  21.0   10:53     S
11  23.4  27.4   15:20  19.3   06:20   0.0   5.1   0.0   6.8  23.0   12:24   WNW
12  22.6  25.5   17:05  19.4   04:56   0.0   4.3   0.0   7.7  21.0   13:53   WNW
13  22.4  25.4   09:40  18.4   06:39   0.0   4.1   0.0   8.1  24.0   12:10     W
14  24.4  25.7   14:03  23.1   00:00   0.0   6.1   2.3   9.7  45.0   11:30    SE
15  25.7  26.7   11:21  23.3   04:20   0.0   6.8   0.0  ----  34.0   00:42   ESE
16  24.8  27.2   13:02  21.1   06:28   0.0   6.2   0.0  ----  40.0   13:46    SE
17  22.4  25.0   16:42  19.4   23:58   0.0   4.0   0.0  ----  53.0   12:42   NNW
18  20.5  23.3   15:42  17.2   06:13   0.0   2.3   0.0  ----  27.0   13:36     S
19  22.2  24.4   13:54  18.9   00:15   0.0   4.0   0.0  ----  23.0   03:15   SSE
20  22.7  26.7   16:39  17.8   03:34   0.0   4.4   0.0  ----  29.0   08:58   NNE
21  20.3  22.8   14:56  17.2   23:57   0.0   2.0   0.0  ----  35.0   15:15    NW
22  18.8  21.7   13:58  15.6   06:08   1.2   1.1   0.0   7.6  29.0   00:58   NNE
23  18.0  21.1   09:41  14.9   03:42   1.0   0.7   0.0   7.5  24.0   10:45    NW
24  16.9  19.7   08:38  15.4   23:35   1.5   0.1  50.6   5.1  37.0   22:29     N
25  18.1  21.6   13:04  15.1   00:53   1.1   0.9   0.0   7.0  34.0   02:19     N
26  19.2  22.4   11:24  16.3   06:00   0.5   1.4   0.3   7.8  31.0   13:28    SE
27  18.7  22.2   11:31  15.7   07:09   0.5   0.9   0.0   4.8  39.0   12:38   SSE
28  18.7  21.9   13:44  15.3   05:19   0.9   1.3   0.0  10.3  47.0   13:49   ESE
29  18.8  21.3   14:43  15.7   03:55   0.6   1.1   0.5  12.7  48.0   12:43    SE
30  17.6  19.6   00:00  15.2   23:44   1.0   0.3  14.0   7.3  37.0   04:32   ESE
----------------------------------------------------------------------------------
    21.9  28.8     1    14.9    23     8.3 116.2  99.2   7.4  53.0    17       E

Max >=  27.0  9
Max <=   5.0  0
Min <=  20.0 19
Min <=   0.0  0
Max Rain: 50.6 on day 24
Days of Rain: 7 (>= 0.2 mm)  5 (>= 2.0 mm)  2 (>= 20.0 mm)
Heat Base: 18.3  Cool Base: 18.3  Method: Integration