Rapporti Climatici in stile NOAA
Selezionare un Anno o un Mese
2024: Gen Feb Mar Apr Mag Giu Lug Ago Set Ott Nov Dic
2023: Gen Feb Mar Apr Mag Giu Lug Ago Set Ott Nov Dic
2022: Gen Feb Mar Apr Mag Giu Lug Ago Set Ott Nov Dic
2021: Gen Feb Mar Apr Mag Giu Lug Ago Set Ott Nov Dic
2020: Gen Feb Mar Apr Mag Giu Lug Ago Set Ott Nov Dic
2019: Gen Feb Mar Apr Mag Giu Lug Ago Set Ott Nov Dic
2018: Gen Feb Mar Apr Mag Giu Lug Ago Set Ott Nov Dic
2017: Gen Feb Mar Apr Mag Giu Lug Ago Set Ott Nov Dic
2016: Gen Feb Mar Apr Mag Giu Lug Ago Set Ott Nov Dic
2015: Gen Feb Mar Apr Mag Giu Lug Ago Set Ott Nov Dic
2014: Gen Feb Mar Apr Mag Giu Lug Ago Set Ott Nov Dic
2013: Gen Feb Mar Apr Mag Giu Lug Ago Set Ott Nov Dic
2012: Gen Feb Mar Apr Mag Giu Lug Ago Set Ott Nov Dic
2011: Gen Feb Mar Apr Mag Giu Lug Ago Set Ott Nov Dic
2010: Gen Feb Mar Apr Mag Giu Lug Ago Set Ott Nov Dic
2009: Gen Feb Mar Apr Mag Giu Lug Ago Set Ott Nov Dic
2008: Gen Feb Mar Apr Mag Giu Lug Ago Set Ott Nov Dic
2007: Gen Feb Mar Apr Mag Giu Lug Ago Set Ott Nov Dic
2006: Gen Feb Mar Apr Mag Giu Lug Ago Set Ott Nov Dic
2024: Gen Feb Mar Apr Mag Giu Lug Ago Set Ott Nov Dic
2023: Gen Feb Mar Apr Mag Giu Lug Ago Set Ott Nov Dic
2022: Gen Feb Mar Apr Mag Giu Lug Ago Set Ott Nov Dic
2021: Gen Feb Mar Apr Mag Giu Lug Ago Set Ott Nov Dic
2020: Gen Feb Mar Apr Mag Giu Lug Ago Set Ott Nov Dic
2019: Gen Feb Mar Apr Mag Giu Lug Ago Set Ott Nov Dic
2018: Gen Feb Mar Apr Mag Giu Lug Ago Set Ott Nov Dic
2017: Gen Feb Mar Apr Mag Giu Lug Ago Set Ott Nov Dic
2016: Gen Feb Mar Apr Mag Giu Lug Ago Set Ott Nov Dic
2015: Gen Feb Mar Apr Mag Giu Lug Ago Set Ott Nov Dic
2014: Gen Feb Mar Apr Mag Giu Lug Ago Set Ott Nov Dic
2013: Gen Feb Mar Apr Mag Giu Lug Ago Set Ott Nov Dic
2012: Gen Feb Mar Apr Mag Giu Lug Ago Set Ott Nov Dic
2011: Gen Feb Mar Apr Mag Giu Lug Ago Set Ott Nov Dic
2010: Gen Feb Mar Apr Mag Giu Lug Ago Set Ott Nov Dic
2009: Gen Feb Mar Apr Mag Giu Lug Ago Set Ott Nov Dic
2008: Gen Feb Mar Apr Mag Giu Lug Ago Set Ott Nov Dic
2007: Gen Feb Mar Apr Mag Giu Lug Ago Set Ott Nov Dic
2006: Gen Feb Mar Apr Mag Giu Lug Ago Set Ott Nov Dic
Archivio 2024 Marzo
Monthly Climatological Summary for mar 2024 Name: San Fruttuoso City: Genova State: Italy Elevation: 70 m Lat: N 44° 24' 32" Lon: E 008° 57' 37" Temperature (°C), Rain (mm), Wind Speed (km/h) Heat Cool Avg Mean Deg Deg Wind Dom Day Temp High Time Low Time Days Days Rain Speed High Time Dir ---------------------------------------------------------------------------------- 01 12.0 12.9 00:11 11.0 23:54 6.3 0.0 8.4 5.4 26.0 13:15 NNE 02 12.4 14.2 15:30 10.7 01:56 5.9 0.0 0.8 8.8 40.0 19:14 SE 03 11.2 13.6 12:21 6.7 21:27 7.1 0.0 50.3 12.3 55.0 10:50 ESE 04 10.6 13.9 15:16 7.8 00:00 7.7 0.0 1.0 6.9 34.0 11:06 N 05 11.7 14.5 14:46 7.4 23:52 6.6 0.0 8.9 9.0 39.0 23:53 E 06 9.2 13.6 14:40 6.4 02:24 9.1 0.0 3.6 5.7 37.0 00:42 NNW 07 9.7 13.4 14:54 5.9 07:32 8.6 0.0 0.0 8.2 24.0 12:43 NW 08 9.7 13.0 11:55 6.6 06:21 8.6 0.0 14.5 7.4 34.0 18:01 N 09 9.6 12.6 23:28 7.6 00:14 8.7 0.0 13.2 6.6 45.0 23:27 NNE 10 11.5 13.0 05:58 8.6 11:41 6.8 0.0 79.5 11.1 60.0 07:38 SE 11 10.9 13.2 16:26 8.2 05:54 7.4 0.0 0.0 5.3 21.0 00:01 NNW 12 11.4 15.1 16:31 6.7 04:43 6.9 0.0 0.0 5.7 16.0 02:06 WNW 13 12.0 15.2 12:48 8.1 04:50 6.3 0.0 0.0 6.5 24.0 14:17 S 14 12.6 14.6 16:04 10.0 06:24 5.7 0.0 0.0 6.6 21.0 11:59 S 15 12.4 13.3 00:00 11.7 12:32 5.9 0.0 1.0 4.1 23.0 10:46 SE 16 13.5 16.2 14:36 11.7 05:38 4.8 0.0 0.0 4.4 19.0 13:12 WSW 17 12.8 15.1 12:48 10.0 06:13 5.5 0.0 0.0 5.6 19.0 16:32 S 18 13.2 14.0 17:41 12.2 23:56 5.1 0.0 3.6 3.6 21.0 12:49 SE 19 13.4 16.6 16:08 9.9 04:53 4.9 0.0 0.0 4.8 19.0 02:54 W 20 15.1 19.1 13:27 12.2 00:58 3.3 0.0 0.0 5.6 29.0 06:53 NE 21 13.1 15.9 12:15 9.9 06:39 5.2 0.0 0.0 7.0 37.0 13:07 SE 22 14.2 20.4 16:30 9.4 04:59 4.3 0.2 0.0 4.5 21.0 11:27 WNW 23 13.5 15.8 16:49 11.4 04:26 4.8 0.0 0.0 7.3 34.0 08:33 ESE 24 13.5 17.0 10:30 8.4 06:32 4.8 0.0 0.0 6.7 26.0 14:53 W 25 13.0 15.5 10:42 8.4 06:37 5.3 0.0 0.0 5.4 23.0 00:10 NNW 26 9.4 12.9 00:54 7.7 08:46 8.9 0.0 16.3 8.7 40.0 17:10 N 27 11.0 13.6 05:13 7.8 02:30 7.3 0.0 37.3 14.3 56.0 22:16 SSE 28 13.4 14.9 17:58 11.3 06:55 4.9 0.0 6.4 12.6 40.0 00:13 SE ---------------------------------------------------------------------------------- 12.0 20.4 22 5.9 7 176.7 0.2 244.8 7.1 60.0 10 ESE Max >= 27.0 0 Max <= 5.0 0 Min <= 20.0 28 Min <= 0.0 0 Max Rain: 79.5 on day 10 Days of Rain: 14 (>= 0.2 mm) 11 (>= 2.0 mm) 3 (>= 20.0 mm) Heat Base: 18.3 Cool Base: 18.3 Method: Integration