Rapporti Climatici in stile NOAA
Selezionare un Anno o un Mese
2024: Gen Feb Mar Apr Mag Giu Lug Ago Set Ott Nov Dic
2023: Gen Feb Mar Apr Mag Giu Lug Ago Set Ott Nov Dic
2022: Gen Feb Mar Apr Mag Giu Lug Ago Set Ott Nov Dic
2021: Gen Feb Mar Apr Mag Giu Lug Ago Set Ott Nov Dic
2020: Gen Feb Mar Apr Mag Giu Lug Ago Set Ott Nov Dic
2019: Gen Feb Mar Apr Mag Giu Lug Ago Set Ott Nov Dic
2018: Gen Feb Mar Apr Mag Giu Lug Ago Set Ott Nov Dic
2017: Gen Feb Mar Apr Mag Giu Lug Ago Set Ott Nov Dic
2016: Gen Feb Mar Apr Mag Giu Lug Ago Set Ott Nov Dic
2015: Gen Feb Mar Apr Mag Giu Lug Ago Set Ott Nov Dic
2014: Gen Feb Mar Apr Mag Giu Lug Ago Set Ott Nov Dic
2013: Gen Feb Mar Apr Mag Giu Lug Ago Set Ott Nov Dic
2012: Gen Feb Mar Apr Mag Giu Lug Ago Set Ott Nov Dic
2011: Gen Feb Mar Apr Mag Giu Lug Ago Set Ott Nov Dic
2010: Gen Feb Mar Apr Mag Giu Lug Ago Set Ott Nov Dic
2009: Gen Feb Mar Apr Mag Giu Lug Ago Set Ott Nov Dic
2008: Gen Feb Mar Apr Mag Giu Lug Ago Set Ott Nov Dic
2007: Gen Feb Mar Apr Mag Giu Lug Ago Set Ott Nov Dic
2006: Gen Feb Mar Apr Mag Giu Lug Ago Set Ott Nov Dic
2024: Gen Feb Mar Apr Mag Giu Lug Ago Set Ott Nov Dic
2023: Gen Feb Mar Apr Mag Giu Lug Ago Set Ott Nov Dic
2022: Gen Feb Mar Apr Mag Giu Lug Ago Set Ott Nov Dic
2021: Gen Feb Mar Apr Mag Giu Lug Ago Set Ott Nov Dic
2020: Gen Feb Mar Apr Mag Giu Lug Ago Set Ott Nov Dic
2019: Gen Feb Mar Apr Mag Giu Lug Ago Set Ott Nov Dic
2018: Gen Feb Mar Apr Mag Giu Lug Ago Set Ott Nov Dic
2017: Gen Feb Mar Apr Mag Giu Lug Ago Set Ott Nov Dic
2016: Gen Feb Mar Apr Mag Giu Lug Ago Set Ott Nov Dic
2015: Gen Feb Mar Apr Mag Giu Lug Ago Set Ott Nov Dic
2014: Gen Feb Mar Apr Mag Giu Lug Ago Set Ott Nov Dic
2013: Gen Feb Mar Apr Mag Giu Lug Ago Set Ott Nov Dic
2012: Gen Feb Mar Apr Mag Giu Lug Ago Set Ott Nov Dic
2011: Gen Feb Mar Apr Mag Giu Lug Ago Set Ott Nov Dic
2010: Gen Feb Mar Apr Mag Giu Lug Ago Set Ott Nov Dic
2009: Gen Feb Mar Apr Mag Giu Lug Ago Set Ott Nov Dic
2008: Gen Feb Mar Apr Mag Giu Lug Ago Set Ott Nov Dic
2007: Gen Feb Mar Apr Mag Giu Lug Ago Set Ott Nov Dic
2006: Gen Feb Mar Apr Mag Giu Lug Ago Set Ott Nov Dic
Archivio 2023 Settembre
Monthly Climatological Summary for set 2023 Name: San Fruttuoso City: Genova State: Italy Elevation: 70 m Lat: N 44° 24' 32" Lon: E 008° 57' 37" Temperature (°C), Rain (mm), Wind Speed (km/h) Heat Cool Avg Mean Deg Deg Wind Dom Day Temp High Time Low Time Days Days Rain Speed High Time Dir ---------------------------------------------------------------------------------- 01 21.7 24.3 15:23 18.6 02:19 0.0 3.4 0.0 8.9 34.0 11:52 SE 02 23.0 28.6 16:08 18.0 05:43 0.0 4.7 0.0 6.0 19.0 22:43 WNW 03 25.2 28.8 15:30 21.4 04:28 0.0 6.9 0.0 4.5 16.0 02:25 WSW 04 26.4 29.4 12:07 23.3 00:00 0.0 8.1 0.0 5.2 24.0 05:44 E 05 24.8 28.8 15:20 20.6 05:52 0.0 6.5 0.0 7.9 37.0 15:57 NNW 06 25.3 29.7 14:40 20.7 06:41 0.0 7.0 0.0 9.4 50.0 15:08 N 07 26.4 31.6 15:59 22.8 06:36 0.0 8.1 0.0 8.8 32.0 13:10 NNW 08 26.5 31.2 15:29 22.3 06:16 0.0 8.2 0.0 7.1 35.0 14:16 N 09 25.6 29.8 12:02 21.9 06:33 0.0 7.3 0.0 6.5 29.0 02:39 NNE 10 25.2 28.6 17:34 21.7 23:59 0.0 6.9 0.0 7.4 24.0 05:02 N 11 23.3 26.3 11:38 20.1 06:37 0.0 5.0 0.0 6.7 21.0 11:52 WNW 12 22.4 25.3 12:33 19.2 05:51 0.0 4.1 0.8 8.0 27.0 11:54 SW 13 23.0 25.3 13:23 20.6 01:48 0.0 4.7 0.5 8.2 35.0 13:45 SE 14 22.6 25.3 15:34 20.6 23:37 0.0 4.3 2.5 6.5 24.0 11:38 W 15 23.3 27.5 15:24 19.7 02:49 0.0 5.0 0.0 6.3 23.0 07:11 N 16 22.3 25.9 13:22 19.8 23:31 0.0 4.0 8.6 6.6 37.0 16:13 NW 17 23.2 25.9 17:23 20.1 00:00 0.0 4.9 3.3 5.3 21.0 11:49 WNW 18 23.6 25.2 10:51 20.8 04:51 0.0 5.3 0.3 10.2 45.0 11:22 ESE 19 23.4 25.2 12:12 20.3 23:58 0.0 5.1 0.0 9.6 35.0 10:00 SE 20 21.4 24.9 10:27 19.2 18:32 0.0 3.1 43.9 7.5 31.0 10:52 E 21 20.9 23.1 09:11 19.2 00:13 0.0 2.6 29.0 9.2 43.0 04:00 ESE 22 21.6 23.7 12:29 18.1 01:40 0.0 3.3 88.9 13.8 45.0 09:07 SE 23 19.7 22.2 09:55 14.5 11:32 0.2 1.6 28.4 6.0 31.0 01:58 ENE 24 20.4 25.8 15:11 16.8 23:58 0.3 2.4 0.0 7.4 32.0 06:37 NNW 25 20.8 25.1 14:47 16.3 02:31 0.4 2.9 0.0 8.5 35.0 13:18 NNW 26 23.0 26.7 16:48 19.3 06:45 0.0 4.7 0.0 9.2 40.0 15:14 N 27 23.9 28.2 16:37 20.7 07:10 0.0 5.6 0.0 7.7 37.0 14:57 NNW 28 24.2 28.8 13:45 21.3 06:23 0.0 5.9 0.0 7.1 27.0 01:06 N 29 22.7 27.1 11:53 19.8 23:51 0.0 4.4 0.0 6.6 29.0 06:41 N 30 21.1 24.7 14:12 18.1 05:51 0.0 2.8 0.0 5.3 14.0 11:08 WNW ---------------------------------------------------------------------------------- 23.2 31.6 7 14.5 23 0.9 148.8 206.2 7.6 50.0 6 N Max >= 27.0 13 Max <= 5.0 0 Min <= 20.0 14 Min <= 0.0 0 Max Rain: 88.9 on day 22 Days of Rain: 10 (>= 0.2 mm) 7 (>= 2.0 mm) 4 (>= 20.0 mm) Heat Base: 18.3 Cool Base: 18.3 Method: Integration