Rapporti Climatici in stile NOAA
Selezionare un Anno o un Mese
2024: Gen Feb Mar Apr Mag Giu Lug Ago Set Ott Nov Dic
2023: Gen Feb Mar Apr Mag Giu Lug Ago Set Ott Nov Dic
2022: Gen Feb Mar Apr Mag Giu Lug Ago Set Ott Nov Dic
2021: Gen Feb Mar Apr Mag Giu Lug Ago Set Ott Nov Dic
2020: Gen Feb Mar Apr Mag Giu Lug Ago Set Ott Nov Dic
2019: Gen Feb Mar Apr Mag Giu Lug Ago Set Ott Nov Dic
2018: Gen Feb Mar Apr Mag Giu Lug Ago Set Ott Nov Dic
2017: Gen Feb Mar Apr Mag Giu Lug Ago Set Ott Nov Dic
2016: Gen Feb Mar Apr Mag Giu Lug Ago Set Ott Nov Dic
2015: Gen Feb Mar Apr Mag Giu Lug Ago Set Ott Nov Dic
2014: Gen Feb Mar Apr Mag Giu Lug Ago Set Ott Nov Dic
2013: Gen Feb Mar Apr Mag Giu Lug Ago Set Ott Nov Dic
2012: Gen Feb Mar Apr Mag Giu Lug Ago Set Ott Nov Dic
2011: Gen Feb Mar Apr Mag Giu Lug Ago Set Ott Nov Dic
2010: Gen Feb Mar Apr Mag Giu Lug Ago Set Ott Nov Dic
2009: Gen Feb Mar Apr Mag Giu Lug Ago Set Ott Nov Dic
2008: Gen Feb Mar Apr Mag Giu Lug Ago Set Ott Nov Dic
2007: Gen Feb Mar Apr Mag Giu Lug Ago Set Ott Nov Dic
2006: Gen Feb Mar Apr Mag Giu Lug Ago Set Ott Nov Dic
2024: Gen Feb Mar Apr Mag Giu Lug Ago Set Ott Nov Dic
2023: Gen Feb Mar Apr Mag Giu Lug Ago Set Ott Nov Dic
2022: Gen Feb Mar Apr Mag Giu Lug Ago Set Ott Nov Dic
2021: Gen Feb Mar Apr Mag Giu Lug Ago Set Ott Nov Dic
2020: Gen Feb Mar Apr Mag Giu Lug Ago Set Ott Nov Dic
2019: Gen Feb Mar Apr Mag Giu Lug Ago Set Ott Nov Dic
2018: Gen Feb Mar Apr Mag Giu Lug Ago Set Ott Nov Dic
2017: Gen Feb Mar Apr Mag Giu Lug Ago Set Ott Nov Dic
2016: Gen Feb Mar Apr Mag Giu Lug Ago Set Ott Nov Dic
2015: Gen Feb Mar Apr Mag Giu Lug Ago Set Ott Nov Dic
2014: Gen Feb Mar Apr Mag Giu Lug Ago Set Ott Nov Dic
2013: Gen Feb Mar Apr Mag Giu Lug Ago Set Ott Nov Dic
2012: Gen Feb Mar Apr Mag Giu Lug Ago Set Ott Nov Dic
2011: Gen Feb Mar Apr Mag Giu Lug Ago Set Ott Nov Dic
2010: Gen Feb Mar Apr Mag Giu Lug Ago Set Ott Nov Dic
2009: Gen Feb Mar Apr Mag Giu Lug Ago Set Ott Nov Dic
2008: Gen Feb Mar Apr Mag Giu Lug Ago Set Ott Nov Dic
2007: Gen Feb Mar Apr Mag Giu Lug Ago Set Ott Nov Dic
2006: Gen Feb Mar Apr Mag Giu Lug Ago Set Ott Nov Dic
Archivio 2023 Agosto
Monthly Climatological Summary for ago 2023 Name: San Fruttuoso City: Genova State: Italy Elevation: 70 m Lat: N 44° 24' 32" Lon: E 008° 57' 37" Temperature (°C), Rain (mm), Wind Speed (km/h) Heat Cool Avg Mean Deg Deg Wind Dom Day Temp High Time Low Time Days Days Rain Speed High Time Dir ---------------------------------------------------------------------------------- 01 23.8 26.2 14:50 20.8 03:31 0.0 5.5 0.0 11.6 42.0 11:39 SE 02 23.8 26.4 13:35 20.6 03:59 0.0 5.5 0.0 11.9 42.0 17:00 SE 03 25.1 27.9 15:26 23.7 02:14 0.0 6.8 0.0 16.2 45.0 19:42 SE 04 22.4 24.3 15:08 18.9 18:36 0.0 4.1 12.7 8.8 39.0 12:08 ESE 05 22.1 26.3 10:38 16.9 05:38 0.1 3.9 0.8 6.7 27.0 14:24 WSW 06 22.1 26.6 09:38 17.9 06:00 0.0 3.9 0.0 7.8 24.0 10:59 WSW 07 24.2 29.2 15:10 19.4 00:15 0.0 5.9 0.0 8.7 42.0 12:26 NW 08 22.3 25.3 16:28 18.9 05:38 0.0 4.0 0.0 8.9 31.0 09:25 WSW 09 21.8 24.4 14:47 18.1 05:45 0.0 3.5 0.0 7.8 24.0 12:46 WSW 10 22.4 25.5 17:40 18.1 05:58 0.0 4.1 0.0 6.8 24.0 13:36 W 11 25.1 28.3 18:08 20.2 05:08 0.0 6.8 0.0 6.1 23.0 06:49 SSW 12 26.6 29.3 15:01 23.0 05:57 0.0 8.3 0.0 5.4 19.0 13:23 WSW 13 26.1 29.8 17:45 22.8 05:54 0.0 7.8 0.0 5.7 21.0 10:47 SW 14 27.1 29.4 13:54 24.3 03:31 0.0 8.8 0.0 4.9 23.0 04:12 S 15 27.1 29.4 16:02 25.1 01:31 0.0 8.8 0.0 5.4 21.0 03:33 SSE 16 25.9 28.2 13:08 23.1 05:01 0.0 7.6 0.0 6.6 23.0 15:48 WSW 17 27.2 28.8 13:17 24.9 00:58 0.0 8.9 0.0 6.4 31.0 01:41 SE 18 27.5 30.6 18:13 23.9 06:03 0.0 9.2 0.0 4.8 21.0 12:08 SSW 19 28.1 30.6 08:23 24.6 04:51 0.0 9.8 0.0 6.0 23.0 12:41 SSW 20 29.5 32.7 09:44 25.9 04:59 0.0 11.2 0.0 5.6 35.0 06:58 S 21 31.1 35.9 11:42 26.7 02:59 0.0 12.8 0.0 5.9 27.0 06:42 NW 22 30.6 33.3 09:25 27.1 02:01 0.0 12.3 0.0 6.4 21.0 06:21 NW 23 31.3 34.1 09:10 27.9 02:29 0.0 13.0 0.0 5.9 26.0 04:55 WSW 24 29.3 32.9 17:00 26.2 05:40 0.0 11.0 0.0 5.9 19.0 10:35 SW 25 27.3 29.6 14:08 24.1 05:48 0.0 9.0 0.0 9.7 27.0 11:01 SSE 26 27.2 28.7 10:46 25.4 03:33 0.0 8.9 0.0 11.5 37.0 14:21 SE 27 24.8 27.3 14:23 19.2 23:58 0.0 6.5 112.0 10.2 71.0 20:53 SE 28 20.3 22.7 16:23 18.4 23:59 0.0 2.0 117.3 7.6 55.0 22:10 NNE 29 21.4 26.7 17:41 17.1 04:58 0.1 3.1 0.0 9.5 43.0 00:11 N 30 21.3 24.2 16:04 17.3 05:42 0.1 3.1 0.0 8.3 27.0 13:40 SE 31 21.5 23.9 12:42 19.4 05:26 0.0 3.2 7.4 7.3 29.0 11:23 SE ---------------------------------------------------------------------------------- 25.4 35.9 21 16.9 5 0.3 219.3 250.2 7.7 71.0 27 S Max >= 27.0 19 Max <= 5.0 0 Min <= 20.0 12 Min <= 0.0 0 Max Rain: 117.3 on day 28 Days of Rain: 5 (>= 0.2 mm) 4 (>= 2.0 mm) 2 (>= 20.0 mm) Heat Base: 18.3 Cool Base: 18.3 Method: Integration