Rapporti Climatici in stile NOAA
Selezionare un Anno o un Mese
2024: Gen Feb Mar Apr Mag Giu Lug Ago Set Ott Nov Dic
2023: Gen Feb Mar Apr Mag Giu Lug Ago Set Ott Nov Dic
2022: Gen Feb Mar Apr Mag Giu Lug Ago Set Ott Nov Dic
2021: Gen Feb Mar Apr Mag Giu Lug Ago Set Ott Nov Dic
2020: Gen Feb Mar Apr Mag Giu Lug Ago Set Ott Nov Dic
2019: Gen Feb Mar Apr Mag Giu Lug Ago Set Ott Nov Dic
2018: Gen Feb Mar Apr Mag Giu Lug Ago Set Ott Nov Dic
2017: Gen Feb Mar Apr Mag Giu Lug Ago Set Ott Nov Dic
2016: Gen Feb Mar Apr Mag Giu Lug Ago Set Ott Nov Dic
2015: Gen Feb Mar Apr Mag Giu Lug Ago Set Ott Nov Dic
2014: Gen Feb Mar Apr Mag Giu Lug Ago Set Ott Nov Dic
2013: Gen Feb Mar Apr Mag Giu Lug Ago Set Ott Nov Dic
2012: Gen Feb Mar Apr Mag Giu Lug Ago Set Ott Nov Dic
2011: Gen Feb Mar Apr Mag Giu Lug Ago Set Ott Nov Dic
2010: Gen Feb Mar Apr Mag Giu Lug Ago Set Ott Nov Dic
2009: Gen Feb Mar Apr Mag Giu Lug Ago Set Ott Nov Dic
2008: Gen Feb Mar Apr Mag Giu Lug Ago Set Ott Nov Dic
2007: Gen Feb Mar Apr Mag Giu Lug Ago Set Ott Nov Dic
2006: Gen Feb Mar Apr Mag Giu Lug Ago Set Ott Nov Dic
2024: Gen Feb Mar Apr Mag Giu Lug Ago Set Ott Nov Dic
2023: Gen Feb Mar Apr Mag Giu Lug Ago Set Ott Nov Dic
2022: Gen Feb Mar Apr Mag Giu Lug Ago Set Ott Nov Dic
2021: Gen Feb Mar Apr Mag Giu Lug Ago Set Ott Nov Dic
2020: Gen Feb Mar Apr Mag Giu Lug Ago Set Ott Nov Dic
2019: Gen Feb Mar Apr Mag Giu Lug Ago Set Ott Nov Dic
2018: Gen Feb Mar Apr Mag Giu Lug Ago Set Ott Nov Dic
2017: Gen Feb Mar Apr Mag Giu Lug Ago Set Ott Nov Dic
2016: Gen Feb Mar Apr Mag Giu Lug Ago Set Ott Nov Dic
2015: Gen Feb Mar Apr Mag Giu Lug Ago Set Ott Nov Dic
2014: Gen Feb Mar Apr Mag Giu Lug Ago Set Ott Nov Dic
2013: Gen Feb Mar Apr Mag Giu Lug Ago Set Ott Nov Dic
2012: Gen Feb Mar Apr Mag Giu Lug Ago Set Ott Nov Dic
2011: Gen Feb Mar Apr Mag Giu Lug Ago Set Ott Nov Dic
2010: Gen Feb Mar Apr Mag Giu Lug Ago Set Ott Nov Dic
2009: Gen Feb Mar Apr Mag Giu Lug Ago Set Ott Nov Dic
2008: Gen Feb Mar Apr Mag Giu Lug Ago Set Ott Nov Dic
2007: Gen Feb Mar Apr Mag Giu Lug Ago Set Ott Nov Dic
2006: Gen Feb Mar Apr Mag Giu Lug Ago Set Ott Nov Dic
Archivio 2023 Luglio
Monthly Climatological Summary for lug 2023 Name: San Fruttuoso City: Genova State: Italy Elevation: 70 m Lat: N 44° 24' 32" Lon: E 008° 57' 37" Temperature (°C), Rain (mm), Wind Speed (km/h) Heat Cool Avg Mean Deg Deg Wind Dom Day Temp High Time Low Time Days Days Rain Speed High Time Dir ---------------------------------------------------------------------------------- 01 22.7 25.5 14:36 20.1 05:09 0.0 4.4 0.0 6.7 26.0 00:20 SSW 02 23.0 25.7 11:19 19.2 05:15 0.0 4.7 0.0 7.4 26.0 12:44 SSW 03 23.0 25.5 14:39 19.8 05:17 0.0 4.7 0.0 7.4 27.0 09:01 SSW 04 23.6 26.3 14:09 21.2 03:20 0.0 5.3 0.0 5.7 19.0 13:04 SW 05 23.8 25.9 14:24 21.6 01:06 0.0 5.5 0.0 9.2 32.0 17:00 SE 06 23.9 25.9 10:11 21.0 05:37 0.0 5.6 0.3 6.9 39.0 11:28 SE 07 26.0 29.4 12:03 21.6 05:22 0.0 7.7 0.0 5.4 24.0 01:57 NE 08 28.5 32.1 15:21 24.7 03:51 0.0 10.2 0.0 6.3 23.0 12:14 NW 09 29.3 32.4 18:35 26.1 03:09 0.0 11.0 0.0 5.7 21.0 04:38 WNW 10 28.0 31.2 15:14 24.4 04:18 0.0 9.7 0.0 6.9 18.0 00:48 W 11 26.6 29.2 16:23 23.7 05:27 0.0 8.3 0.0 8.2 26.0 11:42 S 12 27.3 29.6 13:37 26.2 22:11 0.0 9.0 0.0 11.4 40.0 20:53 SE 13 26.0 28.8 12:55 21.1 08:06 0.0 7.7 5.8 8.9 39.0 07:42 SE 14 26.1 28.3 14:56 22.9 05:29 0.0 7.8 0.0 6.8 23.0 09:37 SW 15 25.5 28.3 15:37 22.2 05:36 0.0 7.2 0.0 7.1 26.0 12:09 SW 16 25.9 28.5 15:26 21.9 05:19 0.0 7.6 0.0 10.1 35.0 15:14 SSE 17 25.9 28.1 13:32 22.6 05:39 0.0 7.6 0.0 8.8 24.0 12:10 S 18 26.3 28.4 13:34 23.4 05:03 0.0 8.0 0.0 7.8 27.0 14:06 S 19 26.4 28.5 13:27 23.7 05:00 0.0 8.1 0.0 7.4 29.0 12:39 SSE 20 27.1 29.6 09:29 23.9 04:44 0.0 8.8 0.0 9.2 31.0 14:02 SSE 21 26.4 28.3 11:49 24.9 17:20 0.0 8.1 1.3 9.0 43.0 09:46 SE 22 26.1 28.3 09:58 22.7 05:52 0.0 7.8 0.0 9.4 37.0 18:42 SE 23 26.0 27.9 11:57 22.8 05:50 0.0 7.7 0.0 10.3 40.0 12:08 SE 24 26.7 30.9 14:25 22.5 02:33 0.0 8.4 1.8 10.0 35.0 14:37 ESE 25 25.8 27.3 00:05 23.5 23:37 0.0 7.5 2.0 9.8 42.0 06:52 SE 26 25.6 30.7 15:10 21.6 23:54 0.0 7.3 0.0 8.3 40.0 10:22 NW 27 23.4 26.7 10:12 19.1 05:02 0.0 5.1 0.0 9.1 29.0 13:58 SW 28 23.1 25.6 12:27 20.2 02:35 0.0 4.8 0.5 11.2 32.0 13:07 SSE 29 23.7 25.4 14:35 22.8 05:01 0.0 5.4 0.0 8.6 31.0 17:16 S 30 24.7 26.9 12:25 22.6 00:52 0.0 6.4 1.0 7.1 32.0 09:23 SE 31 24.8 27.8 14:01 21.9 05:26 0.0 6.5 0.0 8.4 29.0 10:52 S ---------------------------------------------------------------------------------- 25.5 32.4 9 19.1 27 0.0 223.9 12.7 8.2 43.0 21 SSE Max >= 27.0 21 Max <= 5.0 0 Min <= 20.0 3 Min <= 0.0 0 Max Rain: 5.8 on day 13 Days of Rain: 7 (>= 0.2 mm) 2 (>= 2.0 mm) 0 (>= 20.0 mm) Heat Base: 18.3 Cool Base: 18.3 Method: Integration