Rapporti Climatici in stile NOAA
Selezionare un Anno o un Mese
2024: Gen Feb Mar Apr Mag Giu Lug Ago Set Ott Nov Dic
2023: Gen Feb Mar Apr Mag Giu Lug Ago Set Ott Nov Dic
2022: Gen Feb Mar Apr Mag Giu Lug Ago Set Ott Nov Dic
2021: Gen Feb Mar Apr Mag Giu Lug Ago Set Ott Nov Dic
2020: Gen Feb Mar Apr Mag Giu Lug Ago Set Ott Nov Dic
2019: Gen Feb Mar Apr Mag Giu Lug Ago Set Ott Nov Dic
2018: Gen Feb Mar Apr Mag Giu Lug Ago Set Ott Nov Dic
2017: Gen Feb Mar Apr Mag Giu Lug Ago Set Ott Nov Dic
2016: Gen Feb Mar Apr Mag Giu Lug Ago Set Ott Nov Dic
2015: Gen Feb Mar Apr Mag Giu Lug Ago Set Ott Nov Dic
2014: Gen Feb Mar Apr Mag Giu Lug Ago Set Ott Nov Dic
2013: Gen Feb Mar Apr Mag Giu Lug Ago Set Ott Nov Dic
2012: Gen Feb Mar Apr Mag Giu Lug Ago Set Ott Nov Dic
2011: Gen Feb Mar Apr Mag Giu Lug Ago Set Ott Nov Dic
2010: Gen Feb Mar Apr Mag Giu Lug Ago Set Ott Nov Dic
2009: Gen Feb Mar Apr Mag Giu Lug Ago Set Ott Nov Dic
2008: Gen Feb Mar Apr Mag Giu Lug Ago Set Ott Nov Dic
2007: Gen Feb Mar Apr Mag Giu Lug Ago Set Ott Nov Dic
2006: Gen Feb Mar Apr Mag Giu Lug Ago Set Ott Nov Dic
2024: Gen Feb Mar Apr Mag Giu Lug Ago Set Ott Nov Dic
2023: Gen Feb Mar Apr Mag Giu Lug Ago Set Ott Nov Dic
2022: Gen Feb Mar Apr Mag Giu Lug Ago Set Ott Nov Dic
2021: Gen Feb Mar Apr Mag Giu Lug Ago Set Ott Nov Dic
2020: Gen Feb Mar Apr Mag Giu Lug Ago Set Ott Nov Dic
2019: Gen Feb Mar Apr Mag Giu Lug Ago Set Ott Nov Dic
2018: Gen Feb Mar Apr Mag Giu Lug Ago Set Ott Nov Dic
2017: Gen Feb Mar Apr Mag Giu Lug Ago Set Ott Nov Dic
2016: Gen Feb Mar Apr Mag Giu Lug Ago Set Ott Nov Dic
2015: Gen Feb Mar Apr Mag Giu Lug Ago Set Ott Nov Dic
2014: Gen Feb Mar Apr Mag Giu Lug Ago Set Ott Nov Dic
2013: Gen Feb Mar Apr Mag Giu Lug Ago Set Ott Nov Dic
2012: Gen Feb Mar Apr Mag Giu Lug Ago Set Ott Nov Dic
2011: Gen Feb Mar Apr Mag Giu Lug Ago Set Ott Nov Dic
2010: Gen Feb Mar Apr Mag Giu Lug Ago Set Ott Nov Dic
2009: Gen Feb Mar Apr Mag Giu Lug Ago Set Ott Nov Dic
2008: Gen Feb Mar Apr Mag Giu Lug Ago Set Ott Nov Dic
2007: Gen Feb Mar Apr Mag Giu Lug Ago Set Ott Nov Dic
2006: Gen Feb Mar Apr Mag Giu Lug Ago Set Ott Nov Dic
Archivio 2023 Febbraio
Monthly Climatological Summary for feb 2023 Name: San Fruttuoso City: Genova State: Italy Elevation: 70 m Lat: N 44° 24' 32" Lon: E 008° 57' 37" Temperature (°C), Rain (mm), Wind Speed (km/h) Heat Cool Avg Mean Deg Deg Wind Dom Day Temp High Time Low Time Days Days Rain Speed High Time Dir ---------------------------------------------------------------------------------- 01 10.3 13.9 14:52 7.8 00:12 8.0 0.0 0.0 5.4 23.0 11:57 WNW 02 9.7 13.9 15:39 6.6 07:13 8.6 0.0 0.0 7.5 19.0 07:07 NW 03 10.2 12.9 16:19 6.7 01:13 8.1 0.0 0.0 6.7 21.0 13:49 NNW 04 11.1 13.7 23:59 8.4 08:10 7.2 0.0 0.0 5.2 23.0 23:51 NW 05 9.2 13.9 00:26 7.3 08:24 9.1 0.0 0.0 6.6 27.0 08:13 N 06 7.3 10.0 13:42 4.6 07:02 11.0 0.0 0.0 7.2 34.0 16:31 N 07 5.4 7.8 15:12 2.5 08:05 12.9 0.0 0.0 8.8 48.0 13:06 NNW 08 4.5 8.8 16:40 1.4 07:54 13.8 0.0 0.0 8.7 39.0 13:53 N 09 3.7 7.6 13:32 0.8 06:21 14.6 0.0 0.0 8.4 39.0 10:30 N 10 6.3 12.3 14:31 2.6 04:25 12.0 0.0 0.0 7.7 34.0 01:34 N 11 7.6 11.8 16:16 4.1 08:34 10.7 0.0 0.0 7.2 29.0 01:01 NNW 12 8.0 12.4 15:06 4.1 04:35 10.3 0.0 0.0 8.3 19.0 01:11 NW 13 10.3 14.4 12:04 5.9 01:22 8.0 0.0 0.0 7.9 37.0 05:24 NNE 14 9.1 13.4 13:43 5.1 07:31 9.2 0.0 0.0 6.4 16.0 02:55 NW 15 9.7 13.3 16:22 5.3 07:23 8.6 0.0 0.0 5.6 16.0 03:19 WNW 16 11.4 12.8 13:17 10.1 03:46 6.9 0.0 0.0 8.3 31.0 16:09 SE 17 12.0 12.7 15:48 11.2 06:30 6.3 0.0 0.0 4.3 19.0 12:26 SSE 18 12.2 13.2 13:55 11.1 01:05 6.1 0.0 0.0 7.6 24.0 14:05 SE 19 12.3 14.1 13:33 11.3 04:45 6.0 0.0 0.3 7.6 29.0 01:31 SE 20 13.1 15.4 11:37 10.8 23:59 5.2 0.0 0.0 4.8 19.0 12:13 SW 21 12.5 13.1 09:40 10.4 00:36 5.8 0.0 0.0 6.9 24.0 07:31 SE 22 12.1 13.2 12:49 10.7 22:22 6.2 0.0 8.9 3.2 23.0 18:03 N 23 11.4 13.7 14:27 9.8 23:39 6.9 0.0 1.0 3.9 16.0 12:44 NNW 24 12.1 14.6 12:46 9.5 01:14 6.2 0.0 0.3 7.4 39.0 12:50 ESE 25 12.9 13.4 00:44 11.1 08:52 5.4 0.0 0.0 6.1 29.0 01:46 SE 26 9.5 12.9 00:25 5.8 23:49 8.8 0.0 0.3 7.0 55.0 21:03 NE 27 5.7 7.4 16:03 3.9 05:45 12.6 0.0 1.3 9.2 35.0 11:25 N 28 7.0 11.6 14:19 4.9 07:22 11.3 0.0 0.0 11.5 45.0 14:29 N ---------------------------------------------------------------------------------- 9.5 15.4 20 0.8 9 245.8 0.0 12.1 7.0 55.0 26 N Max >= 27.0 0 Max <= 5.0 0 Min <= 20.0 28 Min <= 0.0 0 Max Rain: 8.9 on day 22 Days of Rain: 6 (>= 0.2 mm) 1 (>= 2.0 mm) 0 (>= 20.0 mm) Heat Base: 18.3 Cool Base: 18.3 Method: Integration