Rapporti Climatici in stile NOAA
Selezionare un Anno o un Mese
2024: Gen Feb Mar Apr Mag Giu Lug Ago Set Ott Nov Dic
2023: Gen Feb Mar Apr Mag Giu Lug Ago Set Ott Nov Dic
2022: Gen Feb Mar Apr Mag Giu Lug Ago Set Ott Nov Dic
2021: Gen Feb Mar Apr Mag Giu Lug Ago Set Ott Nov Dic
2020: Gen Feb Mar Apr Mag Giu Lug Ago Set Ott Nov Dic
2019: Gen Feb Mar Apr Mag Giu Lug Ago Set Ott Nov Dic
2018: Gen Feb Mar Apr Mag Giu Lug Ago Set Ott Nov Dic
2017: Gen Feb Mar Apr Mag Giu Lug Ago Set Ott Nov Dic
2016: Gen Feb Mar Apr Mag Giu Lug Ago Set Ott Nov Dic
2015: Gen Feb Mar Apr Mag Giu Lug Ago Set Ott Nov Dic
2014: Gen Feb Mar Apr Mag Giu Lug Ago Set Ott Nov Dic
2013: Gen Feb Mar Apr Mag Giu Lug Ago Set Ott Nov Dic
2012: Gen Feb Mar Apr Mag Giu Lug Ago Set Ott Nov Dic
2011: Gen Feb Mar Apr Mag Giu Lug Ago Set Ott Nov Dic
2010: Gen Feb Mar Apr Mag Giu Lug Ago Set Ott Nov Dic
2009: Gen Feb Mar Apr Mag Giu Lug Ago Set Ott Nov Dic
2008: Gen Feb Mar Apr Mag Giu Lug Ago Set Ott Nov Dic
2007: Gen Feb Mar Apr Mag Giu Lug Ago Set Ott Nov Dic
2006: Gen Feb Mar Apr Mag Giu Lug Ago Set Ott Nov Dic
2024: Gen Feb Mar Apr Mag Giu Lug Ago Set Ott Nov Dic
2023: Gen Feb Mar Apr Mag Giu Lug Ago Set Ott Nov Dic
2022: Gen Feb Mar Apr Mag Giu Lug Ago Set Ott Nov Dic
2021: Gen Feb Mar Apr Mag Giu Lug Ago Set Ott Nov Dic
2020: Gen Feb Mar Apr Mag Giu Lug Ago Set Ott Nov Dic
2019: Gen Feb Mar Apr Mag Giu Lug Ago Set Ott Nov Dic
2018: Gen Feb Mar Apr Mag Giu Lug Ago Set Ott Nov Dic
2017: Gen Feb Mar Apr Mag Giu Lug Ago Set Ott Nov Dic
2016: Gen Feb Mar Apr Mag Giu Lug Ago Set Ott Nov Dic
2015: Gen Feb Mar Apr Mag Giu Lug Ago Set Ott Nov Dic
2014: Gen Feb Mar Apr Mag Giu Lug Ago Set Ott Nov Dic
2013: Gen Feb Mar Apr Mag Giu Lug Ago Set Ott Nov Dic
2012: Gen Feb Mar Apr Mag Giu Lug Ago Set Ott Nov Dic
2011: Gen Feb Mar Apr Mag Giu Lug Ago Set Ott Nov Dic
2010: Gen Feb Mar Apr Mag Giu Lug Ago Set Ott Nov Dic
2009: Gen Feb Mar Apr Mag Giu Lug Ago Set Ott Nov Dic
2008: Gen Feb Mar Apr Mag Giu Lug Ago Set Ott Nov Dic
2007: Gen Feb Mar Apr Mag Giu Lug Ago Set Ott Nov Dic
2006: Gen Feb Mar Apr Mag Giu Lug Ago Set Ott Nov Dic
Archivio 2022 Agosto
Monthly Climatological Summary for ago 2022 Name: San Fruttuoso City: Genova State: Italy Elevation: 70 m Lat: N 44° 24' 32" Lon: E 008° 57' 37" Temperature (°C), Rain (mm), Wind Speed (km/h) Heat Cool Avg Mean Deg Deg Wind Dom Day Temp High Time Low Time Days Days Rain Speed High Time Dir ---------------------------------------------------------------------------------- 01 27.1 30.4 17:35 23.1 05:58 0.0 8.8 0.0 7.6 21.0 11:05 WSW 02 27.5 31.1 14:11 23.1 05:25 0.0 9.2 0.0 7.4 19.0 13:04 W 03 29.1 31.8 13:29 25.9 01:07 0.0 10.8 0.0 6.2 26.0 02:12 WSW 04 28.9 31.8 09:56 25.2 05:45 0.0 10.6 0.0 6.0 26.0 14:27 SSW 05 27.5 29.9 16:21 24.2 06:06 0.0 9.2 0.0 7.1 23.0 11:48 SSW 06 27.6 29.7 15:48 23.9 04:55 0.0 9.3 0.0 6.4 23.0 11:21 SW 07 27.4 32.8 14:29 20.7 03:42 0.0 9.1 10.9 9.7 45.0 07:31 NNW 08 28.0 33.3 17:41 23.4 05:10 0.0 9.7 0.0 9.2 37.0 00:13 NNW 09 28.6 32.1 11:40 25.3 01:57 0.0 10.3 0.0 8.0 31.0 14:26 NNW 10 28.1 31.3 13:54 24.0 05:42 0.0 9.8 0.0 6.5 24.0 15:30 W 11 27.5 31.7 12:48 23.4 05:50 0.0 9.2 0.0 7.3 26.0 12:52 NW 12 26.1 28.7 12:46 23.2 05:39 0.0 7.8 0.0 8.3 29.0 08:48 S 13 24.8 29.0 13:21 20.9 03:44 0.0 6.5 3.0 7.0 27.0 11:11 NW 14 24.4 27.4 10:26 20.8 06:10 0.0 6.1 0.3 6.8 24.0 11:23 WSW 15 25.4 27.8 14:56 21.8 03:04 0.0 7.1 0.0 10.4 37.0 10:13 SE 16 25.5 27.9 15:34 22.8 05:43 0.0 7.2 6.3 6.5 37.0 01:43 SSE 17 24.2 26.4 09:24 21.9 05:00 0.0 5.9 1.8 6.4 26.0 22:26 NW 18 23.1 26.8 18:22 18.8 10:42 0.0 4.8 41.4 8.4 37.0 05:20 NNW 19 23.9 28.3 14:50 21.6 06:17 0.0 5.6 0.0 8.8 35.0 01:39 NW 20 24.4 28.4 17:29 20.0 04:53 0.0 6.1 0.0 7.1 23.0 11:45 WNW 21 24.2 27.5 15:34 20.1 05:39 0.0 5.9 0.0 7.4 24.0 13:35 W 22 24.5 27.7 13:29 20.7 06:13 0.0 6.2 0.0 7.3 26.0 14:40 WSW 23 25.4 28.8 09:20 21.2 04:53 0.0 7.2 0.0 7.0 23.0 13:26 WSW 24 25.3 27.8 09:47 21.6 05:05 0.0 7.0 0.0 7.5 23.0 12:45 W 25 26.2 29.4 11:42 23.0 02:27 0.0 7.9 0.0 6.3 21.0 12:31 W 26 24.8 27.6 13:34 21.4 05:59 0.0 6.5 0.0 6.4 19.0 10:45 WNW 27 25.0 27.7 14:48 22.1 06:10 0.0 6.7 0.0 7.1 21.0 13:16 W 28 24.8 27.2 13:32 22.5 03:46 0.0 6.5 0.0 7.4 29.0 12:35 SW 29 25.0 27.4 14:02 21.9 05:18 0.0 6.7 0.0 7.2 24.0 10:46 WSW 30 24.0 26.7 12:25 22.3 23:49 0.0 5.7 2.0 5.5 21.0 11:51 NW 31 24.0 26.5 16:47 21.0 05:59 0.0 5.7 0.5 7.3 27.0 14:36 S ---------------------------------------------------------------------------------- 25.9 33.3 8 18.8 18 0.0 235.1 66.2 7.3 45.0 7 W Max >= 27.0 27 Max <= 5.0 0 Min <= 20.0 2 Min <= 0.0 0 Max Rain: 41.4 on day 18 Days of Rain: 8 (>= 0.2 mm) 5 (>= 2.0 mm) 1 (>= 20.0 mm) Heat Base: 18.3 Cool Base: 18.3 Method: Integration