Rapporti Climatici in stile NOAA
Selezionare un Anno o un Mese
2024: Gen Feb Mar Apr Mag Giu Lug Ago Set Ott Nov Dic
2023: Gen Feb Mar Apr Mag Giu Lug Ago Set Ott Nov Dic
2022: Gen Feb Mar Apr Mag Giu Lug Ago Set Ott Nov Dic
2021: Gen Feb Mar Apr Mag Giu Lug Ago Set Ott Nov Dic
2020: Gen Feb Mar Apr Mag Giu Lug Ago Set Ott Nov Dic
2019: Gen Feb Mar Apr Mag Giu Lug Ago Set Ott Nov Dic
2018: Gen Feb Mar Apr Mag Giu Lug Ago Set Ott Nov Dic
2017: Gen Feb Mar Apr Mag Giu Lug Ago Set Ott Nov Dic
2016: Gen Feb Mar Apr Mag Giu Lug Ago Set Ott Nov Dic
2015: Gen Feb Mar Apr Mag Giu Lug Ago Set Ott Nov Dic
2014: Gen Feb Mar Apr Mag Giu Lug Ago Set Ott Nov Dic
2013: Gen Feb Mar Apr Mag Giu Lug Ago Set Ott Nov Dic
2012: Gen Feb Mar Apr Mag Giu Lug Ago Set Ott Nov Dic
2011: Gen Feb Mar Apr Mag Giu Lug Ago Set Ott Nov Dic
2010: Gen Feb Mar Apr Mag Giu Lug Ago Set Ott Nov Dic
2009: Gen Feb Mar Apr Mag Giu Lug Ago Set Ott Nov Dic
2008: Gen Feb Mar Apr Mag Giu Lug Ago Set Ott Nov Dic
2007: Gen Feb Mar Apr Mag Giu Lug Ago Set Ott Nov Dic
2006: Gen Feb Mar Apr Mag Giu Lug Ago Set Ott Nov Dic
2024: Gen Feb Mar Apr Mag Giu Lug Ago Set Ott Nov Dic
2023: Gen Feb Mar Apr Mag Giu Lug Ago Set Ott Nov Dic
2022: Gen Feb Mar Apr Mag Giu Lug Ago Set Ott Nov Dic
2021: Gen Feb Mar Apr Mag Giu Lug Ago Set Ott Nov Dic
2020: Gen Feb Mar Apr Mag Giu Lug Ago Set Ott Nov Dic
2019: Gen Feb Mar Apr Mag Giu Lug Ago Set Ott Nov Dic
2018: Gen Feb Mar Apr Mag Giu Lug Ago Set Ott Nov Dic
2017: Gen Feb Mar Apr Mag Giu Lug Ago Set Ott Nov Dic
2016: Gen Feb Mar Apr Mag Giu Lug Ago Set Ott Nov Dic
2015: Gen Feb Mar Apr Mag Giu Lug Ago Set Ott Nov Dic
2014: Gen Feb Mar Apr Mag Giu Lug Ago Set Ott Nov Dic
2013: Gen Feb Mar Apr Mag Giu Lug Ago Set Ott Nov Dic
2012: Gen Feb Mar Apr Mag Giu Lug Ago Set Ott Nov Dic
2011: Gen Feb Mar Apr Mag Giu Lug Ago Set Ott Nov Dic
2010: Gen Feb Mar Apr Mag Giu Lug Ago Set Ott Nov Dic
2009: Gen Feb Mar Apr Mag Giu Lug Ago Set Ott Nov Dic
2008: Gen Feb Mar Apr Mag Giu Lug Ago Set Ott Nov Dic
2007: Gen Feb Mar Apr Mag Giu Lug Ago Set Ott Nov Dic
2006: Gen Feb Mar Apr Mag Giu Lug Ago Set Ott Nov Dic
Archivio 2021 Ottobre
Monthly Climatological Summary for ott 2021 Name: San Fruttuoso City: Genova State: Italy Elevation: 70 m Lat: N 44° 24' 32" Lon: E 008° 57' 37" Temperature (°C), Rain (mm), Wind Speed (km/h) Heat Cool Avg Mean Deg Deg Wind Dom Day Temp High Time Low Time Days Days Rain Speed High Time Dir ---------------------------------------------------------------------------------- 01 21.0 25.0 16:30 17.8 06:40 0.0 2.7 0.0 7.1 27.0 00:38 N 02 20.6 24.1 11:40 17.8 07:21 0.0 2.3 0.0 7.5 23.0 12:34 NW 03 20.7 22.9 14:22 17.7 05:05 0.0 2.5 111.5 10.4 40.0 11:08 ESE 04 21.8 23.4 11:12 19.0 19:23 0.0 3.5 16.5 15.0 55.0 19:08 ESE 05 19.3 21.1 18:16 17.1 09:55 0.1 1.1 9.4 15.7 47.0 06:32 SSE 06 18.7 21.1 13:49 16.1 07:58 0.3 0.7 1.3 7.1 53.0 15:13 N 07 17.9 23.3 15:24 14.8 05:41 1.2 0.8 0.0 5.8 32.0 11:46 NNW 08 18.7 21.6 16:18 15.2 07:21 0.6 1.0 0.0 5.3 31.0 13:05 N 09 17.5 21.3 15:52 14.2 23:59 1.3 0.5 0.0 6.1 39.0 12:49 NNW 10 15.8 19.4 15:21 12.8 04:05 2.6 0.2 0.0 7.7 37.0 12:42 NNW 11 16.8 21.1 13:40 13.6 23:53 2.1 0.6 0.0 7.0 27.0 05:03 N 12 16.5 20.2 12:11 12.7 05:45 2.2 0.4 0.0 7.6 24.0 12:53 NW 13 17.1 21.8 16:06 13.4 07:25 1.9 0.7 0.0 8.4 39.0 11:50 NNW 14 15.3 19.3 15:53 11.7 03:25 3.0 0.1 0.0 7.5 32.0 12:13 NW 15 15.0 19.8 14:55 11.3 04:35 3.4 0.2 0.0 5.8 21.0 16:43 NNW 18 17.6 22.1 14:49 12.4 06:36 2.9 0.7 0.0 6.8 34.0 00:54 NNW 19 16.1 19.9 13:21 12.5 04:08 2.4 0.2 0.0 5.2 16.0 00:09 NW 20 18.3 19.8 14:01 16.3 01:30 0.4 0.4 1.0 10.6 42.0 23:09 SSE 21 19.0 19.8 14:12 17.6 00:14 0.0 0.7 0.3 12.6 42.0 06:15 SE 22 17.9 21.0 14:10 14.6 23:26 1.0 0.6 0.0 6.0 21.0 05:18 NNW 23 15.9 18.7 12:05 14.2 02:55 2.4 0.0 0.0 7.9 32.0 14:39 N 24 15.6 18.7 16:23 13.7 07:14 2.7 0.0 0.0 10.0 40.0 14:28 N 25 14.2 17.7 15:00 12.7 07:35 4.1 0.0 0.0 9.0 40.0 03:50 N 26 14.0 19.2 14:52 10.6 06:58 4.3 0.0 0.0 7.4 34.0 00:07 N 27 15.3 19.6 14:41 11.5 04:36 3.1 0.1 0.0 9.0 40.0 03:27 NNE 28 15.7 19.2 15:07 13.4 06:52 2.7 0.1 0.0 6.2 26.0 03:33 NNE 29 14.8 18.5 13:30 12.4 07:11 3.5 0.0 0.0 7.2 35.0 04:57 NNE 30 13.0 14.7 09:19 11.3 23:57 5.3 0.0 4.1 8.3 37.0 20:59 NNE 31 12.5 13.9 12:51 11.3 00:00 5.8 0.0 1.3 9.4 34.0 01:38 NNE ---------------------------------------------------------------------------------- 17.0 25.0 1 10.6 26 59.3 20.1 145.4 8.3 55.0 4 N Max >= 27.0 0 Max <= 5.0 0 Min <= 20.0 29 Min <= 0.0 0 Max Rain: 111.5 on day 3 Days of Rain: 8 (>= 0.2 mm) 4 (>= 2.0 mm) 1 (>= 20.0 mm) Heat Base: 18.3 Cool Base: 18.3 Method: Integration