Rapporti Climatici in stile NOAA
Selezionare un Anno o un Mese
2024: Gen Feb Mar Apr Mag Giu Lug Ago Set Ott Nov Dic
2023: Gen Feb Mar Apr Mag Giu Lug Ago Set Ott Nov Dic
2022: Gen Feb Mar Apr Mag Giu Lug Ago Set Ott Nov Dic
2021: Gen Feb Mar Apr Mag Giu Lug Ago Set Ott Nov Dic
2020: Gen Feb Mar Apr Mag Giu Lug Ago Set Ott Nov Dic
2019: Gen Feb Mar Apr Mag Giu Lug Ago Set Ott Nov Dic
2018: Gen Feb Mar Apr Mag Giu Lug Ago Set Ott Nov Dic
2017: Gen Feb Mar Apr Mag Giu Lug Ago Set Ott Nov Dic
2016: Gen Feb Mar Apr Mag Giu Lug Ago Set Ott Nov Dic
2015: Gen Feb Mar Apr Mag Giu Lug Ago Set Ott Nov Dic
2014: Gen Feb Mar Apr Mag Giu Lug Ago Set Ott Nov Dic
2013: Gen Feb Mar Apr Mag Giu Lug Ago Set Ott Nov Dic
2012: Gen Feb Mar Apr Mag Giu Lug Ago Set Ott Nov Dic
2011: Gen Feb Mar Apr Mag Giu Lug Ago Set Ott Nov Dic
2010: Gen Feb Mar Apr Mag Giu Lug Ago Set Ott Nov Dic
2009: Gen Feb Mar Apr Mag Giu Lug Ago Set Ott Nov Dic
2008: Gen Feb Mar Apr Mag Giu Lug Ago Set Ott Nov Dic
2007: Gen Feb Mar Apr Mag Giu Lug Ago Set Ott Nov Dic
2006: Gen Feb Mar Apr Mag Giu Lug Ago Set Ott Nov Dic
2024: Gen Feb Mar Apr Mag Giu Lug Ago Set Ott Nov Dic
2023: Gen Feb Mar Apr Mag Giu Lug Ago Set Ott Nov Dic
2022: Gen Feb Mar Apr Mag Giu Lug Ago Set Ott Nov Dic
2021: Gen Feb Mar Apr Mag Giu Lug Ago Set Ott Nov Dic
2020: Gen Feb Mar Apr Mag Giu Lug Ago Set Ott Nov Dic
2019: Gen Feb Mar Apr Mag Giu Lug Ago Set Ott Nov Dic
2018: Gen Feb Mar Apr Mag Giu Lug Ago Set Ott Nov Dic
2017: Gen Feb Mar Apr Mag Giu Lug Ago Set Ott Nov Dic
2016: Gen Feb Mar Apr Mag Giu Lug Ago Set Ott Nov Dic
2015: Gen Feb Mar Apr Mag Giu Lug Ago Set Ott Nov Dic
2014: Gen Feb Mar Apr Mag Giu Lug Ago Set Ott Nov Dic
2013: Gen Feb Mar Apr Mag Giu Lug Ago Set Ott Nov Dic
2012: Gen Feb Mar Apr Mag Giu Lug Ago Set Ott Nov Dic
2011: Gen Feb Mar Apr Mag Giu Lug Ago Set Ott Nov Dic
2010: Gen Feb Mar Apr Mag Giu Lug Ago Set Ott Nov Dic
2009: Gen Feb Mar Apr Mag Giu Lug Ago Set Ott Nov Dic
2008: Gen Feb Mar Apr Mag Giu Lug Ago Set Ott Nov Dic
2007: Gen Feb Mar Apr Mag Giu Lug Ago Set Ott Nov Dic
2006: Gen Feb Mar Apr Mag Giu Lug Ago Set Ott Nov Dic
Archivio 2021 Maggio
Monthly Climatological Summary for mag 2021 Name: San Fruttuoso City: Genova State: Italy Elevation: 70 m Lat: N 44° 24' 32" Lon: E 008° 57' 37" Temperature (°C), Rain (mm), Wind Speed (km/h) Heat Cool Avg Mean Deg Deg Wind Dom Day Temp High Time Low Time Days Days Rain Speed High Time Dir ---------------------------------------------------------------------------------- 01 14.8 19.3 13:30 11.9 03:21 3.5 0.0 3.3 5.7 27.0 23:06 WNW 02 15.2 17.1 15:30 13.2 04:43 3.1 0.0 0.8 10.6 42.0 14:56 SE 03 14.7 17.3 09:48 11.1 23:56 3.6 0.0 0.0 8.7 37.0 17:44 SE 04 13.1 16.4 13:02 8.8 05:21 5.2 0.0 0.0 10.8 32.0 23:28 SSE 05 15.2 17.3 14:25 13.4 00:00 3.1 0.0 1.3 12.0 43.0 10:10 ESE 06 15.0 17.7 10:33 11.9 05:16 3.3 0.0 1.3 13.6 47.0 11:57 ESE 07 16.8 19.9 15:05 14.8 23:49 1.6 0.1 0.3 11.7 42.0 15:32 ESE 08 16.7 21.2 13:52 12.3 05:32 2.0 0.4 0.0 7.2 31.0 14:01 NW 09 18.7 22.3 18:44 14.5 01:55 1.0 1.4 0.0 5.3 24.0 04:50 SSE 10 18.0 21.2 16:46 14.6 05:22 0.8 0.5 0.5 9.2 39.0 22:30 SE 11 15.2 18.1 01:02 12.9 23:21 3.1 0.0 45.0 11.6 45.0 05:22 SE 12 15.2 18.4 11:12 12.5 05:48 3.1 0.0 0.0 9.0 37.0 16:48 SE 13 15.6 17.2 12:33 12.9 23:59 2.7 0.0 0.0 7.7 39.0 15:58 SE 14 13.4 16.6 10:40 10.6 00:00 4.9 0.0 24.4 8.9 34.0 14:35 SE 15 13.6 16.1 12:06 9.5 04:56 4.7 0.0 0.0 12.0 35.0 16:37 ESE 16 15.8 16.2 21:21 15.3 02:07 2.5 0.0 0.8 13.9 42.0 13:56 ESE 17 16.6 20.7 17:02 13.1 23:56 1.9 0.2 0.0 7.0 26.0 00:16 SE 18 15.0 18.3 11:08 10.6 05:14 3.3 0.0 0.0 10.7 51.0 13:01 ESE 19 17.0 22.4 12:33 12.1 03:46 1.9 0.6 0.0 7.5 35.0 08:46 NW 20 16.2 21.9 11:16 10.7 05:05 2.5 0.4 0.0 8.3 34.0 12:46 WNW 21 15.4 17.2 11:26 12.3 04:15 2.9 0.0 0.0 13.4 40.0 10:28 SE 22 16.8 18.7 16:26 15.5 06:44 1.5 0.0 0.0 13.5 40.0 01:54 SE 23 17.0 18.6 15:00 15.1 23:57 1.3 0.0 0.0 11.1 32.0 09:23 SE 24 14.3 16.2 18:15 13.3 12:32 4.0 0.0 28.4 5.3 35.0 14:59 NNW 25 16.3 18.5 14:41 13.4 05:16 2.0 0.0 0.0 9.1 35.0 17:42 SE 26 15.7 18.2 12:50 12.1 04:36 2.6 0.0 0.0 7.8 27.0 10:30 S 27 15.9 18.4 16:30 12.3 05:24 2.4 0.0 0.0 7.4 29.0 11:21 S 28 17.4 21.2 15:58 13.1 05:28 1.5 0.6 0.0 6.2 21.0 14:52 WSW 29 17.9 20.6 16:32 14.3 05:05 1.0 0.7 0.0 5.6 16.0 11:05 WSW 30 20.3 23.8 14:14 17.0 01:08 0.2 2.1 0.0 6.7 27.0 14:14 SE 31 19.0 21.6 13:17 15.8 04:37 0.6 1.3 0.0 7.1 21.0 14:26 WSW ---------------------------------------------------------------------------------- 16.1 23.8 30 8.8 4 77.8 8.3 106.1 9.2 51.0 18 SE Max >= 27.0 0 Max <= 5.0 0 Min <= 20.0 31 Min <= 0.0 0 Max Rain: 45.0 on day 11 Days of Rain: 10 (>= 0.2 mm) 4 (>= 2.0 mm) 3 (>= 20.0 mm) Heat Base: 18.3 Cool Base: 18.3 Method: Integration