Rapporti Climatici in stile NOAA
Selezionare un Anno o un Mese
2024: Gen Feb Mar Apr Mag Giu Lug Ago Set Ott Nov Dic
2023: Gen Feb Mar Apr Mag Giu Lug Ago Set Ott Nov Dic
2022: Gen Feb Mar Apr Mag Giu Lug Ago Set Ott Nov Dic
2021: Gen Feb Mar Apr Mag Giu Lug Ago Set Ott Nov Dic
2020: Gen Feb Mar Apr Mag Giu Lug Ago Set Ott Nov Dic
2019: Gen Feb Mar Apr Mag Giu Lug Ago Set Ott Nov Dic
2018: Gen Feb Mar Apr Mag Giu Lug Ago Set Ott Nov Dic
2017: Gen Feb Mar Apr Mag Giu Lug Ago Set Ott Nov Dic
2016: Gen Feb Mar Apr Mag Giu Lug Ago Set Ott Nov Dic
2015: Gen Feb Mar Apr Mag Giu Lug Ago Set Ott Nov Dic
2014: Gen Feb Mar Apr Mag Giu Lug Ago Set Ott Nov Dic
2013: Gen Feb Mar Apr Mag Giu Lug Ago Set Ott Nov Dic
2012: Gen Feb Mar Apr Mag Giu Lug Ago Set Ott Nov Dic
2011: Gen Feb Mar Apr Mag Giu Lug Ago Set Ott Nov Dic
2010: Gen Feb Mar Apr Mag Giu Lug Ago Set Ott Nov Dic
2009: Gen Feb Mar Apr Mag Giu Lug Ago Set Ott Nov Dic
2008: Gen Feb Mar Apr Mag Giu Lug Ago Set Ott Nov Dic
2007: Gen Feb Mar Apr Mag Giu Lug Ago Set Ott Nov Dic
2006: Gen Feb Mar Apr Mag Giu Lug Ago Set Ott Nov Dic
2024: Gen Feb Mar Apr Mag Giu Lug Ago Set Ott Nov Dic
2023: Gen Feb Mar Apr Mag Giu Lug Ago Set Ott Nov Dic
2022: Gen Feb Mar Apr Mag Giu Lug Ago Set Ott Nov Dic
2021: Gen Feb Mar Apr Mag Giu Lug Ago Set Ott Nov Dic
2020: Gen Feb Mar Apr Mag Giu Lug Ago Set Ott Nov Dic
2019: Gen Feb Mar Apr Mag Giu Lug Ago Set Ott Nov Dic
2018: Gen Feb Mar Apr Mag Giu Lug Ago Set Ott Nov Dic
2017: Gen Feb Mar Apr Mag Giu Lug Ago Set Ott Nov Dic
2016: Gen Feb Mar Apr Mag Giu Lug Ago Set Ott Nov Dic
2015: Gen Feb Mar Apr Mag Giu Lug Ago Set Ott Nov Dic
2014: Gen Feb Mar Apr Mag Giu Lug Ago Set Ott Nov Dic
2013: Gen Feb Mar Apr Mag Giu Lug Ago Set Ott Nov Dic
2012: Gen Feb Mar Apr Mag Giu Lug Ago Set Ott Nov Dic
2011: Gen Feb Mar Apr Mag Giu Lug Ago Set Ott Nov Dic
2010: Gen Feb Mar Apr Mag Giu Lug Ago Set Ott Nov Dic
2009: Gen Feb Mar Apr Mag Giu Lug Ago Set Ott Nov Dic
2008: Gen Feb Mar Apr Mag Giu Lug Ago Set Ott Nov Dic
2007: Gen Feb Mar Apr Mag Giu Lug Ago Set Ott Nov Dic
2006: Gen Feb Mar Apr Mag Giu Lug Ago Set Ott Nov Dic
Archivio 2021 Marzo
Monthly Climatological Summary for mar 2021 Name: San Fruttuoso City: Genova State: Italy Elevation: 70 m Lat: N 44° 24' 32" Lon: E 008° 57' 37" Temperature (°C), Rain (mm), Wind Speed (km/h) Heat Cool Avg Mean Deg Deg Wind Dom Day Temp High Time Low Time Days Days Rain Speed High Time Dir ---------------------------------------------------------------------------------- 01 12.0 16.1 16:58 8.3 07:28 6.3 0.0 0.0 7.7 33.8 22:15 NNE 02 13.2 17.9 14:18 10.2 06:57 5.1 0.0 0.0 6.7 35.4 03:10 NNE 03 11.9 14.9 13:48 8.6 23:59 6.4 0.0 0.0 5.7 22.5 00:41 NW 04 10.6 13.4 11:47 6.8 05:34 7.7 0.0 1.5 11.4 35.4 13:15 SE 05 11.6 13.3 16:28 9.3 23:54 6.7 0.0 14.7 6.1 29.0 02:49 SE 06 9.6 14.3 12:32 7.4 23:51 8.7 0.0 0.3 8.9 46.7 18:05 NNW 07 9.7 13.2 13:53 6.2 06:17 8.6 0.0 0.0 6.4 32.2 03:03 NNE 08 11.9 15.4 15:32 9.2 00:09 6.4 0.0 0.0 7.7 33.8 20:56 N 09 10.5 14.1 15:45 7.3 07:05 7.8 0.0 0.0 9.7 38.6 12:43 N 10 11.8 17.0 17:02 8.3 07:21 6.5 0.0 0.0 7.0 30.6 15:51 NW 14 13.4 16.1 15:11 10.0 06:29 6.3 0.0 0.0 ---- 63.7 14:04 SE 15 12.5 14.2 15:37 6.3 06:56 3.8 0.0 0.0 7.1 24.1 13:27 SW 16 13.0 16.6 16:38 10.4 07:16 5.3 0.0 0.0 11.5 72.4 11:16 NW 17 11.5 15.3 12:30 8.3 23:45 6.8 0.0 0.0 6.2 29.0 07:53 N 18 8.7 11.9 10:12 5.4 23:59 9.6 0.0 4.6 6.3 32.2 12:21 NE 19 8.0 11.3 15:13 4.3 05:44 10.3 0.0 0.0 5.2 20.9 10:07 NW 20 8.9 12.8 15:56 6.2 07:29 9.4 0.0 0.0 5.7 35.4 11:45 NNW 21 7.7 12.0 16:10 3.4 05:47 10.6 0.0 0.0 8.5 40.2 14:00 NW 22 10.8 15.2 12:13 7.4 05:05 7.4 0.0 0.0 8.0 29.0 02:02 NNW 23 10.0 12.7 15:00 6.1 05:53 8.3 0.0 0.0 7.9 27.4 11:17 W 24 11.2 14.1 16:34 7.6 05:18 7.1 0.0 0.0 7.0 22.5 14:07 W 25 13.3 14.9 14:14 11.9 09:18 3.0 0.0 0.0 5.8 24.1 15:50 SSE 26 13.4 14.4 14:05 12.2 06:25 2.9 0.0 0.0 ---- 29.0 15:23 SE 27 12.7 13.9 15:58 11.1 23:39 2.2 0.0 3.3 ---- 32.2 04:54 SE 28 13.6 16.1 14:21 11.9 00:37 0.0 0.0 0.0 ---- 26.1 09:55 N 29 14.0 17.2 16:44 10.0 06:22 0.0 0.0 0.0 ---- 18.3 14:13 N 30 17.1 19.4 17:05 12.2 04:42 0.0 0.1 0.0 ---- 19.3 11:36 S 31 16.6 21.6 16:45 11.8 05:40 0.0 0.6 0.0 ---- 17.7 23:58 WNW ---------------------------------------------------------------------------------- 11.8 21.6 31 3.4 21 163.2 0.7 24.4 7.5 72.4 16 NNW Max >= 27.0 0 Max <= 5.0 0 Min <= 20.0 28 Min <= 0.0 0 Max Rain: 14.7 on day 5 Days of Rain: 5 (>= 0.2 mm) 3 (>= 2.0 mm) 0 (>= 20.0 mm) Heat Base: 18.3 Cool Base: 18.3 Method: Integration