Rapporti Climatici in stile NOAA
Selezionare un Anno o un Mese
2024: Gen Feb Mar Apr Mag Giu Lug Ago Set Ott Nov Dic
2023: Gen Feb Mar Apr Mag Giu Lug Ago Set Ott Nov Dic
2022: Gen Feb Mar Apr Mag Giu Lug Ago Set Ott Nov Dic
2021: Gen Feb Mar Apr Mag Giu Lug Ago Set Ott Nov Dic
2020: Gen Feb Mar Apr Mag Giu Lug Ago Set Ott Nov Dic
2019: Gen Feb Mar Apr Mag Giu Lug Ago Set Ott Nov Dic
2018: Gen Feb Mar Apr Mag Giu Lug Ago Set Ott Nov Dic
2017: Gen Feb Mar Apr Mag Giu Lug Ago Set Ott Nov Dic
2016: Gen Feb Mar Apr Mag Giu Lug Ago Set Ott Nov Dic
2015: Gen Feb Mar Apr Mag Giu Lug Ago Set Ott Nov Dic
2014: Gen Feb Mar Apr Mag Giu Lug Ago Set Ott Nov Dic
2013: Gen Feb Mar Apr Mag Giu Lug Ago Set Ott Nov Dic
2012: Gen Feb Mar Apr Mag Giu Lug Ago Set Ott Nov Dic
2011: Gen Feb Mar Apr Mag Giu Lug Ago Set Ott Nov Dic
2010: Gen Feb Mar Apr Mag Giu Lug Ago Set Ott Nov Dic
2009: Gen Feb Mar Apr Mag Giu Lug Ago Set Ott Nov Dic
2008: Gen Feb Mar Apr Mag Giu Lug Ago Set Ott Nov Dic
2007: Gen Feb Mar Apr Mag Giu Lug Ago Set Ott Nov Dic
2006: Gen Feb Mar Apr Mag Giu Lug Ago Set Ott Nov Dic
2024: Gen Feb Mar Apr Mag Giu Lug Ago Set Ott Nov Dic
2023: Gen Feb Mar Apr Mag Giu Lug Ago Set Ott Nov Dic
2022: Gen Feb Mar Apr Mag Giu Lug Ago Set Ott Nov Dic
2021: Gen Feb Mar Apr Mag Giu Lug Ago Set Ott Nov Dic
2020: Gen Feb Mar Apr Mag Giu Lug Ago Set Ott Nov Dic
2019: Gen Feb Mar Apr Mag Giu Lug Ago Set Ott Nov Dic
2018: Gen Feb Mar Apr Mag Giu Lug Ago Set Ott Nov Dic
2017: Gen Feb Mar Apr Mag Giu Lug Ago Set Ott Nov Dic
2016: Gen Feb Mar Apr Mag Giu Lug Ago Set Ott Nov Dic
2015: Gen Feb Mar Apr Mag Giu Lug Ago Set Ott Nov Dic
2014: Gen Feb Mar Apr Mag Giu Lug Ago Set Ott Nov Dic
2013: Gen Feb Mar Apr Mag Giu Lug Ago Set Ott Nov Dic
2012: Gen Feb Mar Apr Mag Giu Lug Ago Set Ott Nov Dic
2011: Gen Feb Mar Apr Mag Giu Lug Ago Set Ott Nov Dic
2010: Gen Feb Mar Apr Mag Giu Lug Ago Set Ott Nov Dic
2009: Gen Feb Mar Apr Mag Giu Lug Ago Set Ott Nov Dic
2008: Gen Feb Mar Apr Mag Giu Lug Ago Set Ott Nov Dic
2007: Gen Feb Mar Apr Mag Giu Lug Ago Set Ott Nov Dic
2006: Gen Feb Mar Apr Mag Giu Lug Ago Set Ott Nov Dic
Archivio 2021 Febbraio
Monthly Climatological Summary for feb 2021 Name: San Fruttuoso City: Genova State: Italy Elevation: 70 m Lat: N 44 24 33 Lon: E 008 57 37 Temperature (°C), Rain (mm), Wind Speed (km/h) Heat Cool Avg Mean Deg Deg Wind Dom Day Temp High Time Low Time Days Days Rain Speed High Time Dir ---------------------------------------------------------------------------------- 01 9.5 11.9 14:17 8.1 00:00 8.8 0.0 0.0 6.7 33.8 23:42 N 02 10.5 13.6 11:53 7.2 07:49 7.8 0.0 0.0 6.8 25.7 00:17 ENE 03 12.5 13.1 19:58 10.8 02:57 5.8 0.0 5.8 10.2 35.4 15:01 SE 04 13.2 14.0 18:59 12.5 07:06 5.1 0.0 0.3 6.1 20.9 06:54 SE 05 13.3 15.4 12:29 11.9 05:55 5.0 0.0 0.0 5.1 20.9 23:23 NNW 06 11.7 13.1 13:23 10.8 23:58 6.6 0.0 0.3 8.4 27.4 20:40 N 07 11.0 12.3 07:44 8.9 10:58 7.3 0.0 12.7 10.2 67.6 10:20 E 08 10.2 12.6 12:44 5.7 06:52 8.1 0.0 2.8 11.0 37.0 16:48 SE 09 11.2 13.2 20:14 8.6 03:54 7.1 0.0 1.5 10.2 51.5 23:20 SE 10 10.0 11.8 00:00 7.5 23:48 8.3 0.0 27.4 7.2 32.2 14:05 NNW 11 9.8 14.2 14:17 5.7 06:47 8.5 0.0 0.0 7.6 27.4 15:11 NNW 12 6.2 9.6 00:00 2.3 23:34 12.1 0.0 0.0 10.6 49.9 14:12 N 13 2.5 6.6 15:03 0.8 22:39 15.8 0.0 0.0 12.7 46.7 12:27 NW 14 3.0 7.3 15:45 -0.6 06:40 15.3 0.0 0.0 8.8 43.5 08:19 N 15 5.1 9.3 12:55 0.6 06:14 13.2 0.0 0.0 8.9 24.1 10:34 WNW 16 8.9 10.8 21:40 5.3 00:00 9.4 0.0 3.6 9.4 37.0 22:44 SE 17 11.8 14.3 15:20 10.4 01:20 6.5 0.0 2.0 8.2 35.4 00:45 SE 18 11.6 12.8 13:37 9.7 04:05 6.7 0.0 0.3 6.1 24.1 12:08 SE 19 12.7 13.9 14:06 11.8 05:44 5.6 0.0 0.3 10.2 32.2 08:52 SE 20 13.2 14.9 13:02 11.2 23:58 5.1 0.0 0.0 7.2 30.6 13:44 SE 21 12.7 16.5 14:32 9.2 04:42 5.6 0.0 0.0 6.2 27.4 23:23 N 22 12.1 14.9 13:21 10.2 06:38 6.2 0.0 0.0 7.6 38.6 02:54 NNE 23 13.1 16.4 13:16 9.6 07:22 5.2 0.0 0.0 5.5 27.4 00:25 NW 24 14.0 17.3 23:55 11.2 22:45 4.3 0.0 0.0 3.4 25.7 23:55 SSE 25 13.0 17.4 00:02 9.5 07:15 5.3 0.0 0.0 4.2 32.2 01:49 SE 26 10.2 12.4 13:29 7.8 06:31 8.1 0.0 0.0 2.9 14.5 14:42 SSW 27 12.4 17.1 19:30 9.2 06:23 5.9 0.0 0.0 4.2 16.1 19:06 WNW 28 13.4 15.9 00:44 9.9 23:58 4.9 0.0 0.0 9.4 41.8 12:08 NNW ---------------------------------------------------------------------------------- 10.7 17.4 25 -0.6 14 213.6 0.0 57.0 7.7 67.6 7 NE Max >= 27.0 0 Max <= 5.0 0 Min <= 20.0 28 Min <= 0.0 1 Max Rain: 27.4 on day 10 Days of Rain: 11 (>= 0.2 mm) 6 (>= 2.0 mm) 1 (>= 20.0 mm) Heat Base: 18.3 Cool Base: 18.3 Method: Integration