Rapporti Climatici in stile NOAA
Selezionare un Anno o un Mese
2024: Gen Feb Mar Apr Mag Giu Lug Ago Set Ott Nov Dic
2023: Gen Feb Mar Apr Mag Giu Lug Ago Set Ott Nov Dic
2022: Gen Feb Mar Apr Mag Giu Lug Ago Set Ott Nov Dic
2021: Gen Feb Mar Apr Mag Giu Lug Ago Set Ott Nov Dic
2020: Gen Feb Mar Apr Mag Giu Lug Ago Set Ott Nov Dic
2019: Gen Feb Mar Apr Mag Giu Lug Ago Set Ott Nov Dic
2018: Gen Feb Mar Apr Mag Giu Lug Ago Set Ott Nov Dic
2017: Gen Feb Mar Apr Mag Giu Lug Ago Set Ott Nov Dic
2016: Gen Feb Mar Apr Mag Giu Lug Ago Set Ott Nov Dic
2015: Gen Feb Mar Apr Mag Giu Lug Ago Set Ott Nov Dic
2014: Gen Feb Mar Apr Mag Giu Lug Ago Set Ott Nov Dic
2013: Gen Feb Mar Apr Mag Giu Lug Ago Set Ott Nov Dic
2012: Gen Feb Mar Apr Mag Giu Lug Ago Set Ott Nov Dic
2011: Gen Feb Mar Apr Mag Giu Lug Ago Set Ott Nov Dic
2010: Gen Feb Mar Apr Mag Giu Lug Ago Set Ott Nov Dic
2009: Gen Feb Mar Apr Mag Giu Lug Ago Set Ott Nov Dic
2008: Gen Feb Mar Apr Mag Giu Lug Ago Set Ott Nov Dic
2007: Gen Feb Mar Apr Mag Giu Lug Ago Set Ott Nov Dic
2006: Gen Feb Mar Apr Mag Giu Lug Ago Set Ott Nov Dic
2024: Gen Feb Mar Apr Mag Giu Lug Ago Set Ott Nov Dic
2023: Gen Feb Mar Apr Mag Giu Lug Ago Set Ott Nov Dic
2022: Gen Feb Mar Apr Mag Giu Lug Ago Set Ott Nov Dic
2021: Gen Feb Mar Apr Mag Giu Lug Ago Set Ott Nov Dic
2020: Gen Feb Mar Apr Mag Giu Lug Ago Set Ott Nov Dic
2019: Gen Feb Mar Apr Mag Giu Lug Ago Set Ott Nov Dic
2018: Gen Feb Mar Apr Mag Giu Lug Ago Set Ott Nov Dic
2017: Gen Feb Mar Apr Mag Giu Lug Ago Set Ott Nov Dic
2016: Gen Feb Mar Apr Mag Giu Lug Ago Set Ott Nov Dic
2015: Gen Feb Mar Apr Mag Giu Lug Ago Set Ott Nov Dic
2014: Gen Feb Mar Apr Mag Giu Lug Ago Set Ott Nov Dic
2013: Gen Feb Mar Apr Mag Giu Lug Ago Set Ott Nov Dic
2012: Gen Feb Mar Apr Mag Giu Lug Ago Set Ott Nov Dic
2011: Gen Feb Mar Apr Mag Giu Lug Ago Set Ott Nov Dic
2010: Gen Feb Mar Apr Mag Giu Lug Ago Set Ott Nov Dic
2009: Gen Feb Mar Apr Mag Giu Lug Ago Set Ott Nov Dic
2008: Gen Feb Mar Apr Mag Giu Lug Ago Set Ott Nov Dic
2007: Gen Feb Mar Apr Mag Giu Lug Ago Set Ott Nov Dic
2006: Gen Feb Mar Apr Mag Giu Lug Ago Set Ott Nov Dic
Archivio 2020 Settembre
Monthly Climatological Summary for set 2020 Name: San Fruttuoso City: Genova State: Italy Elevation: 70 m Lat: N 44 24 33 Lon: E 008 57 37 Temperature (°C), Rain (mm), Wind Speed (km/h) Heat Cool Avg Mean Deg Deg Wind Dom Day Temp High Time Low Time Days Days Rain Speed High Time Dir ---------------------------------------------------------------------------------- 01 20.4 23.5 16:15 16.8 04:24 0.3 2.4 0.0 8.7 25.7 10:31 WSW 02 20.9 24.8 13:50 17.9 07:08 0.0 2.6 8.9 7.1 22.5 12:29 NW 03 22.4 26.3 12:01 19.1 06:25 0.0 4.1 0.0 7.0 24.1 03:19 NW 04 22.6 25.7 09:05 18.7 06:14 0.0 4.3 0.0 7.2 22.5 12:18 W 05 22.5 25.6 11:32 19.3 06:15 0.0 4.2 0.0 7.4 25.7 11:32 SSW 06 21.9 24.3 14:29 18.2 06:24 0.0 3.6 0.0 10.0 33.8 20:29 SE 07 21.8 25.2 16:29 16.4 02:10 0.1 3.6 55.4 6.4 74.0 01:47 NNW 08 24.1 28.7 16:20 20.9 06:22 0.0 5.8 0.0 9.8 41.8 04:16 N 09 24.5 29.2 13:38 21.5 05:12 0.0 6.2 0.0 7.1 33.8 00:28 NNE 10 23.8 27.5 16:05 20.6 05:58 0.0 5.5 0.0 5.4 22.5 22:43 NNW 11 24.1 26.0 17:00 20.9 07:25 0.0 5.8 9.4 8.7 35.4 15:35 N 12 26.0 30.9 15:51 21.7 06:02 0.0 7.7 0.0 7.7 32.2 05:35 N 13 27.3 31.5 16:11 23.1 05:17 0.0 9.0 0.0 8.6 32.2 05:58 N 14 27.4 32.8 15:51 23.9 06:22 0.0 9.1 0.0 6.9 32.2 12:22 NNW 15 27.0 31.2 16:42 23.4 06:45 0.0 8.7 0.0 7.2 32.2 13:57 NNW 16 25.6 30.0 12:11 22.5 23:40 0.0 7.3 0.0 7.6 25.7 04:26 NNW 17 25.3 29.2 14:29 21.4 03:35 0.0 7.0 0.0 6.9 20.9 04:48 NW 18 26.5 31.1 13:17 22.6 01:26 0.0 8.2 0.0 6.6 22.5 15:16 NNW 19 24.6 27.8 13:43 22.6 00:15 0.0 6.3 0.0 5.2 19.3 05:12 NW 20 22.1 24.4 10:14 19.8 23:50 0.0 3.8 4.1 5.0 29.0 12:09 NW 21 21.0 25.3 14:45 18.8 05:22 0.0 2.7 4.1 5.0 17.7 15:21 NW 22 19.7 21.4 16:04 17.6 23:48 0.0 1.5 8.9 5.6 33.8 19:42 NNE 23 20.1 23.1 16:10 17.2 02:34 0.2 1.9 10.9 6.3 33.8 14:38 SE 24 21.4 24.4 12:37 19.1 17:53 0.0 3.1 19.6 10.0 43.5 16:22 ESE 25 18.6 21.6 01:06 12.8 22:45 1.2 1.5 4.1 10.4 75.6 14:32 S 26 16.9 22.2 15:17 13.0 01:40 2.1 0.7 0.0 7.7 41.8 11:07 NW 27 15.7 20.4 14:49 11.2 07:02 2.9 0.3 0.0 7.5 29.0 18:17 NW 28 15.7 19.4 10:56 10.8 06:25 2.8 0.1 0.0 8.5 38.6 12:38 NNE 29 17.7 21.1 15:41 13.8 05:32 1.5 0.9 0.0 7.7 27.4 13:23 NNW 30 18.1 20.6 09:55 15.9 03:51 0.9 0.7 0.0 8.1 27.4 12:22 WNW ---------------------------------------------------------------------------------- 22.2 32.8 14 10.8 28 12.0 128.6 125.4 7.4 75.6 25 NNW Max >= 27.0 11 Max <= 5.0 0 Min <= 20.0 18 Min <= 0.0 0 Max Rain: 55.4 on day 7 Days of Rain: 9 (>= 0.2 mm) 9 (>= 2.0 mm) 1 (>= 20.0 mm) Heat Base: 18.3 Cool Base: 18.3 Method: Integration