Rapporti Climatici in stile NOAA
Selezionare un Anno o un Mese
2024: Gen Feb Mar Apr Mag Giu Lug Ago Set Ott Nov Dic
2023: Gen Feb Mar Apr Mag Giu Lug Ago Set Ott Nov Dic
2022: Gen Feb Mar Apr Mag Giu Lug Ago Set Ott Nov Dic
2021: Gen Feb Mar Apr Mag Giu Lug Ago Set Ott Nov Dic
2020: Gen Feb Mar Apr Mag Giu Lug Ago Set Ott Nov Dic
2019: Gen Feb Mar Apr Mag Giu Lug Ago Set Ott Nov Dic
2018: Gen Feb Mar Apr Mag Giu Lug Ago Set Ott Nov Dic
2017: Gen Feb Mar Apr Mag Giu Lug Ago Set Ott Nov Dic
2016: Gen Feb Mar Apr Mag Giu Lug Ago Set Ott Nov Dic
2015: Gen Feb Mar Apr Mag Giu Lug Ago Set Ott Nov Dic
2014: Gen Feb Mar Apr Mag Giu Lug Ago Set Ott Nov Dic
2013: Gen Feb Mar Apr Mag Giu Lug Ago Set Ott Nov Dic
2012: Gen Feb Mar Apr Mag Giu Lug Ago Set Ott Nov Dic
2011: Gen Feb Mar Apr Mag Giu Lug Ago Set Ott Nov Dic
2010: Gen Feb Mar Apr Mag Giu Lug Ago Set Ott Nov Dic
2009: Gen Feb Mar Apr Mag Giu Lug Ago Set Ott Nov Dic
2008: Gen Feb Mar Apr Mag Giu Lug Ago Set Ott Nov Dic
2007: Gen Feb Mar Apr Mag Giu Lug Ago Set Ott Nov Dic
2006: Gen Feb Mar Apr Mag Giu Lug Ago Set Ott Nov Dic
2024: Gen Feb Mar Apr Mag Giu Lug Ago Set Ott Nov Dic
2023: Gen Feb Mar Apr Mag Giu Lug Ago Set Ott Nov Dic
2022: Gen Feb Mar Apr Mag Giu Lug Ago Set Ott Nov Dic
2021: Gen Feb Mar Apr Mag Giu Lug Ago Set Ott Nov Dic
2020: Gen Feb Mar Apr Mag Giu Lug Ago Set Ott Nov Dic
2019: Gen Feb Mar Apr Mag Giu Lug Ago Set Ott Nov Dic
2018: Gen Feb Mar Apr Mag Giu Lug Ago Set Ott Nov Dic
2017: Gen Feb Mar Apr Mag Giu Lug Ago Set Ott Nov Dic
2016: Gen Feb Mar Apr Mag Giu Lug Ago Set Ott Nov Dic
2015: Gen Feb Mar Apr Mag Giu Lug Ago Set Ott Nov Dic
2014: Gen Feb Mar Apr Mag Giu Lug Ago Set Ott Nov Dic
2013: Gen Feb Mar Apr Mag Giu Lug Ago Set Ott Nov Dic
2012: Gen Feb Mar Apr Mag Giu Lug Ago Set Ott Nov Dic
2011: Gen Feb Mar Apr Mag Giu Lug Ago Set Ott Nov Dic
2010: Gen Feb Mar Apr Mag Giu Lug Ago Set Ott Nov Dic
2009: Gen Feb Mar Apr Mag Giu Lug Ago Set Ott Nov Dic
2008: Gen Feb Mar Apr Mag Giu Lug Ago Set Ott Nov Dic
2007: Gen Feb Mar Apr Mag Giu Lug Ago Set Ott Nov Dic
2006: Gen Feb Mar Apr Mag Giu Lug Ago Set Ott Nov Dic
Archivio 2019 Aprile
Monthly Climatological Summary for apr 2019 Name: San Fruttuoso City: Genova State: Italy Elevation: 70 m Lat: N 44 24 34 Lon: E 008 57 38 Temperature (°C), Rain (mm), Wind Speed (km/h) Heat Cool Avg Mean Deg Deg Wind Dom Day Temp High Time Low Time Days Days Rain Speed High Time Dir ---------------------------------------------------------------------------------- 01 15.1 21.4 16:48 9.4 05:29 3.4 0.2 0.0 4.5 20.9 08:14 ENE 02 14.0 16.4 12:16 11.7 06:32 4.3 0.0 0.0 8.2 29.0 16:12 SE 03 12.9 13.7 17:30 11.4 11:18 5.4 0.0 3.0 13.0 51.5 23:52 SE 04 11.1 13.7 04:14 8.7 15:55 7.2 0.0 32.8 12.5 61.2 00:50 SE 05 10.7 13.7 15:59 6.9 03:27 7.6 0.0 0.3 7.7 25.7 16:32 SSE 06 12.0 14.4 14:29 8.9 06:28 6.3 0.0 0.0 6.5 24.1 10:44 SW 07 10.6 11.5 09:44 9.6 20:40 7.7 0.0 4.6 4.0 20.9 10:29 NNW 08 11.0 14.6 14:05 6.6 05:42 7.3 0.0 0.0 7.2 19.3 10:11 W 09 12.3 15.4 13:09 8.4 03:52 6.0 0.0 0.0 8.8 33.8 10:39 SSE 10 12.7 16.1 15:12 9.7 06:25 5.6 0.0 0.0 6.9 22.5 10:45 W 11 12.5 14.9 18:09 9.9 02:17 5.8 0.0 2.0 5.0 19.3 11:01 NW 12 14.4 17.6 17:43 11.9 04:04 3.9 0.0 1.0 6.3 27.4 11:02 N 13 13.8 16.9 12:01 11.5 23:54 4.5 0.0 4.3 6.4 30.6 14:59 SSW 14 11.1 12.7 15:57 10.2 07:19 7.2 0.0 3.0 9.0 45.1 12:36 NNW 15 14.0 19.3 12:30 10.1 04:31 4.3 0.0 0.0 7.8 38.6 06:52 NNW 16 13.3 16.2 09:45 9.5 05:40 5.0 0.0 0.0 7.4 24.1 13:33 WNW 17 14.0 17.7 15:36 10.0 06:13 4.3 0.0 0.0 6.9 19.3 12:25 W 18 17.1 21.3 15:41 10.8 05:49 2.3 1.0 0.0 6.7 19.3 14:05 WNW 19 18.4 21.3 12:59 15.5 03:47 0.7 0.8 0.0 7.1 27.4 10:49 W 20 19.1 22.1 14:22 15.7 05:56 0.5 1.3 0.0 6.2 22.5 12:51 SSE 21 19.3 23.5 15:21 14.1 05:50 0.6 1.7 0.0 7.0 32.2 15:39 NNW 22 18.0 22.1 13:05 13.9 23:56 1.0 0.7 5.3 7.6 38.6 10:53 NNW 23 14.0 15.4 15:53 12.4 08:29 4.3 0.0 31.2 6.9 37.0 19:26 E 24 14.8 15.9 11:18 13.6 12:56 3.5 0.0 9.7 12.9 43.5 12:05 SE 25 15.5 17.1 17:41 13.6 06:38 2.8 0.0 1.5 4.3 17.7 00:45 SW 26 14.2 16.3 13:55 10.0 19:10 4.1 0.0 19.6 11.1 41.8 18:58 SE 27 13.2 17.2 09:39 8.6 04:13 5.1 0.0 0.0 8.5 30.6 17:50 SE 28 15.1 20.6 15:00 10.3 04:49 3.5 0.3 0.0 10.1 38.6 15:30 NW 29 13.6 17.6 15:15 10.5 03:27 4.7 0.0 0.0 6.3 35.4 09:41 NNW 30 13.4 16.7 16:52 9.3 05:11 4.9 0.0 0.0 8.4 22.5 15:31 WSW ---------------------------------------------------------------------------------- 14.0 23.5 21 6.6 8 133.8 6.0 118.3 7.7 61.2 4 SW Max >= 27.0 0 Max <= 5.0 0 Min <= 20.0 30 Min <= 0.0 0 Max Rain: 32.8 on day 4 Days of Rain: 13 (>= 0.2 mm) 10 (>= 2.0 mm) 2 (>= 20.0 mm) Heat Base: 18.3 Cool Base: 18.3 Method: Integration