Rapporti Climatici in stile NOAA
Selezionare un Anno o un Mese
2024: Gen Feb Mar Apr Mag Giu Lug Ago Set Ott Nov Dic
2023: Gen Feb Mar Apr Mag Giu Lug Ago Set Ott Nov Dic
2022: Gen Feb Mar Apr Mag Giu Lug Ago Set Ott Nov Dic
2021: Gen Feb Mar Apr Mag Giu Lug Ago Set Ott Nov Dic
2020: Gen Feb Mar Apr Mag Giu Lug Ago Set Ott Nov Dic
2019: Gen Feb Mar Apr Mag Giu Lug Ago Set Ott Nov Dic
2018: Gen Feb Mar Apr Mag Giu Lug Ago Set Ott Nov Dic
2017: Gen Feb Mar Apr Mag Giu Lug Ago Set Ott Nov Dic
2016: Gen Feb Mar Apr Mag Giu Lug Ago Set Ott Nov Dic
2015: Gen Feb Mar Apr Mag Giu Lug Ago Set Ott Nov Dic
2014: Gen Feb Mar Apr Mag Giu Lug Ago Set Ott Nov Dic
2013: Gen Feb Mar Apr Mag Giu Lug Ago Set Ott Nov Dic
2012: Gen Feb Mar Apr Mag Giu Lug Ago Set Ott Nov Dic
2011: Gen Feb Mar Apr Mag Giu Lug Ago Set Ott Nov Dic
2010: Gen Feb Mar Apr Mag Giu Lug Ago Set Ott Nov Dic
2009: Gen Feb Mar Apr Mag Giu Lug Ago Set Ott Nov Dic
2008: Gen Feb Mar Apr Mag Giu Lug Ago Set Ott Nov Dic
2007: Gen Feb Mar Apr Mag Giu Lug Ago Set Ott Nov Dic
2006: Gen Feb Mar Apr Mag Giu Lug Ago Set Ott Nov Dic
2024: Gen Feb Mar Apr Mag Giu Lug Ago Set Ott Nov Dic
2023: Gen Feb Mar Apr Mag Giu Lug Ago Set Ott Nov Dic
2022: Gen Feb Mar Apr Mag Giu Lug Ago Set Ott Nov Dic
2021: Gen Feb Mar Apr Mag Giu Lug Ago Set Ott Nov Dic
2020: Gen Feb Mar Apr Mag Giu Lug Ago Set Ott Nov Dic
2019: Gen Feb Mar Apr Mag Giu Lug Ago Set Ott Nov Dic
2018: Gen Feb Mar Apr Mag Giu Lug Ago Set Ott Nov Dic
2017: Gen Feb Mar Apr Mag Giu Lug Ago Set Ott Nov Dic
2016: Gen Feb Mar Apr Mag Giu Lug Ago Set Ott Nov Dic
2015: Gen Feb Mar Apr Mag Giu Lug Ago Set Ott Nov Dic
2014: Gen Feb Mar Apr Mag Giu Lug Ago Set Ott Nov Dic
2013: Gen Feb Mar Apr Mag Giu Lug Ago Set Ott Nov Dic
2012: Gen Feb Mar Apr Mag Giu Lug Ago Set Ott Nov Dic
2011: Gen Feb Mar Apr Mag Giu Lug Ago Set Ott Nov Dic
2010: Gen Feb Mar Apr Mag Giu Lug Ago Set Ott Nov Dic
2009: Gen Feb Mar Apr Mag Giu Lug Ago Set Ott Nov Dic
2008: Gen Feb Mar Apr Mag Giu Lug Ago Set Ott Nov Dic
2007: Gen Feb Mar Apr Mag Giu Lug Ago Set Ott Nov Dic
2006: Gen Feb Mar Apr Mag Giu Lug Ago Set Ott Nov Dic
Archivio 2019 Marzo
Monthly Climatological Summary for mar 2019 Name: San Fruttuoso City: Genova State: Italy Elevation: 70 m Lat: N 44 24 34 Lon: E 008 57 38 Temperature (°C), Rain (mm), Wind Speed (km/h) Heat Cool Avg Mean Deg Deg Wind Dom Day Temp High Time Low Time Days Days Rain Speed High Time Dir ---------------------------------------------------------------------------------- 01 12.1 14.3 14:39 10.1 22:32 6.2 0.0 0.0 5.3 19.3 15:46 WSW 02 13.0 15.2 02:52 9.9 23:44 5.3 0.0 0.0 7.3 32.2 00:45 ESE 03 11.7 14.9 11:18 7.8 07:15 6.6 0.0 0.0 8.4 24.1 15:20 SE 04 12.3 13.1 16:52 10.0 23:57 6.0 0.0 6.6 11.6 45.1 12:23 SE 05 11.7 15.1 14:49 8.6 07:20 6.6 0.0 0.0 6.4 22.5 23:57 WNW 06 13.1 14.4 13:16 10.6 01:21 5.2 0.0 0.0 11.3 38.6 09:00 SE 07 13.6 14.4 14:38 13.1 00:00 4.7 0.0 0.3 16.0 57.9 04:43 ESE 08 13.4 15.2 14:24 12.6 04:34 4.9 0.0 0.0 10.1 30.6 15:04 SE 09 13.3 15.4 11:12 11.1 05:17 5.0 0.0 0.0 9.3 45.1 14:10 ESE 10 13.2 14.1 12:29 11.6 23:31 5.1 0.0 0.0 8.7 35.4 11:36 ESE 11 12.5 19.3 14:09 9.1 23:58 5.8 0.0 0.0 14.0 62.8 17:37 NW 12 10.9 13.9 11:30 8.2 06:55 7.4 0.0 0.0 8.8 35.4 07:04 WSW 13 12.0 14.1 14:28 8.4 23:57 6.3 0.0 0.0 7.9 30.6 04:39 SE 14 10.7 14.8 11:16 5.9 06:39 7.5 0.0 0.0 8.9 30.6 15:25 WNW 15 11.3 14.6 12:09 6.9 04:24 7.0 0.0 0.0 10.6 33.8 15:42 SE 16 13.0 16.1 12:47 10.1 02:50 5.3 0.0 0.0 7.9 30.6 10:14 SE 17 13.2 14.3 13:53 12.8 04:28 5.0 0.0 0.0 14.0 40.2 21:45 SE 18 14.0 17.7 17:05 10.6 04:11 4.3 0.0 8.1 15.7 61.2 13:07 N 19 11.4 15.4 13:47 7.3 07:12 6.7 0.0 0.0 10.7 38.6 11:16 NNE 20 12.0 16.7 14:07 8.4 06:25 6.3 0.0 0.0 5.9 40.2 10:37 NNW 21 12.4 16.3 16:18 8.4 07:05 5.9 0.0 0.0 12.6 53.1 13:11 NNW 22 15.7 20.4 14:56 11.3 05:55 3.0 0.4 0.0 10.3 37.0 14:26 N 23 17.0 20.3 10:25 14.5 23:05 1.4 0.1 0.0 6.3 33.8 02:32 E 24 16.2 19.4 09:22 12.6 04:32 2.1 0.1 0.0 5.5 20.9 06:02 ESE 25 12.7 15.1 09:25 9.8 05:37 5.6 0.0 0.0 9.1 48.3 22:48 ESE 26 13.5 17.4 16:01 10.7 04:56 4.8 0.0 0.0 7.2 57.9 00:43 NNE 27 13.7 18.7 15:08 9.6 07:20 4.6 0.0 0.0 5.3 37.0 10:13 N 28 13.5 18.3 15:31 9.0 04:03 4.8 0.0 0.0 7.8 46.7 12:08 NNW 29 15.1 19.8 15:23 11.7 00:21 3.3 0.1 0.0 6.7 37.0 13:56 N 30 13.3 16.2 09:47 10.1 07:25 5.0 0.0 0.0 6.6 24.1 13:35 SSE 31 11.9 15.4 14:16 7.9 06:47 6.4 0.0 0.0 6.7 20.9 11:43 W ---------------------------------------------------------------------------------- 13.0 20.4 22 5.9 14 164.1 0.7 15.0 9.1 62.8 11 E Max >= 27.0 0 Max <= 5.0 0 Min <= 20.0 31 Min <= 0.0 0 Max Rain: 8.1 on day 18 Days of Rain: 3 (>= 0.2 mm) 2 (>= 2.0 mm) 0 (>= 20.0 mm) Heat Base: 18.3 Cool Base: 18.3 Method: Integration