Rapporti Climatici in stile NOAA
Selezionare un Anno o un Mese
2024: Gen Feb Mar Apr Mag Giu Lug Ago Set Ott Nov Dic
2023: Gen Feb Mar Apr Mag Giu Lug Ago Set Ott Nov Dic
2022: Gen Feb Mar Apr Mag Giu Lug Ago Set Ott Nov Dic
2021: Gen Feb Mar Apr Mag Giu Lug Ago Set Ott Nov Dic
2020: Gen Feb Mar Apr Mag Giu Lug Ago Set Ott Nov Dic
2019: Gen Feb Mar Apr Mag Giu Lug Ago Set Ott Nov Dic
2018: Gen Feb Mar Apr Mag Giu Lug Ago Set Ott Nov Dic
2017: Gen Feb Mar Apr Mag Giu Lug Ago Set Ott Nov Dic
2016: Gen Feb Mar Apr Mag Giu Lug Ago Set Ott Nov Dic
2015: Gen Feb Mar Apr Mag Giu Lug Ago Set Ott Nov Dic
2014: Gen Feb Mar Apr Mag Giu Lug Ago Set Ott Nov Dic
2013: Gen Feb Mar Apr Mag Giu Lug Ago Set Ott Nov Dic
2012: Gen Feb Mar Apr Mag Giu Lug Ago Set Ott Nov Dic
2011: Gen Feb Mar Apr Mag Giu Lug Ago Set Ott Nov Dic
2010: Gen Feb Mar Apr Mag Giu Lug Ago Set Ott Nov Dic
2009: Gen Feb Mar Apr Mag Giu Lug Ago Set Ott Nov Dic
2008: Gen Feb Mar Apr Mag Giu Lug Ago Set Ott Nov Dic
2007: Gen Feb Mar Apr Mag Giu Lug Ago Set Ott Nov Dic
2006: Gen Feb Mar Apr Mag Giu Lug Ago Set Ott Nov Dic
2024: Gen Feb Mar Apr Mag Giu Lug Ago Set Ott Nov Dic
2023: Gen Feb Mar Apr Mag Giu Lug Ago Set Ott Nov Dic
2022: Gen Feb Mar Apr Mag Giu Lug Ago Set Ott Nov Dic
2021: Gen Feb Mar Apr Mag Giu Lug Ago Set Ott Nov Dic
2020: Gen Feb Mar Apr Mag Giu Lug Ago Set Ott Nov Dic
2019: Gen Feb Mar Apr Mag Giu Lug Ago Set Ott Nov Dic
2018: Gen Feb Mar Apr Mag Giu Lug Ago Set Ott Nov Dic
2017: Gen Feb Mar Apr Mag Giu Lug Ago Set Ott Nov Dic
2016: Gen Feb Mar Apr Mag Giu Lug Ago Set Ott Nov Dic
2015: Gen Feb Mar Apr Mag Giu Lug Ago Set Ott Nov Dic
2014: Gen Feb Mar Apr Mag Giu Lug Ago Set Ott Nov Dic
2013: Gen Feb Mar Apr Mag Giu Lug Ago Set Ott Nov Dic
2012: Gen Feb Mar Apr Mag Giu Lug Ago Set Ott Nov Dic
2011: Gen Feb Mar Apr Mag Giu Lug Ago Set Ott Nov Dic
2010: Gen Feb Mar Apr Mag Giu Lug Ago Set Ott Nov Dic
2009: Gen Feb Mar Apr Mag Giu Lug Ago Set Ott Nov Dic
2008: Gen Feb Mar Apr Mag Giu Lug Ago Set Ott Nov Dic
2007: Gen Feb Mar Apr Mag Giu Lug Ago Set Ott Nov Dic
2006: Gen Feb Mar Apr Mag Giu Lug Ago Set Ott Nov Dic
Archivio 2018 Giugnio
Monthly Climatological Summary for giu 2018 Name: San Fruttuoso City: Genova State: Italy Elevation: 70 m Lat: N 44° 24' 00" Lon: E 008° 57' 60" Temperature (°C), Rain (mm), Wind Speed (km/h) Heat Cool Avg Mean Deg Deg Wind Dom Day Temp High Time Low Time Days Days Rain Speed High Time Dir ---------------------------------------------------------------------------------- 1 20.1 21.8 12:54 18.1 03:37 0.0 1.8 1.0 7.2 27.4 14:59 SSE 2 19.9 21.8 10:43 17.7 01:24 0.1 1.7 0.0 6.9 22.5 10:31 SSW 3 21.8 26.1 18:28 16.9 05:12 0.2 3.7 0.0 5.8 19.3 12:53 WSW 4 20.2 24.8 10:10 17.6 23:59 0.0 1.9 8.7 5.9 33.8 12:17 N 5 20.1 22.7 14:40 17.1 05:10 0.2 2.0 0.2 7.2 27.4 13:27 S 6 20.5 22.4 16:21 18.8 06:15 0.0 2.2 5.9 4.7 24.1 15:08 S 7 20.7 23.4 12:08 17.2 04:49 0.1 2.5 0.0 6.3 19.3 09:15 W 8 21.9 25.0 12:11 19.1 23:58 0.0 3.6 3.3 4.5 27.4 14:53 NNW 9 20.5 22.9 10:36 17.4 03:25 0.1 2.2 0.0 8.9 29.0 09:45 SSE 10 21.1 22.9 15:10 19.6 05:35 0.0 2.8 0.0 4.4 22.5 12:24 SSE 11 22.2 26.2 12:46 17.6 05:25 0.0 3.9 0.0 5.8 29.0 13:03 W 12 21.7 23.5 10:36 19.6 02:12 0.0 3.4 1.2 10.3 33.8 10:43 SE 13 21.1 22.9 18:20 19.9 10:42 0.0 2.8 0.0 6.1 37.0 00:46 SSE 14 23.2 26.7 14:44 19.9 01:39 0.0 4.9 0.5 4.5 19.3 15:04 W 15 22.7 25.4 14:04 19.1 05:33 0.0 4.4 0.0 6.3 17.7 04:56 WSW 16 22.9 26.1 09:16 18.4 04:55 0.0 4.6 0.0 7.3 19.3 02:57 WNW 17 22.4 26.2 18:16 18.3 04:56 0.0 4.1 0.0 5.9 20.9 13:36 WSW 18 25.2 30.9 16:00 20.4 05:25 0.0 6.9 0.0 5.3 35.4 11:10 NW 19 25.8 29.7 13:23 21.4 03:28 0.0 7.5 0.0 6.6 20.9 13:08 WNW 20 26.3 30.7 12:13 22.7 23:56 0.0 8.0 0.0 5.8 20.9 12:33 NW 21 24.6 27.5 08:50 21.2 04:56 0.0 6.3 0.0 8.1 27.4 10:32 SE 22 24.1 25.8 18:40 22.1 03:04 0.0 5.8 0.0 3.9 22.5 00:16 SSE 23 24.2 28.8 16:14 20.2 04:59 0.0 5.9 0.0 7.7 38.6 14:38 NNW 24 22.2 24.6 13:50 18.9 04:57 0.0 3.9 0.0 5.5 24.1 11:12 WSW 25 22.5 27.1 12:48 18.5 03:47 0.0 4.2 4.4 6.0 37.0 12:18 N 26 22.9 25.9 14:58 18.9 03:38 0.0 4.6 0.0 6.6 22.5 09:21 WSW 27 22.8 25.7 09:03 19.2 04:18 0.0 4.5 0.0 7.1 24.1 14:19 WSW 28 21.4 23.8 11:46 18.7 04:03 0.0 3.1 21.8 3.5 40.2 15:37 S 29 22.4 25.1 16:08 18.5 05:13 0.0 4.1 0.3 6.7 20.9 10:18 SW 30 22.8 25.7 13:23 18.4 04:48 0.0 4.5 0.0 6.6 19.3 10:26 WSW ---------------------------------------------------------------------------------- 22.3 30.9 18 16.9 3 0.7 121.8 47.3 6.2 40.2 28 SW Max >= 27.0: 6 Max <= 5.0: 0 Min <= 20.0: 24 Min <= 0.0: 0 Max Rain: 21.8 on day 28 Days of Rain: 10 (>= 0.2 mm) 5 (>= 2.0 mm) 1 (>= 20.0 mm) Heat Base: 18.3 Cool Base: 18.3 Method: Integration