Rapporti Climatici in stile NOAA
Selezionare un Anno o un Mese
2024: Gen Feb Mar Apr Mag Giu Lug Ago Set Ott Nov Dic
2023: Gen Feb Mar Apr Mag Giu Lug Ago Set Ott Nov Dic
2022: Gen Feb Mar Apr Mag Giu Lug Ago Set Ott Nov Dic
2021: Gen Feb Mar Apr Mag Giu Lug Ago Set Ott Nov Dic
2020: Gen Feb Mar Apr Mag Giu Lug Ago Set Ott Nov Dic
2019: Gen Feb Mar Apr Mag Giu Lug Ago Set Ott Nov Dic
2018: Gen Feb Mar Apr Mag Giu Lug Ago Set Ott Nov Dic
2017: Gen Feb Mar Apr Mag Giu Lug Ago Set Ott Nov Dic
2016: Gen Feb Mar Apr Mag Giu Lug Ago Set Ott Nov Dic
2015: Gen Feb Mar Apr Mag Giu Lug Ago Set Ott Nov Dic
2014: Gen Feb Mar Apr Mag Giu Lug Ago Set Ott Nov Dic
2013: Gen Feb Mar Apr Mag Giu Lug Ago Set Ott Nov Dic
2012: Gen Feb Mar Apr Mag Giu Lug Ago Set Ott Nov Dic
2011: Gen Feb Mar Apr Mag Giu Lug Ago Set Ott Nov Dic
2010: Gen Feb Mar Apr Mag Giu Lug Ago Set Ott Nov Dic
2009: Gen Feb Mar Apr Mag Giu Lug Ago Set Ott Nov Dic
2008: Gen Feb Mar Apr Mag Giu Lug Ago Set Ott Nov Dic
2007: Gen Feb Mar Apr Mag Giu Lug Ago Set Ott Nov Dic
2006: Gen Feb Mar Apr Mag Giu Lug Ago Set Ott Nov Dic
2024: Gen Feb Mar Apr Mag Giu Lug Ago Set Ott Nov Dic
2023: Gen Feb Mar Apr Mag Giu Lug Ago Set Ott Nov Dic
2022: Gen Feb Mar Apr Mag Giu Lug Ago Set Ott Nov Dic
2021: Gen Feb Mar Apr Mag Giu Lug Ago Set Ott Nov Dic
2020: Gen Feb Mar Apr Mag Giu Lug Ago Set Ott Nov Dic
2019: Gen Feb Mar Apr Mag Giu Lug Ago Set Ott Nov Dic
2018: Gen Feb Mar Apr Mag Giu Lug Ago Set Ott Nov Dic
2017: Gen Feb Mar Apr Mag Giu Lug Ago Set Ott Nov Dic
2016: Gen Feb Mar Apr Mag Giu Lug Ago Set Ott Nov Dic
2015: Gen Feb Mar Apr Mag Giu Lug Ago Set Ott Nov Dic
2014: Gen Feb Mar Apr Mag Giu Lug Ago Set Ott Nov Dic
2013: Gen Feb Mar Apr Mag Giu Lug Ago Set Ott Nov Dic
2012: Gen Feb Mar Apr Mag Giu Lug Ago Set Ott Nov Dic
2011: Gen Feb Mar Apr Mag Giu Lug Ago Set Ott Nov Dic
2010: Gen Feb Mar Apr Mag Giu Lug Ago Set Ott Nov Dic
2009: Gen Feb Mar Apr Mag Giu Lug Ago Set Ott Nov Dic
2008: Gen Feb Mar Apr Mag Giu Lug Ago Set Ott Nov Dic
2007: Gen Feb Mar Apr Mag Giu Lug Ago Set Ott Nov Dic
2006: Gen Feb Mar Apr Mag Giu Lug Ago Set Ott Nov Dic
Archivio 2017 Agosto
Monthly Climatological Summary for ago 2017 Name: San Fruttuoso City: Genova State: Italy Elevation: 70 m Lat: N 44° 24' 00" Lon: E 008° 57' 60" Temperature (°C), Rain (mm), Wind Speed (km/h) Heat Cool Avg Mean Deg Deg Wind Dom Day Temp High Time Low Time Days Days Rain Speed High Time Dir ---------------------------------------------------------------------------------- 1 29.6 33.5 14:31 26.0 23:52 0.0 11.3 0.0 5.1 27.4 05:05 ESE 2 26.9 30.2 17:43 23.3 05:55 0.0 8.6 0.0 7.3 24.1 09:20 SW 3 26.6 29.4 14:00 23.3 05:19 0.0 8.3 0.0 6.2 22.5 12:27 S 4 26.4 29.5 15:26 22.9 06:11 0.0 8.1 0.0 7.2 27.4 12:30 SSW 5 26.9 30.3 18:34 23.5 04:39 0.0 8.6 0.0 6.0 22.5 13:39 WSW 6 26.7 30.8 13:18 23.9 05:33 0.0 8.4 2.8 6.0 38.6 09:25 W 7 28.6 33.2 15:50 24.8 01:09 0.0 10.3 0.0 5.9 30.6 21:12 N 8 26.5 28.3 14:12 23.8 05:34 0.0 8.2 0.0 7.4 38.6 14:53 SE 9 26.6 28.4 13:04 24.3 23:56 0.0 8.3 0.0 8.0 38.6 04:15 SSE 10 24.3 27.2 14:00 21.3 05:39 0.0 6.0 0.0 11.3 35.4 17:12 SSE 11 22.2 24.9 14:04 19.2 22:33 0.0 3.9 0.0 9.4 41.8 02:12 SE 12 23.4 30.0 15:22 18.6 03:14 0.0 5.1 0.0 9.0 45.1 11:32 NW 13 22.5 25.7 12:47 18.6 05:52 0.0 4.2 0.0 7.5 22.5 11:00 WNW 14 23.8 27.8 18:08 19.2 05:48 0.0 5.5 0.0 7.8 17.7 01:07 WNW 15 25.1 27.7 12:01 22.1 00:50 0.0 6.8 0.0 5.3 20.9 10:36 SSW 16 24.7 27.3 14:47 21.3 03:02 0.0 6.4 0.0 5.5 19.3 12:27 WSW 17 26.8 31.1 14:32 22.7 03:22 0.0 8.5 0.0 4.1 17.7 08:04 SW 18 26.5 29.3 11:12 23.8 05:07 0.0 8.2 0.0 4.7 19.3 11:42 S 19 25.0 27.1 12:36 23.1 03:19 0.0 6.7 0.0 8.9 38.6 09:22 SE 20 26.2 30.7 15:50 21.6 04:33 0.0 7.9 0.0 8.9 43.5 16:07 NNW 21 24.5 27.3 11:02 21.4 06:20 0.0 6.2 0.0 7.3 29.0 10:41 WSW 22 23.3 25.8 18:32 20.0 05:52 0.0 5.0 0.0 7.5 24.1 11:19 W 23 22.9 25.9 12:26 19.6 05:56 0.0 4.6 0.0 6.9 24.1 11:08 WSW 24 22.6 25.2 15:08 19.1 05:16 0.0 4.3 0.0 7.2 27.4 13:33 SW 25 23.4 26.2 12:21 20.0 05:36 0.0 5.1 0.0 6.6 22.5 11:24 W 26 24.3 27.3 15:55 21.2 04:48 0.0 6.0 0.0 5.4 22.5 16:40 W 27 24.4 27.6 17:54 20.8 05:42 0.0 6.1 0.0 5.3 17.7 11:57 W 28 24.8 28.2 14:47 21.2 04:47 0.0 6.5 0.0 5.7 20.9 12:12 W 29 27.1 30.9 14:42 22.5 06:02 0.0 8.8 0.0 4.3 20.9 14:23 S 30 26.8 29.2 11:15 24.1 23:56 0.0 8.5 0.0 4.7 24.1 15:03 SSE 31 25.0 27.4 17:05 22.3 06:05 0.0 6.7 0.5 10.3 35.4 15:01 SE ---------------------------------------------------------------------------------- 25.3 33.5 1 18.6 12 0.0 217.1 3.3 6.9 45.1 12 SW Max >= 27.0: 25 Max <= 5.0: 0 Min <= 20.0: 8 Min <= 0.0: 0 Max Rain: 2.8 on day 6 Days of Rain: 2 (>= 0.2 mm) 1 (>= 2.0 mm) 0 (>= 20.0 mm) Heat Base: 18.3 Cool Base: 18.3 Method: Integration