Rapporti Climatici in stile NOAA
Selezionare un Anno o un Mese
2024: Gen Feb Mar Apr Mag Giu Lug Ago Set Ott Nov Dic
2023: Gen Feb Mar Apr Mag Giu Lug Ago Set Ott Nov Dic
2022: Gen Feb Mar Apr Mag Giu Lug Ago Set Ott Nov Dic
2021: Gen Feb Mar Apr Mag Giu Lug Ago Set Ott Nov Dic
2020: Gen Feb Mar Apr Mag Giu Lug Ago Set Ott Nov Dic
2019: Gen Feb Mar Apr Mag Giu Lug Ago Set Ott Nov Dic
2018: Gen Feb Mar Apr Mag Giu Lug Ago Set Ott Nov Dic
2017: Gen Feb Mar Apr Mag Giu Lug Ago Set Ott Nov Dic
2016: Gen Feb Mar Apr Mag Giu Lug Ago Set Ott Nov Dic
2015: Gen Feb Mar Apr Mag Giu Lug Ago Set Ott Nov Dic
2014: Gen Feb Mar Apr Mag Giu Lug Ago Set Ott Nov Dic
2013: Gen Feb Mar Apr Mag Giu Lug Ago Set Ott Nov Dic
2012: Gen Feb Mar Apr Mag Giu Lug Ago Set Ott Nov Dic
2011: Gen Feb Mar Apr Mag Giu Lug Ago Set Ott Nov Dic
2010: Gen Feb Mar Apr Mag Giu Lug Ago Set Ott Nov Dic
2009: Gen Feb Mar Apr Mag Giu Lug Ago Set Ott Nov Dic
2008: Gen Feb Mar Apr Mag Giu Lug Ago Set Ott Nov Dic
2007: Gen Feb Mar Apr Mag Giu Lug Ago Set Ott Nov Dic
2006: Gen Feb Mar Apr Mag Giu Lug Ago Set Ott Nov Dic
2024: Gen Feb Mar Apr Mag Giu Lug Ago Set Ott Nov Dic
2023: Gen Feb Mar Apr Mag Giu Lug Ago Set Ott Nov Dic
2022: Gen Feb Mar Apr Mag Giu Lug Ago Set Ott Nov Dic
2021: Gen Feb Mar Apr Mag Giu Lug Ago Set Ott Nov Dic
2020: Gen Feb Mar Apr Mag Giu Lug Ago Set Ott Nov Dic
2019: Gen Feb Mar Apr Mag Giu Lug Ago Set Ott Nov Dic
2018: Gen Feb Mar Apr Mag Giu Lug Ago Set Ott Nov Dic
2017: Gen Feb Mar Apr Mag Giu Lug Ago Set Ott Nov Dic
2016: Gen Feb Mar Apr Mag Giu Lug Ago Set Ott Nov Dic
2015: Gen Feb Mar Apr Mag Giu Lug Ago Set Ott Nov Dic
2014: Gen Feb Mar Apr Mag Giu Lug Ago Set Ott Nov Dic
2013: Gen Feb Mar Apr Mag Giu Lug Ago Set Ott Nov Dic
2012: Gen Feb Mar Apr Mag Giu Lug Ago Set Ott Nov Dic
2011: Gen Feb Mar Apr Mag Giu Lug Ago Set Ott Nov Dic
2010: Gen Feb Mar Apr Mag Giu Lug Ago Set Ott Nov Dic
2009: Gen Feb Mar Apr Mag Giu Lug Ago Set Ott Nov Dic
2008: Gen Feb Mar Apr Mag Giu Lug Ago Set Ott Nov Dic
2007: Gen Feb Mar Apr Mag Giu Lug Ago Set Ott Nov Dic
2006: Gen Feb Mar Apr Mag Giu Lug Ago Set Ott Nov Dic
Archivio 2016 Luglio
Monthly Climatological Summary for lug 2016 Name: San Fruttuoso City: Genova State: Italy Elevation: 70 m Lat: N 44° 24' 34" Lon: E 008° 57' 38" Temperature (°C), Rain (mm), Wind Speed (km/h) Heat Cool Avg Mean Deg Deg Wind Dom Day Temp High Time Low Time Days Days Rain Speed High Time Dir ---------------------------------------------------------------------------------- 1 22.8 25.8 16:18 19.2 04:41 0.0 4.5 0.0 6.2 22.5 13:29 N 2 22.8 25.2 13:40 20.5 05:26 0.0 4.5 0.0 7.1 27.4 14:24 N 3 23.4 26.2 09:19 21.8 05:53 0.0 5.1 0.0 6.0 35.4 12:31 N 4 24.7 29.7 16:25 20.3 05:39 0.0 6.0 0.0 5.5 32.2 21:13 N 5 26.1 29.5 14:30 23.7 05:49 0.0 7.8 0.0 4.7 29.0 04:04 SE 6 25.3 28.2 15:31 21.5 05:04 0.0 7.0 0.0 5.5 20.9 11:19 WSW 7 25.4 27.9 15:58 22.0 04:19 0.0 7.1 0.0 4.7 22.5 09:03 SW 8 24.3 27.0 14:50 22.3 04:37 0.0 6.0 0.0 6.4 29.0 14:51 S 9 24.4 27.4 17:26 21.2 04:41 0.0 6.1 0.0 5.5 25.7 11:45 SSW 10 25.8 28.9 18:49 22.4 04:34 0.0 7.5 0.0 5.5 19.3 12:32 WSW 11 25.9 29.5 14:22 21.7 05:17 0.0 7.6 0.0 7.1 22.5 15:48 W 12 25.3 27.9 13:17 22.1 04:12 0.0 7.0 0.0 9.7 35.4 10:54 SSE 13 23.9 26.6 10:14 14.9 19:59 0.1 5.7 22.4 12.2 67.6 19:46 SE 14 21.9 26.1 11:44 16.6 23:54 0.0 3.6 6.8 8.4 35.4 13:42 WNW 15 22.5 28.1 16:07 16.3 00:31 0.1 4.4 0.8 9.8 43.5 02:09 NNW 16 22.5 27.2 12:20 18.8 23:58 0.0 4.2 0.0 8.2 32.2 12:38 NW 17 21.0 24.4 16:06 16.3 05:42 0.3 3.0 0.0 7.9 29.0 10:36 SSE 18 21.5 24.6 14:17 18.1 05:22 0.0 3.2 0.0 6.5 24.1 16:09 SW 19 22.7 26.1 14:40 18.3 04:48 0.0 4.4 0.0 5.2 19.3 10:57 W 20 23.4 26.4 15:08 19.7 05:02 0.0 5.1 0.0 4.8 20.9 13:34 SW 21 22.9 25.2 16:36 20.8 02:37 0.0 4.6 0.0 5.6 29.0 14:21 S 22 24.1 28.7 14:01 19.6 05:24 0.0 5.7 0.0 6.1 20.9 13:42 NW 23 24.9 29.8 15:32 20.7 07:23 0.0 6.6 1.8 7.3 35.4 20:46 NNW 24 26.5 30.7 15:11 22.1 07:16 0.0 8.2 0.7 6.1 40.2 00:56 N 25 25.5 28.8 18:25 21.7 05:41 0.0 7.2 0.3 4.3 22.5 12:42 SW 26 25.6 28.0 08:43 22.1 03:58 0.0 7.3 0.0 4.2 22.5 07:35 SSW 27 25.5 28.2 13:28 23.3 05:51 0.0 7.2 0.0 3.6 22.5 15:21 S 28 25.2 27.7 14:00 22.3 05:43 0.0 6.9 0.0 4.8 20.9 03:16 SSE 29 24.2 26.7 17:23 21.1 05:26 0.0 5.9 0.0 7.2 27.4 11:11 SSW 30 24.2 27.0 16:01 20.9 05:13 0.0 5.9 0.0 6.8 30.6 14:42 SSW 31 25.0 27.2 14:18 23.4 23:59 0.0 6.7 0.0 6.6 35.4 15:17 SSE ---------------------------------------------------------------------------------- 24.2 30.7 24 14.9 13 0.5 182.0 32.8 6.4 67.6 13 SW Max >= 27.0: 20 Max <= 5.0: 0 Min <= 20.0: 10 Min <= 0.0: 0 Max Rain: 22.4 on day 13 Days of Rain: 6 (>= 0.2 mm) 2 (>= 2.0 mm) 1 (>= 20.0 mm) Heat Base: 18.3 Cool Base: 18.3 Method: Integration