Rapporti Climatici in stile NOAA
Selezionare un Anno o un Mese
2024: Gen Feb Mar Apr Mag Giu Lug Ago Set Ott Nov Dic
2023: Gen Feb Mar Apr Mag Giu Lug Ago Set Ott Nov Dic
2022: Gen Feb Mar Apr Mag Giu Lug Ago Set Ott Nov Dic
2021: Gen Feb Mar Apr Mag Giu Lug Ago Set Ott Nov Dic
2020: Gen Feb Mar Apr Mag Giu Lug Ago Set Ott Nov Dic
2019: Gen Feb Mar Apr Mag Giu Lug Ago Set Ott Nov Dic
2018: Gen Feb Mar Apr Mag Giu Lug Ago Set Ott Nov Dic
2017: Gen Feb Mar Apr Mag Giu Lug Ago Set Ott Nov Dic
2016: Gen Feb Mar Apr Mag Giu Lug Ago Set Ott Nov Dic
2015: Gen Feb Mar Apr Mag Giu Lug Ago Set Ott Nov Dic
2014: Gen Feb Mar Apr Mag Giu Lug Ago Set Ott Nov Dic
2013: Gen Feb Mar Apr Mag Giu Lug Ago Set Ott Nov Dic
2012: Gen Feb Mar Apr Mag Giu Lug Ago Set Ott Nov Dic
2011: Gen Feb Mar Apr Mag Giu Lug Ago Set Ott Nov Dic
2010: Gen Feb Mar Apr Mag Giu Lug Ago Set Ott Nov Dic
2009: Gen Feb Mar Apr Mag Giu Lug Ago Set Ott Nov Dic
2008: Gen Feb Mar Apr Mag Giu Lug Ago Set Ott Nov Dic
2007: Gen Feb Mar Apr Mag Giu Lug Ago Set Ott Nov Dic
2006: Gen Feb Mar Apr Mag Giu Lug Ago Set Ott Nov Dic
2024: Gen Feb Mar Apr Mag Giu Lug Ago Set Ott Nov Dic
2023: Gen Feb Mar Apr Mag Giu Lug Ago Set Ott Nov Dic
2022: Gen Feb Mar Apr Mag Giu Lug Ago Set Ott Nov Dic
2021: Gen Feb Mar Apr Mag Giu Lug Ago Set Ott Nov Dic
2020: Gen Feb Mar Apr Mag Giu Lug Ago Set Ott Nov Dic
2019: Gen Feb Mar Apr Mag Giu Lug Ago Set Ott Nov Dic
2018: Gen Feb Mar Apr Mag Giu Lug Ago Set Ott Nov Dic
2017: Gen Feb Mar Apr Mag Giu Lug Ago Set Ott Nov Dic
2016: Gen Feb Mar Apr Mag Giu Lug Ago Set Ott Nov Dic
2015: Gen Feb Mar Apr Mag Giu Lug Ago Set Ott Nov Dic
2014: Gen Feb Mar Apr Mag Giu Lug Ago Set Ott Nov Dic
2013: Gen Feb Mar Apr Mag Giu Lug Ago Set Ott Nov Dic
2012: Gen Feb Mar Apr Mag Giu Lug Ago Set Ott Nov Dic
2011: Gen Feb Mar Apr Mag Giu Lug Ago Set Ott Nov Dic
2010: Gen Feb Mar Apr Mag Giu Lug Ago Set Ott Nov Dic
2009: Gen Feb Mar Apr Mag Giu Lug Ago Set Ott Nov Dic
2008: Gen Feb Mar Apr Mag Giu Lug Ago Set Ott Nov Dic
2007: Gen Feb Mar Apr Mag Giu Lug Ago Set Ott Nov Dic
2006: Gen Feb Mar Apr Mag Giu Lug Ago Set Ott Nov Dic
Archivio 2016 Maggio
Monthly Climatological Summary for mag 2016 Name: San Fruttuoso City: Genova State: Italy Elevation: 70 m Lat: N 44° 24' 34" Lon: E 008° 57' 38" Temperature (°C), Rain (mm), Wind Speed (km/h) Heat Cool Avg Mean Deg Deg Wind Dom Day Temp High Time Low Time Days Days Rain Speed High Time Dir ---------------------------------------------------------------------------------- 1 12.8 15.5 17:01 10.7 05:43 5.0 0.0 3.5 7.8 38.6 15:03 NNW 2 16.3 21.3 17:44 12.2 00:50 2.3 0.4 0.0 4.5 25.7 03:22 NNE 3 18.6 21.8 09:45 13.9 03:41 0.7 1.0 0.0 5.8 35.4 22:36 E 4 18.6 24.6 14:42 13.9 23:47 1.0 1.3 0.0 9.7 38.6 07:08 NNW 5 16.9 21.1 14:02 11.2 05:20 2.1 0.7 0.0 8.3 38.6 16:15 NNW 6 18.2 21.4 11:47 14.8 05:35 1.0 0.9 0.0 6.9 25.7 00:52 SW 7 17.7 20.6 14:58 14.1 05:39 1.3 0.6 0.0 6.7 25.7 12:10 W 8 17.9 20.4 12:29 14.2 05:32 1.1 0.6 0.3 5.6 22.5 14:10 SW 9 16.8 19.7 14:04 14.3 06:02 1.7 0.1 2.0 6.0 30.6 22:20 NNE 10 17.0 19.2 14:49 15.3 05:38 1.3 0.1 1.5 4.0 22.5 23:13 NNE 11 16.6 18.1 04:59 15.3 22:24 1.7 0.0 38.2 4.7 32.2 18:54 ESE 12 15.7 16.7 16:44 14.8 02:24 2.6 0.0 2.0 8.9 40.2 12:20 SSE 13 16.2 17.7 18:28 14.4 04:26 2.1 0.0 0.2 7.6 35.4 12:46 SE 14 16.7 18.7 13:43 14.6 05:40 1.6 0.0 0.0 5.1 33.8 11:14 SSE 15 17.4 19.3 08:25 14.7 03:53 1.0 0.1 0.0 6.0 25.7 12:31 S 16 16.6 20.7 12:36 14.3 23:51 1.8 0.1 0.0 8.0 38.6 09:42 SW 17 16.8 20.2 11:50 12.8 04:25 1.9 0.3 0.0 7.2 29.0 13:10 SSW 18 15.7 18.7 12:56 11.7 05:16 2.6 0.0 0.0 9.9 29.0 13:23 S 19 16.1 19.1 15:15 13.3 11:32 2.2 0.0 4.8 12.6 51.5 19:30 SSE 20 19.3 25.3 14:34 14.4 04:31 1.0 2.0 0.0 7.9 32.2 13:57 NNW 21 18.5 24.0 14:37 14.3 05:16 1.1 1.4 0.0 7.7 22.5 10:46 SW 22 17.8 21.2 14:46 13.8 04:21 1.3 0.7 0.0 5.9 22.5 12:43 SW 23 15.4 18.9 03:08 9.2 12:06 2.9 0.0 23.4 10.4 48.3 07:16 E 24 15.2 18.4 12:54 10.6 05:41 3.1 0.0 0.3 8.3 27.4 12:04 N 25 16.8 18.4 14:03 15.0 23:33 1.5 0.0 0.0 5.8 25.7 09:22 N 26 17.5 21.5 18:11 12.8 04:42 1.6 0.8 0.0 5.1 20.9 10:29 N 27 21.0 24.8 17:05 16.0 01:42 0.5 3.5 0.0 1.7 16.1 23:37 N 28 19.8 23.8 13:11 16.8 04:51 0.2 1.7 0.0 7.6 22.5 18:18 N 29 17.7 18.7 10:17 16.8 06:43 0.6 0.0 11.9 6.5 32.2 15:43 N 30 17.9 19.7 13:05 16.7 02:19 0.5 0.1 0.5 9.2 37.0 10:40 N 31 17.4 18.2 10:43 16.4 21:44 0.9 0.0 0.3 11.0 35.4 14:20 N ---------------------------------------------------------------------------------- 17.2 25.3 20 9.2 23 50.2 16.4 88.9 7.2 51.5 19 NNW Max >= 27.0: 0 Max <= 5.0: 0 Min <= 20.0: 31 Min <= 0.0: 0 Max Rain: 38.2 on day 11 Days of Rain: 13 (>= 0.2 mm) 7 (>= 2.0 mm) 2 (>= 20.0 mm) Heat Base: 18.3 Cool Base: 18.3 Method: Integration