Rapporti Climatici in stile NOAA
Selezionare un Anno o un Mese
2024: Gen Feb Mar Apr Mag Giu Lug Ago Set Ott Nov Dic
2023: Gen Feb Mar Apr Mag Giu Lug Ago Set Ott Nov Dic
2022: Gen Feb Mar Apr Mag Giu Lug Ago Set Ott Nov Dic
2021: Gen Feb Mar Apr Mag Giu Lug Ago Set Ott Nov Dic
2020: Gen Feb Mar Apr Mag Giu Lug Ago Set Ott Nov Dic
2019: Gen Feb Mar Apr Mag Giu Lug Ago Set Ott Nov Dic
2018: Gen Feb Mar Apr Mag Giu Lug Ago Set Ott Nov Dic
2017: Gen Feb Mar Apr Mag Giu Lug Ago Set Ott Nov Dic
2016: Gen Feb Mar Apr Mag Giu Lug Ago Set Ott Nov Dic
2015: Gen Feb Mar Apr Mag Giu Lug Ago Set Ott Nov Dic
2014: Gen Feb Mar Apr Mag Giu Lug Ago Set Ott Nov Dic
2013: Gen Feb Mar Apr Mag Giu Lug Ago Set Ott Nov Dic
2012: Gen Feb Mar Apr Mag Giu Lug Ago Set Ott Nov Dic
2011: Gen Feb Mar Apr Mag Giu Lug Ago Set Ott Nov Dic
2010: Gen Feb Mar Apr Mag Giu Lug Ago Set Ott Nov Dic
2009: Gen Feb Mar Apr Mag Giu Lug Ago Set Ott Nov Dic
2008: Gen Feb Mar Apr Mag Giu Lug Ago Set Ott Nov Dic
2007: Gen Feb Mar Apr Mag Giu Lug Ago Set Ott Nov Dic
2006: Gen Feb Mar Apr Mag Giu Lug Ago Set Ott Nov Dic
2024: Gen Feb Mar Apr Mag Giu Lug Ago Set Ott Nov Dic
2023: Gen Feb Mar Apr Mag Giu Lug Ago Set Ott Nov Dic
2022: Gen Feb Mar Apr Mag Giu Lug Ago Set Ott Nov Dic
2021: Gen Feb Mar Apr Mag Giu Lug Ago Set Ott Nov Dic
2020: Gen Feb Mar Apr Mag Giu Lug Ago Set Ott Nov Dic
2019: Gen Feb Mar Apr Mag Giu Lug Ago Set Ott Nov Dic
2018: Gen Feb Mar Apr Mag Giu Lug Ago Set Ott Nov Dic
2017: Gen Feb Mar Apr Mag Giu Lug Ago Set Ott Nov Dic
2016: Gen Feb Mar Apr Mag Giu Lug Ago Set Ott Nov Dic
2015: Gen Feb Mar Apr Mag Giu Lug Ago Set Ott Nov Dic
2014: Gen Feb Mar Apr Mag Giu Lug Ago Set Ott Nov Dic
2013: Gen Feb Mar Apr Mag Giu Lug Ago Set Ott Nov Dic
2012: Gen Feb Mar Apr Mag Giu Lug Ago Set Ott Nov Dic
2011: Gen Feb Mar Apr Mag Giu Lug Ago Set Ott Nov Dic
2010: Gen Feb Mar Apr Mag Giu Lug Ago Set Ott Nov Dic
2009: Gen Feb Mar Apr Mag Giu Lug Ago Set Ott Nov Dic
2008: Gen Feb Mar Apr Mag Giu Lug Ago Set Ott Nov Dic
2007: Gen Feb Mar Apr Mag Giu Lug Ago Set Ott Nov Dic
2006: Gen Feb Mar Apr Mag Giu Lug Ago Set Ott Nov Dic
Archivio 2015 Dicembre
Monthly Climatological Summary for dic 2015 Name: San Fruttuoso City: Genova State: Italy Elevation: 70 m Lat: N 44° 24' 34" Lon: E 008° 57' 38" Temperature (°C), Rain (mm), Wind Speed (km/h) Heat Cool Avg Mean Deg Deg Wind Dom Day Temp High Time Low Time Days Days Rain Speed High Time Dir ---------------------------------------------------------------------------------- 1 13.4 17.2 13:06 10.1 07:52 4.9 0.0 0.0 6.4 35.4 11:28 ESE 2 13.1 15.1 13:10 10.3 02:45 5.2 0.0 0.0 4.4 17.7 05:31 NNE 3 13.7 14.8 15:38 12.9 05:22 4.6 0.0 0.0 3.6 11.3 01:04 NE 4 13.5 14.4 14:13 12.6 06:32 4.8 0.0 0.0 4.6 22.5 11:10 E 5 12.2 13.3 00:00 10.3 09:14 6.1 0.0 0.0 6.2 25.7 10:49 NE 6 12.7 14.3 19:58 11.7 08:33 5.6 0.0 1.5 3.7 27.4 15:49 NE 7 12.2 14.2 11:25 10.8 20:59 6.1 0.0 2.0 7.0 25.7 12:11 NNE 8 12.4 17.3 12:58 10.1 23:36 5.9 0.0 0.3 6.9 27.4 05:01 NE 9 12.4 15.4 12:38 9.7 00:41 5.9 0.0 0.0 6.2 25.7 23:39 NNE 10 12.7 18.0 15:34 9.4 23:58 5.6 0.0 0.0 5.9 25.7 02:32 NNE 11 11.1 14.3 13:14 7.0 06:11 7.2 0.0 0.0 8.0 27.4 15:53 N 12 14.0 15.2 11:26 13.1 19:53 4.3 0.0 0.0 9.8 33.8 12:07 SE 13 13.6 14.2 14:15 12.4 05:44 4.7 0.0 0.0 5.7 27.4 01:27 SSE 14 10.8 12.8 00:10 9.6 09:41 7.5 0.0 1.8 6.5 24.1 11:15 NNE 15 12.7 14.6 13:55 10.6 04:43 5.6 0.0 0.0 4.2 16.1 17:36 N 16 13.3 14.8 11:32 11.5 22:43 5.0 0.0 0.0 3.5 16.1 08:12 ENE 17 12.5 16.1 13:21 9.5 04:32 5.8 0.0 0.0 5.8 19.3 07:46 N 18 13.8 14.8 16:30 12.6 22:48 4.5 0.0 1.7 3.6 22.5 14:02 E 19 13.4 14.3 14:29 12.6 08:04 4.9 0.0 0.6 2.1 14.5 14:53 SE 20 12.6 15.7 13:33 10.2 06:47 5.7 0.0 0.0 6.4 17.7 02:54 ENE 21 13.6 14.5 14:58 11.8 00:28 4.7 0.0 7.8 8.2 37.0 07:52 SE 22 14.8 15.8 11:10 14.2 01:24 3.5 0.0 1.0 9.1 29.0 14:57 SE 23 13.9 14.8 00:10 12.3 20:40 4.4 0.0 12.5 8.5 35.4 07:40 SSE 24 12.7 14.3 23:17 10.9 02:25 5.6 0.0 10.4 2.9 19.3 23:52 NE 25 13.6 14.3 12:14 12.6 05:26 4.7 0.0 1.8 2.7 20.9 00:06 SSE 26 11.9 15.4 13:02 9.1 23:58 6.4 0.0 0.0 6.8 24.1 08:25 N 27 10.8 14.9 14:00 8.2 02:55 7.5 0.0 0.0 7.3 17.7 08:15 NNW 28 11.1 14.6 13:40 7.9 08:03 7.2 0.0 0.0 6.8 17.7 08:01 NW 29 12.9 13.9 10:10 11.6 05:06 5.4 0.0 1.0 4.8 27.4 14:31 SSE 30 9.6 12.6 00:00 7.2 23:54 8.7 0.0 7.9 8.2 41.8 22:41 NNE 31 7.7 9.7 13:30 6.2 05:59 10.6 0.0 0.0 6.6 41.8 01:40 NNE ---------------------------------------------------------------------------------- 12.5 18.0 10 6.2 31 178.6 0.0 50.3 5.9 41.8 30 NE Max >= 27.0: 0 Max <= 5.0: 0 Min <= 20.0: 31 Min <= 0.0: 0 Max Rain: 12.5 on day 23 Days of Rain: 13 (>= 0.2 mm) 5 (>= 2.0 mm) 0 (>= 20.0 mm) Heat Base: 18.3 Cool Base: 18.3 Method: Integration