Rapporti Climatici in stile NOAA
Selezionare un Anno o un Mese
2024: Gen Feb Mar Apr Mag Giu Lug Ago Set Ott Nov Dic
2023: Gen Feb Mar Apr Mag Giu Lug Ago Set Ott Nov Dic
2022: Gen Feb Mar Apr Mag Giu Lug Ago Set Ott Nov Dic
2021: Gen Feb Mar Apr Mag Giu Lug Ago Set Ott Nov Dic
2020: Gen Feb Mar Apr Mag Giu Lug Ago Set Ott Nov Dic
2019: Gen Feb Mar Apr Mag Giu Lug Ago Set Ott Nov Dic
2018: Gen Feb Mar Apr Mag Giu Lug Ago Set Ott Nov Dic
2017: Gen Feb Mar Apr Mag Giu Lug Ago Set Ott Nov Dic
2016: Gen Feb Mar Apr Mag Giu Lug Ago Set Ott Nov Dic
2015: Gen Feb Mar Apr Mag Giu Lug Ago Set Ott Nov Dic
2014: Gen Feb Mar Apr Mag Giu Lug Ago Set Ott Nov Dic
2013: Gen Feb Mar Apr Mag Giu Lug Ago Set Ott Nov Dic
2012: Gen Feb Mar Apr Mag Giu Lug Ago Set Ott Nov Dic
2011: Gen Feb Mar Apr Mag Giu Lug Ago Set Ott Nov Dic
2010: Gen Feb Mar Apr Mag Giu Lug Ago Set Ott Nov Dic
2009: Gen Feb Mar Apr Mag Giu Lug Ago Set Ott Nov Dic
2008: Gen Feb Mar Apr Mag Giu Lug Ago Set Ott Nov Dic
2007: Gen Feb Mar Apr Mag Giu Lug Ago Set Ott Nov Dic
2006: Gen Feb Mar Apr Mag Giu Lug Ago Set Ott Nov Dic
2024: Gen Feb Mar Apr Mag Giu Lug Ago Set Ott Nov Dic
2023: Gen Feb Mar Apr Mag Giu Lug Ago Set Ott Nov Dic
2022: Gen Feb Mar Apr Mag Giu Lug Ago Set Ott Nov Dic
2021: Gen Feb Mar Apr Mag Giu Lug Ago Set Ott Nov Dic
2020: Gen Feb Mar Apr Mag Giu Lug Ago Set Ott Nov Dic
2019: Gen Feb Mar Apr Mag Giu Lug Ago Set Ott Nov Dic
2018: Gen Feb Mar Apr Mag Giu Lug Ago Set Ott Nov Dic
2017: Gen Feb Mar Apr Mag Giu Lug Ago Set Ott Nov Dic
2016: Gen Feb Mar Apr Mag Giu Lug Ago Set Ott Nov Dic
2015: Gen Feb Mar Apr Mag Giu Lug Ago Set Ott Nov Dic
2014: Gen Feb Mar Apr Mag Giu Lug Ago Set Ott Nov Dic
2013: Gen Feb Mar Apr Mag Giu Lug Ago Set Ott Nov Dic
2012: Gen Feb Mar Apr Mag Giu Lug Ago Set Ott Nov Dic
2011: Gen Feb Mar Apr Mag Giu Lug Ago Set Ott Nov Dic
2010: Gen Feb Mar Apr Mag Giu Lug Ago Set Ott Nov Dic
2009: Gen Feb Mar Apr Mag Giu Lug Ago Set Ott Nov Dic
2008: Gen Feb Mar Apr Mag Giu Lug Ago Set Ott Nov Dic
2007: Gen Feb Mar Apr Mag Giu Lug Ago Set Ott Nov Dic
2006: Gen Feb Mar Apr Mag Giu Lug Ago Set Ott Nov Dic
Archivio 2015 Maggio
Monthly Climatological Summary for mag 2015 Name: San Fruttuoso City: Genova State: Italy Elevation: 70 m Lat: N 44° 24' 34" Lon: E 008° 57' 38" Temperature (°C), Rain (mm), Wind Speed (km/h) Heat Cool Avg Mean Deg Deg Wind Dom Day Temp High Time Low Time Days Days Rain Speed High Time Dir ---------------------------------------------------------------------------------- 1 15.1 15.8 13:14 13.9 21:13 3.2 0.0 9.4 16.1 53.1 11:34 SE 2 16.4 19.1 14:49 14.7 05:19 1.9 0.0 2.8 8.7 43.5 15:44 SE 3 16.7 18.9 16:39 15.6 23:53 1.6 0.0 0.0 7.2 30.6 10:11 SE 4 17.9 21.4 18:19 15.2 01:23 1.0 0.6 0.0 4.8 20.9 12:09 SSE 5 21.1 24.9 12:33 17.0 01:35 0.1 2.9 0.0 5.0 27.4 14:07 E 6 17.6 19.4 14:26 16.2 20:28 0.8 0.1 0.0 6.5 29.0 06:48 SSE 7 17.4 19.9 15:06 15.1 06:15 1.1 0.2 0.0 3.5 19.3 11:53 SSW 8 17.0 18.8 14:18 16.1 23:53 1.3 0.0 0.0 4.1 24.1 12:38 S 9 17.3 20.3 17:08 13.6 05:35 1.4 0.4 0.0 4.7 19.3 11:41 SSW 10 20.7 25.8 14:24 15.3 04:32 0.4 2.8 0.0 4.6 20.9 10:48 S 11 19.4 23.5 12:07 15.5 05:38 0.6 1.7 0.0 5.3 17.7 15:32 SSE 12 19.5 24.3 18:28 15.2 05:06 0.7 1.9 0.0 5.0 17.7 11:33 SW 13 18.3 20.5 10:53 15.3 05:28 0.6 0.6 0.0 12.1 43.5 16:20 SSE 14 18.9 20.6 10:09 17.9 02:22 0.1 0.7 0.2 10.6 35.4 11:59 SE 15 18.1 19.4 00:28 14.8 23:47 0.5 0.3 1.8 12.0 51.5 11:50 SE 16 18.6 25.1 16:07 14.8 00:00 1.1 1.4 0.0 7.3 43.5 02:44 N 17 24.2 28.6 15:19 18.6 00:18 0.0 5.9 0.0 7.8 41.8 11:33 NNW 18 22.4 25.8 09:37 19.1 23:58 0.0 4.1 0.0 5.5 29.0 05:20 SE 19 18.4 20.3 13:52 17.6 06:31 0.2 0.3 0.0 11.1 35.4 16:09 SSE 20 18.0 19.7 11:31 14.9 23:58 0.5 0.2 0.0 13.8 45.1 05:07 SE 21 14.0 17.6 16:12 11.0 08:24 4.3 0.0 9.9 11.2 48.3 02:47 NNE 22 17.0 21.2 16:11 13.6 01:12 1.7 0.4 0.3 7.4 38.6 11:25 N 23 16.6 20.3 11:12 15.3 23:02 1.8 0.1 1.5 2.9 20.9 11:15 SW 24 17.6 20.9 13:42 14.9 03:43 1.3 0.6 0.2 6.6 29.0 03:25 NW 25 17.2 19.6 12:33 13.6 05:15 1.4 0.2 0.0 8.5 33.8 12:06 S 26 17.0 20.2 10:09 14.8 02:12 1.4 0.1 7.6 5.6 27.4 23:55 WSW 27 20.0 25.1 15:24 16.3 06:16 0.3 2.0 0.0 7.0 29.0 10:59 N 28 17.7 20.4 17:00 14.0 04:52 1.2 0.6 0.0 9.0 27.4 08:41 SSE 29 17.5 20.3 12:13 13.3 04:21 1.3 0.5 0.0 9.6 32.2 12:47 S 30 18.4 19.8 16:51 16.9 02:49 0.2 0.4 0.3 8.5 29.0 11:28 SSE 31 18.7 21.2 13:28 16.7 02:26 0.4 0.8 0.3 8.2 22.5 12:12 SSE ---------------------------------------------------------------------------------- 18.2 28.6 17 11.0 21 32.4 29.8 34.3 7.7 53.1 1 SE Max >= 27.0: 1 Max <= 5.0: 0 Min <= 20.0: 31 Min <= 0.0: 0 Max Rain: 9.9 on day 21 Days of Rain: 11 (>= 0.2 mm) 4 (>= 2.0 mm) 0 (>= 20.0 mm) Heat Base: 18.3 Cool Base: 18.3 Method: Integration