Rapporti Climatici in stile NOAA
Selezionare un Anno o un Mese
2024: Gen Feb Mar Apr Mag Giu Lug Ago Set Ott Nov Dic
2023: Gen Feb Mar Apr Mag Giu Lug Ago Set Ott Nov Dic
2022: Gen Feb Mar Apr Mag Giu Lug Ago Set Ott Nov Dic
2021: Gen Feb Mar Apr Mag Giu Lug Ago Set Ott Nov Dic
2020: Gen Feb Mar Apr Mag Giu Lug Ago Set Ott Nov Dic
2019: Gen Feb Mar Apr Mag Giu Lug Ago Set Ott Nov Dic
2018: Gen Feb Mar Apr Mag Giu Lug Ago Set Ott Nov Dic
2017: Gen Feb Mar Apr Mag Giu Lug Ago Set Ott Nov Dic
2016: Gen Feb Mar Apr Mag Giu Lug Ago Set Ott Nov Dic
2015: Gen Feb Mar Apr Mag Giu Lug Ago Set Ott Nov Dic
2014: Gen Feb Mar Apr Mag Giu Lug Ago Set Ott Nov Dic
2013: Gen Feb Mar Apr Mag Giu Lug Ago Set Ott Nov Dic
2012: Gen Feb Mar Apr Mag Giu Lug Ago Set Ott Nov Dic
2011: Gen Feb Mar Apr Mag Giu Lug Ago Set Ott Nov Dic
2010: Gen Feb Mar Apr Mag Giu Lug Ago Set Ott Nov Dic
2009: Gen Feb Mar Apr Mag Giu Lug Ago Set Ott Nov Dic
2008: Gen Feb Mar Apr Mag Giu Lug Ago Set Ott Nov Dic
2007: Gen Feb Mar Apr Mag Giu Lug Ago Set Ott Nov Dic
2006: Gen Feb Mar Apr Mag Giu Lug Ago Set Ott Nov Dic
2024: Gen Feb Mar Apr Mag Giu Lug Ago Set Ott Nov Dic
2023: Gen Feb Mar Apr Mag Giu Lug Ago Set Ott Nov Dic
2022: Gen Feb Mar Apr Mag Giu Lug Ago Set Ott Nov Dic
2021: Gen Feb Mar Apr Mag Giu Lug Ago Set Ott Nov Dic
2020: Gen Feb Mar Apr Mag Giu Lug Ago Set Ott Nov Dic
2019: Gen Feb Mar Apr Mag Giu Lug Ago Set Ott Nov Dic
2018: Gen Feb Mar Apr Mag Giu Lug Ago Set Ott Nov Dic
2017: Gen Feb Mar Apr Mag Giu Lug Ago Set Ott Nov Dic
2016: Gen Feb Mar Apr Mag Giu Lug Ago Set Ott Nov Dic
2015: Gen Feb Mar Apr Mag Giu Lug Ago Set Ott Nov Dic
2014: Gen Feb Mar Apr Mag Giu Lug Ago Set Ott Nov Dic
2013: Gen Feb Mar Apr Mag Giu Lug Ago Set Ott Nov Dic
2012: Gen Feb Mar Apr Mag Giu Lug Ago Set Ott Nov Dic
2011: Gen Feb Mar Apr Mag Giu Lug Ago Set Ott Nov Dic
2010: Gen Feb Mar Apr Mag Giu Lug Ago Set Ott Nov Dic
2009: Gen Feb Mar Apr Mag Giu Lug Ago Set Ott Nov Dic
2008: Gen Feb Mar Apr Mag Giu Lug Ago Set Ott Nov Dic
2007: Gen Feb Mar Apr Mag Giu Lug Ago Set Ott Nov Dic
2006: Gen Feb Mar Apr Mag Giu Lug Ago Set Ott Nov Dic
Archivio 2015 Marzo
Monthly Climatological Summary for mar 2015 Name: San Fruttuoso City: Genova State: Italy Elevation: 70 m Lat: N 44° 24' 34" Lon: E 008° 57' 38" Temperature (°C), Rain (mm), Wind Speed (km/h) Heat Cool Avg Mean Deg Deg Wind Dom Day Temp High Time Low Time Days Days Rain Speed High Time Dir ---------------------------------------------------------------------------------- 1 10.5 13.4 14:47 6.9 06:02 7.8 0.0 2.5 10.7 38.6 20:36 SE 2 13.1 16.4 13:22 10.3 23:42 5.2 0.0 1.5 7.3 32.2 14:07 SE 3 12.7 16.4 15:54 8.6 07:17 5.6 0.0 0.0 6.0 25.7 02:35 SSW 4 11.1 14.8 11:31 7.3 23:58 7.2 0.0 0.0 8.5 46.7 22:05 NNW 5 11.2 14.7 16:23 7.1 00:29 7.1 0.0 0.3 8.2 45.1 03:20 N 6 11.3 14.8 15:29 7.6 07:01 7.0 0.0 0.0 7.9 40.2 12:40 N 7 9.8 13.5 15:07 6.7 07:17 8.5 0.0 0.0 12.1 54.7 16:54 NNW 8 11.7 16.3 16:04 8.7 01:03 6.6 0.0 0.0 8.2 40.2 14:09 N 9 11.2 14.6 14:41 8.3 07:12 7.1 0.0 0.0 8.0 38.6 15:49 N 10 12.1 13.8 14:56 9.1 05:51 6.2 0.0 0.0 6.1 29.0 00:32 SE 11 13.0 14.2 14:08 8.9 07:39 5.3 0.0 0.0 6.6 22.5 14:43 S 12 12.2 16.6 12:35 8.8 01:57 6.1 0.0 0.0 6.4 33.8 12:46 NW 13 10.8 14.3 12:13 6.6 07:07 7.5 0.0 0.0 9.2 32.2 14:56 ESE 14 11.1 13.7 15:31 8.2 06:30 7.2 0.0 0.2 6.7 24.1 20:57 N 15 10.7 12.8 13:47 9.1 21:49 7.6 0.0 5.1 5.5 29.0 03:06 NNE 16 8.8 11.1 00:26 7.1 05:13 9.5 0.0 2.3 7.1 33.8 13:47 NNE 17 10.7 12.5 15:32 8.7 04:03 7.6 0.0 6.4 8.6 37.0 22:40 N 18 13.0 17.8 11:52 10.1 23:48 5.3 0.0 0.0 7.3 32.2 02:35 NNE 19 13.1 15.9 15:58 9.4 00:46 5.2 0.0 0.0 5.5 22.5 06:37 SSE 20 14.3 17.2 13:11 11.3 00:00 4.0 0.0 0.0 4.2 24.1 01:48 NE 21 12.1 14.5 12:19 9.4 05:12 6.2 0.0 1.2 6.9 30.6 17:10 ENE 22 10.3 11.6 15:30 8.7 07:25 8.0 0.0 11.7 6.9 37.0 16:21 N 23 13.7 16.8 16:10 10.2 01:18 4.6 0.0 0.0 8.0 37.0 01:47 N 24 12.8 15.4 13:38 10.8 23:50 5.5 0.0 8.9 3.9 25.7 23:53 NNE 25 12.3 13.8 11:55 10.3 00:22 6.0 0.0 4.1 10.4 40.2 21:20 N 26 13.2 15.8 10:14 11.3 02:48 5.1 0.0 0.0 6.2 37.0 00:24 NE 27 15.7 21.3 16:21 9.7 05:32 3.1 0.5 0.0 10.0 56.3 14:48 NNW 28 14.9 18.7 14:01 9.8 06:57 3.4 0.0 0.0 4.4 20.9 14:33 WSW 29 12.5 15.2 12:14 8.8 06:06 5.8 0.0 0.0 7.8 27.4 11:45 S 30 13.9 16.2 12:28 11.1 01:28 4.4 0.0 0.0 6.8 32.2 13:09 S 31 14.2 17.2 15:16 10.6 06:45 4.1 0.0 0.0 9.4 45.1 12:34 ESE ---------------------------------------------------------------------------------- 12.2 21.3 27 6.6 13 189.8 0.5 44.2 7.5 56.3 27 NNE Max >= 27.0: 0 Max <= 5.0: 0 Min <= 20.0: 31 Min <= 0.0: 0 Max Rain: 11.7 on day 22 Days of Rain: 11 (>= 0.2 mm) 7 (>= 2.0 mm) 0 (>= 20.0 mm) Heat Base: 18.3 Cool Base: 18.3 Method: Integration