Rapporti Climatici in stile NOAA
Selezionare un Anno o un Mese
2024: Gen Feb Mar Apr Mag Giu Lug Ago Set Ott Nov Dic
2023: Gen Feb Mar Apr Mag Giu Lug Ago Set Ott Nov Dic
2022: Gen Feb Mar Apr Mag Giu Lug Ago Set Ott Nov Dic
2021: Gen Feb Mar Apr Mag Giu Lug Ago Set Ott Nov Dic
2020: Gen Feb Mar Apr Mag Giu Lug Ago Set Ott Nov Dic
2019: Gen Feb Mar Apr Mag Giu Lug Ago Set Ott Nov Dic
2018: Gen Feb Mar Apr Mag Giu Lug Ago Set Ott Nov Dic
2017: Gen Feb Mar Apr Mag Giu Lug Ago Set Ott Nov Dic
2016: Gen Feb Mar Apr Mag Giu Lug Ago Set Ott Nov Dic
2015: Gen Feb Mar Apr Mag Giu Lug Ago Set Ott Nov Dic
2014: Gen Feb Mar Apr Mag Giu Lug Ago Set Ott Nov Dic
2013: Gen Feb Mar Apr Mag Giu Lug Ago Set Ott Nov Dic
2012: Gen Feb Mar Apr Mag Giu Lug Ago Set Ott Nov Dic
2011: Gen Feb Mar Apr Mag Giu Lug Ago Set Ott Nov Dic
2010: Gen Feb Mar Apr Mag Giu Lug Ago Set Ott Nov Dic
2009: Gen Feb Mar Apr Mag Giu Lug Ago Set Ott Nov Dic
2008: Gen Feb Mar Apr Mag Giu Lug Ago Set Ott Nov Dic
2007: Gen Feb Mar Apr Mag Giu Lug Ago Set Ott Nov Dic
2006: Gen Feb Mar Apr Mag Giu Lug Ago Set Ott Nov Dic
2024: Gen Feb Mar Apr Mag Giu Lug Ago Set Ott Nov Dic
2023: Gen Feb Mar Apr Mag Giu Lug Ago Set Ott Nov Dic
2022: Gen Feb Mar Apr Mag Giu Lug Ago Set Ott Nov Dic
2021: Gen Feb Mar Apr Mag Giu Lug Ago Set Ott Nov Dic
2020: Gen Feb Mar Apr Mag Giu Lug Ago Set Ott Nov Dic
2019: Gen Feb Mar Apr Mag Giu Lug Ago Set Ott Nov Dic
2018: Gen Feb Mar Apr Mag Giu Lug Ago Set Ott Nov Dic
2017: Gen Feb Mar Apr Mag Giu Lug Ago Set Ott Nov Dic
2016: Gen Feb Mar Apr Mag Giu Lug Ago Set Ott Nov Dic
2015: Gen Feb Mar Apr Mag Giu Lug Ago Set Ott Nov Dic
2014: Gen Feb Mar Apr Mag Giu Lug Ago Set Ott Nov Dic
2013: Gen Feb Mar Apr Mag Giu Lug Ago Set Ott Nov Dic
2012: Gen Feb Mar Apr Mag Giu Lug Ago Set Ott Nov Dic
2011: Gen Feb Mar Apr Mag Giu Lug Ago Set Ott Nov Dic
2010: Gen Feb Mar Apr Mag Giu Lug Ago Set Ott Nov Dic
2009: Gen Feb Mar Apr Mag Giu Lug Ago Set Ott Nov Dic
2008: Gen Feb Mar Apr Mag Giu Lug Ago Set Ott Nov Dic
2007: Gen Feb Mar Apr Mag Giu Lug Ago Set Ott Nov Dic
2006: Gen Feb Mar Apr Mag Giu Lug Ago Set Ott Nov Dic
Archivio 2014 Dicembre
Monthly Climatological Summary for dic 2014 Name: San Fruttuoso City: Genova State: Italy Elevation: 70 m Lat: N 44° 24' 34" Lon: E 008° 57' 38" Temperature (°C), Rain (mm), Wind Speed (km/h) Heat Cool Avg Mean Deg Deg Wind Dom Day Temp High Time Low Time Days Days Rain Speed High Time Dir ---------------------------------------------------------------------------------- 1 13.2 14.4 00:55 12.3 08:22 5.1 0.0 80.8 3.4 37.0 02:01 N 2 13.8 15.5 12:46 12.9 00:00 4.5 0.0 0.0 5.6 29.0 13:22 NNE 3 12.9 14.1 11:26 12.0 21:05 5.4 0.0 0.0 8.3 35.4 15:47 NNE 4 12.3 14.9 12:53 11.1 22:35 6.0 0.0 0.0 6.7 27.4 01:14 NNE 5 11.8 13.5 12:36 10.7 07:22 6.5 0.0 0.0 6.4 33.8 07:36 NNE 6 12.6 14.8 12:26 11.4 00:05 5.7 0.0 0.2 6.1 27.4 05:59 NNE 7 11.8 13.3 14:30 10.6 22:04 6.5 0.0 0.0 6.3 32.2 14:51 N 8 10.8 15.5 13:26 9.3 03:28 9.3 0.0 0.5 7.4 37.0 00:43 NNE 9 8.9 12.3 00:00 6.3 03:33 9.3 0.0 53.1 9.4 45.1 13:40 N 10 10.7 14.7 13:38 8.3 03:47 7.6 0.0 0.0 7.6 35.4 11:12 N 11 10.3 14.9 15:16 7.7 07:59 8.0 0.0 0.0 8.2 20.9 13:05 NNW 12 11.7 14.8 23:56 7.1 03:39 6.6 0.0 1.3 11.5 40.2 12:57 SE 13 13.6 15.0 05:41 10.8 23:57 4.7 0.0 7.1 8.1 32.2 05:17 S 14 11.7 13.0 17:33 10.0 23:55 6.6 0.0 5.6 7.7 35.4 23:04 NNW 15 11.0 12.8 11:54 9.5 22:13 7.3 0.0 35.1 9.8 38.6 22:20 N 16 10.2 10.9 22:42 9.4 02:27 8.1 0.0 2.2 9.7 43.5 15:16 N 17 12.2 14.7 12:36 9.5 07:43 6.0 0.0 2.3 4.7 24.1 00:06 N 18 12.2 15.8 12:17 8.7 07:01 6.1 0.0 0.0 5.8 20.9 12:33 N 19 13.7 16.2 12:03 12.2 01:42 4.6 0.0 0.0 4.2 22.5 17:41 ESE 20 13.9 16.9 13:55 11.7 05:43 4.4 0.0 0.0 5.6 19.3 12:40 SE 21 12.6 17.0 12:43 9.7 23:51 5.7 0.0 0.0 7.4 24.1 10:44 SE 22 12.2 15.3 15:44 8.3 04:20 6.1 0.0 0.0 7.4 22.5 19:19 N 23 14.3 14.6 06:32 13.6 03:03 4.0 0.0 0.0 5.7 22.5 16:41 SSE 24 13.7 14.2 18:32 13.3 09:12 4.6 0.0 0.0 10.6 33.8 23:53 S 25 12.7 15.3 13:26 9.7 23:52 5.6 0.0 0.0 6.2 25.7 00:07 S 26 11.1 12.9 11:59 7.1 21:34 7.2 0.0 0.0 6.8 38.6 05:42 N 27 6.6 11.8 09:00 2.2 17:51 11.7 0.0 2.8 12.6 51.5 07:14 NNW 28 6.4 10.2 14:00 2.2 01:52 11.9 0.0 0.0 9.4 37.0 15:22 N 29 7.9 10.6 13:47 5.6 02:46 10.4 0.0 0.0 9.1 49.9 23:23 N 30 7.0 10.1 15:13 4.2 07:23 11.3 0.0 0.0 7.0 45.1 01:52 NNE 31 3.4 6.3 02:07 1.1 19:47 14.9 0.0 0.0 9.1 48.3 23:50 N ---------------------------------------------------------------------------------- 11.2 17.0 21 1.1 31 221.7 0.0 191.0 7.5 51.5 27 NNE Max >= 27.0: 0 Max <= 5.0: 0 Min <= 20.0: 31 Min <= 0.0: 0 Max Rain: 80.8 on day 1 Days of Rain: 11 (>= 0.2 mm) 8 (>= 2.0 mm) 3 (>= 20.0 mm) Heat Base: 18.3 Cool Base: 18.3 Method: Integration