Rapporti Climatici in stile NOAA
Selezionare un Anno o un Mese
2024: Gen Feb Mar Apr Mag Giu Lug Ago Set Ott Nov Dic
2023: Gen Feb Mar Apr Mag Giu Lug Ago Set Ott Nov Dic
2022: Gen Feb Mar Apr Mag Giu Lug Ago Set Ott Nov Dic
2021: Gen Feb Mar Apr Mag Giu Lug Ago Set Ott Nov Dic
2020: Gen Feb Mar Apr Mag Giu Lug Ago Set Ott Nov Dic
2019: Gen Feb Mar Apr Mag Giu Lug Ago Set Ott Nov Dic
2018: Gen Feb Mar Apr Mag Giu Lug Ago Set Ott Nov Dic
2017: Gen Feb Mar Apr Mag Giu Lug Ago Set Ott Nov Dic
2016: Gen Feb Mar Apr Mag Giu Lug Ago Set Ott Nov Dic
2015: Gen Feb Mar Apr Mag Giu Lug Ago Set Ott Nov Dic
2014: Gen Feb Mar Apr Mag Giu Lug Ago Set Ott Nov Dic
2013: Gen Feb Mar Apr Mag Giu Lug Ago Set Ott Nov Dic
2012: Gen Feb Mar Apr Mag Giu Lug Ago Set Ott Nov Dic
2011: Gen Feb Mar Apr Mag Giu Lug Ago Set Ott Nov Dic
2010: Gen Feb Mar Apr Mag Giu Lug Ago Set Ott Nov Dic
2009: Gen Feb Mar Apr Mag Giu Lug Ago Set Ott Nov Dic
2008: Gen Feb Mar Apr Mag Giu Lug Ago Set Ott Nov Dic
2007: Gen Feb Mar Apr Mag Giu Lug Ago Set Ott Nov Dic
2006: Gen Feb Mar Apr Mag Giu Lug Ago Set Ott Nov Dic
2024: Gen Feb Mar Apr Mag Giu Lug Ago Set Ott Nov Dic
2023: Gen Feb Mar Apr Mag Giu Lug Ago Set Ott Nov Dic
2022: Gen Feb Mar Apr Mag Giu Lug Ago Set Ott Nov Dic
2021: Gen Feb Mar Apr Mag Giu Lug Ago Set Ott Nov Dic
2020: Gen Feb Mar Apr Mag Giu Lug Ago Set Ott Nov Dic
2019: Gen Feb Mar Apr Mag Giu Lug Ago Set Ott Nov Dic
2018: Gen Feb Mar Apr Mag Giu Lug Ago Set Ott Nov Dic
2017: Gen Feb Mar Apr Mag Giu Lug Ago Set Ott Nov Dic
2016: Gen Feb Mar Apr Mag Giu Lug Ago Set Ott Nov Dic
2015: Gen Feb Mar Apr Mag Giu Lug Ago Set Ott Nov Dic
2014: Gen Feb Mar Apr Mag Giu Lug Ago Set Ott Nov Dic
2013: Gen Feb Mar Apr Mag Giu Lug Ago Set Ott Nov Dic
2012: Gen Feb Mar Apr Mag Giu Lug Ago Set Ott Nov Dic
2011: Gen Feb Mar Apr Mag Giu Lug Ago Set Ott Nov Dic
2010: Gen Feb Mar Apr Mag Giu Lug Ago Set Ott Nov Dic
2009: Gen Feb Mar Apr Mag Giu Lug Ago Set Ott Nov Dic
2008: Gen Feb Mar Apr Mag Giu Lug Ago Set Ott Nov Dic
2007: Gen Feb Mar Apr Mag Giu Lug Ago Set Ott Nov Dic
2006: Gen Feb Mar Apr Mag Giu Lug Ago Set Ott Nov Dic
Archivio 2014 Agosto
Monthly Climatological Summary for ago 2014 Name: San Fruttuoso City: Genova State: Italy Elevation: 70 m Lat: N 44° 24' 34" Lon: E 008° 57' 38" Temperature (°C), Rain (mm), Wind Speed (km/h) Heat Cool Avg Mean Deg Deg Wind Dom Day Temp High Time Low Time Days Days Rain Speed High Time Dir ---------------------------------------------------------------------------------- 1 22.7 25.4 15:46 20.1 03:37 0.0 4.4 0.0 7.0 24.1 16:10 S 2 23.0 24.9 16:21 20.9 23:58 0.0 4.7 0.0 6.2 32.2 11:28 SSE 3 22.0 24.7 16:32 19.9 02:48 0.0 3.7 3.0 6.4 35.4 05:45 SSW 4 22.5 25.1 14:36 19.8 01:47 0.0 4.2 0.0 6.5 24.1 11:52 SSW 5 23.4 26.8 14:51 19.6 05:27 0.0 5.1 0.0 6.5 24.1 16:35 SW 6 23.9 26.3 11:26 20.8 04:06 0.0 5.6 0.0 5.6 22.5 15:01 SSW 7 23.3 25.8 12:28 19.8 05:24 0.0 5.0 0.0 6.8 20.9 12:50 W 8 23.6 26.1 13:03 20.3 05:33 0.0 5.3 0.0 6.9 22.5 14:25 W 9 24.4 26.4 13:50 22.2 01:56 0.0 6.1 0.0 9.1 37.0 13:07 SE 10 24.3 26.9 14:56 21.3 05:23 0.0 6.0 0.0 8.3 27.4 10:55 SSE 11 24.7 26.9 14:56 21.3 03:36 0.0 6.4 0.0 10.1 35.4 13:40 SE 12 25.1 26.8 14:36 23.9 06:18 0.0 6.8 0.0 12.0 38.6 12:07 SE 13 22.7 24.1 00:00 19.8 11:57 0.0 4.4 8.7 9.0 35.4 06:29 SE 14 22.3 24.7 15:54 19.4 05:35 0.0 4.0 0.0 4.9 27.4 16:25 SSE 15 22.5 25.2 12:12 19.2 02:40 0.0 4.2 0.0 6.6 30.6 15:46 SE 16 22.2 25.9 13:37 18.6 07:54 0.0 3.9 0.0 7.6 37.0 06:26 N 17 21.3 24.2 14:54 17.8 06:40 0.0 3.0 0.0 7.7 30.6 10:48 SE 18 21.6 24.1 12:53 18.4 02:40 0.0 3.3 0.0 11.1 37.0 12:21 SE 19 22.2 24.7 15:03 20.2 05:19 0.0 3.9 31.2 9.3 49.9 10:39 SE 20 22.4 24.3 10:43 20.4 03:19 0.0 4.1 0.0 8.2 38.6 12:35 SE 21 22.4 24.6 09:31 19.8 00:00 0.0 4.1 0.0 7.9 38.6 13:04 SE 22 21.6 24.1 14:11 18.4 05:43 0.0 3.3 0.0 12.0 35.4 15:29 SE 23 21.4 23.7 15:54 18.2 10:19 0.0 3.1 8.9 8.4 46.7 09:03 SE 24 21.8 24.3 13:01 18.5 06:10 0.0 3.5 0.0 5.4 25.7 13:46 SE 25 21.3 23.6 13:29 18.8 05:22 0.0 3.0 0.0 7.3 29.0 12:03 S 26 21.8 22.6 09:23 20.8 02:17 0.0 3.5 7.4 13.6 45.1 13:34 SE 27 23.1 25.4 14:32 21.0 05:38 0.0 4.8 0.7 6.2 32.2 16:39 SE 28 23.7 27.9 12:17 20.0 06:17 0.0 5.4 0.0 6.6 41.8 14:36 NNW 29 23.8 27.6 14:02 21.0 05:28 0.0 5.5 0.0 6.3 33.8 01:28 N 30 23.0 25.6 14:17 20.3 06:20 0.0 4.7 0.0 5.3 20.9 12:54 SSW 31 22.5 24.4 15:17 20.5 03:16 0.0 4.2 0.0 7.5 24.1 13:06 S ---------------------------------------------------------------------------------- 22.8 27.9 28 17.8 17 0.0 139.2 59.9 7.8 49.9 19 SSE Max >= 27.0: 2 Max <= 5.0: 0 Min <= 20.0: 16 Min <= 0.0: 0 Max Rain: 31.2 on day 19 Days of Rain: 6 (>= 0.2 mm) 5 (>= 2.0 mm) 1 (>= 20.0 mm) Heat Base: 18.3 Cool Base: 18.3 Method: Integration