Rapporti Climatici in stile NOAA
Selezionare un Anno o un Mese
2024: Gen Feb Mar Apr Mag Giu Lug Ago Set Ott Nov Dic
2023: Gen Feb Mar Apr Mag Giu Lug Ago Set Ott Nov Dic
2022: Gen Feb Mar Apr Mag Giu Lug Ago Set Ott Nov Dic
2021: Gen Feb Mar Apr Mag Giu Lug Ago Set Ott Nov Dic
2020: Gen Feb Mar Apr Mag Giu Lug Ago Set Ott Nov Dic
2019: Gen Feb Mar Apr Mag Giu Lug Ago Set Ott Nov Dic
2018: Gen Feb Mar Apr Mag Giu Lug Ago Set Ott Nov Dic
2017: Gen Feb Mar Apr Mag Giu Lug Ago Set Ott Nov Dic
2016: Gen Feb Mar Apr Mag Giu Lug Ago Set Ott Nov Dic
2015: Gen Feb Mar Apr Mag Giu Lug Ago Set Ott Nov Dic
2014: Gen Feb Mar Apr Mag Giu Lug Ago Set Ott Nov Dic
2013: Gen Feb Mar Apr Mag Giu Lug Ago Set Ott Nov Dic
2012: Gen Feb Mar Apr Mag Giu Lug Ago Set Ott Nov Dic
2011: Gen Feb Mar Apr Mag Giu Lug Ago Set Ott Nov Dic
2010: Gen Feb Mar Apr Mag Giu Lug Ago Set Ott Nov Dic
2009: Gen Feb Mar Apr Mag Giu Lug Ago Set Ott Nov Dic
2008: Gen Feb Mar Apr Mag Giu Lug Ago Set Ott Nov Dic
2007: Gen Feb Mar Apr Mag Giu Lug Ago Set Ott Nov Dic
2006: Gen Feb Mar Apr Mag Giu Lug Ago Set Ott Nov Dic
2024: Gen Feb Mar Apr Mag Giu Lug Ago Set Ott Nov Dic
2023: Gen Feb Mar Apr Mag Giu Lug Ago Set Ott Nov Dic
2022: Gen Feb Mar Apr Mag Giu Lug Ago Set Ott Nov Dic
2021: Gen Feb Mar Apr Mag Giu Lug Ago Set Ott Nov Dic
2020: Gen Feb Mar Apr Mag Giu Lug Ago Set Ott Nov Dic
2019: Gen Feb Mar Apr Mag Giu Lug Ago Set Ott Nov Dic
2018: Gen Feb Mar Apr Mag Giu Lug Ago Set Ott Nov Dic
2017: Gen Feb Mar Apr Mag Giu Lug Ago Set Ott Nov Dic
2016: Gen Feb Mar Apr Mag Giu Lug Ago Set Ott Nov Dic
2015: Gen Feb Mar Apr Mag Giu Lug Ago Set Ott Nov Dic
2014: Gen Feb Mar Apr Mag Giu Lug Ago Set Ott Nov Dic
2013: Gen Feb Mar Apr Mag Giu Lug Ago Set Ott Nov Dic
2012: Gen Feb Mar Apr Mag Giu Lug Ago Set Ott Nov Dic
2011: Gen Feb Mar Apr Mag Giu Lug Ago Set Ott Nov Dic
2010: Gen Feb Mar Apr Mag Giu Lug Ago Set Ott Nov Dic
2009: Gen Feb Mar Apr Mag Giu Lug Ago Set Ott Nov Dic
2008: Gen Feb Mar Apr Mag Giu Lug Ago Set Ott Nov Dic
2007: Gen Feb Mar Apr Mag Giu Lug Ago Set Ott Nov Dic
2006: Gen Feb Mar Apr Mag Giu Lug Ago Set Ott Nov Dic
Archivio 2013 Ottobre
Monthly Climatological Summary for ott 2013 Name: San Fruttuoso City: Genova State: Italy Elevation: 70 m Lat: N 44° 24' 34" Lon: E 008° 57' 38" Temperature (°C), Rain (mm), Wind Speed (km/h) Heat Cool Avg Mean Deg Deg Wind Dom Day Temp High Time Low Time Days Days Rain Speed High Time Dir ---------------------------------------------------------------------------------- 1 19.2 22.9 14:13 16.9 06:31 0.4 1.3 0.0 4.1 24.1 02:12 NNE 2 17.5 19.4 23:31 16.2 17:27 0.6 0.0 0.0 3.8 25.7 15:17 NE 3 18.6 20.9 11:22 16.9 23:47 0.3 0.6 0.0 12.7 38.6 23:58 NNE 4 16.1 17.6 15:22 15.4 20:25 2.2 0.0 0.5 13.4 33.8 19:11 NNE 5 14.3 16.8 14:56 12.4 05:27 4.0 0.0 13.2 11.5 48.3 07:41 N 6 16.0 17.4 10:33 14.3 00:00 2.3 0.0 0.0 10.0 45.1 22:25 N 7 17.7 19.8 09:38 15.9 23:17 0.8 0.2 0.0 7.1 32.2 00:09 NNE 8 17.2 20.0 14:10 15.7 06:16 1.3 0.3 0.0 8.8 45.1 09:23 N 9 17.6 20.9 11:38 15.4 03:12 1.2 0.4 0.2 6.6 22.5 00:24 SE 10 17.8 19.5 18:53 11.2 23:26 0.7 0.1 2.8 15.6 59.5 20:19 SSE 11 14.5 18.1 15:10 9.3 06:33 3.8 0.0 0.0 11.3 48.3 00:21 SE 12 16.1 17.3 12:19 15.3 07:27 2.2 0.0 0.0 13.6 40.2 01:33 S 13 15.9 17.2 08:38 14.6 23:42 2.4 0.0 0.0 8.8 37.0 02:21 ESE 14 15.0 16.5 16:15 13.5 11:01 3.3 0.0 0.8 6.3 35.4 01:52 NNE 15 16.5 18.1 14:24 13.8 06:46 1.8 0.0 0.0 6.3 29.0 17:40 E 16 18.2 24.5 13:14 14.8 23:36 1.0 0.9 0.0 5.9 35.4 13:39 NW 17 17.2 21.4 11:10 13.2 05:18 1.8 0.7 0.0 6.5 19.3 04:30 NW 18 16.9 20.0 14:52 15.2 03:17 1.5 0.1 0.0 5.3 14.5 02:26 NW 19 17.4 20.3 13:27 14.3 02:14 1.3 0.4 0.0 5.0 20.9 23:07 NNW 20 16.9 20.2 11:23 14.9 19:01 1.5 0.1 19.8 7.1 43.5 18:32 N 21 15.9 17.1 23:51 15.1 19:43 2.4 0.0 11.2 8.8 33.8 01:52 NNE 22 20.4 22.3 14:46 16.6 02:36 0.2 2.3 1.3 12.8 35.4 20:53 SE 23 20.5 21.1 02:06 18.7 21:42 0.0 2.2 25.9 21.7 48.3 06:48 SE 24 18.9 20.4 14:14 17.6 00:59 0.2 0.8 1.0 3.2 29.0 00:28 ENE 25 17.9 19.4 16:47 16.7 07:24 0.5 0.1 7.6 5.6 24.1 09:17 N 26 19.1 21.6 13:14 17.4 06:12 0.2 1.0 0.3 4.9 20.9 12:59 ENE 27 19.6 21.0 12:35 17.7 04:36 0.0 1.3 0.2 10.8 43.5 10:35 SE 28 19.7 20.2 16:50 18.8 06:41 0.0 1.4 0.0 12.5 37.0 15:34 SE 29 19.9 20.4 11:51 17.8 09:45 0.0 1.6 6.4 11.3 38.6 09:39 SE 30 18.6 19.8 10:54 17.6 02:20 0.1 0.4 0.0 5.4 33.8 21:01 NNE 31 16.7 18.5 01:58 14.8 23:27 1.6 0.0 0.0 8.8 41.8 14:18 NNE ---------------------------------------------------------------------------------- 17.5 24.5 16 9.3 11 39.6 16.2 91.2 8.9 59.5 10 ENE Max >= 27.0: 0 Max <= 5.0: 0 Min <= 20.0: 31 Min <= 0.0: 0 Max Rain: 25.9 on day 23 Days of Rain: 14 (>= 0.2 mm) 7 (>= 2.0 mm) 1 (>= 20.0 mm) Heat Base: 18.3 Cool Base: 18.3 Method: Integration