Rapporti Climatici in stile NOAA
Selezionare un Anno o un Mese
2024: Gen Feb Mar Apr Mag Giu Lug Ago Set Ott Nov Dic
2023: Gen Feb Mar Apr Mag Giu Lug Ago Set Ott Nov Dic
2022: Gen Feb Mar Apr Mag Giu Lug Ago Set Ott Nov Dic
2021: Gen Feb Mar Apr Mag Giu Lug Ago Set Ott Nov Dic
2020: Gen Feb Mar Apr Mag Giu Lug Ago Set Ott Nov Dic
2019: Gen Feb Mar Apr Mag Giu Lug Ago Set Ott Nov Dic
2018: Gen Feb Mar Apr Mag Giu Lug Ago Set Ott Nov Dic
2017: Gen Feb Mar Apr Mag Giu Lug Ago Set Ott Nov Dic
2016: Gen Feb Mar Apr Mag Giu Lug Ago Set Ott Nov Dic
2015: Gen Feb Mar Apr Mag Giu Lug Ago Set Ott Nov Dic
2014: Gen Feb Mar Apr Mag Giu Lug Ago Set Ott Nov Dic
2013: Gen Feb Mar Apr Mag Giu Lug Ago Set Ott Nov Dic
2012: Gen Feb Mar Apr Mag Giu Lug Ago Set Ott Nov Dic
2011: Gen Feb Mar Apr Mag Giu Lug Ago Set Ott Nov Dic
2010: Gen Feb Mar Apr Mag Giu Lug Ago Set Ott Nov Dic
2009: Gen Feb Mar Apr Mag Giu Lug Ago Set Ott Nov Dic
2008: Gen Feb Mar Apr Mag Giu Lug Ago Set Ott Nov Dic
2007: Gen Feb Mar Apr Mag Giu Lug Ago Set Ott Nov Dic
2006: Gen Feb Mar Apr Mag Giu Lug Ago Set Ott Nov Dic
2024: Gen Feb Mar Apr Mag Giu Lug Ago Set Ott Nov Dic
2023: Gen Feb Mar Apr Mag Giu Lug Ago Set Ott Nov Dic
2022: Gen Feb Mar Apr Mag Giu Lug Ago Set Ott Nov Dic
2021: Gen Feb Mar Apr Mag Giu Lug Ago Set Ott Nov Dic
2020: Gen Feb Mar Apr Mag Giu Lug Ago Set Ott Nov Dic
2019: Gen Feb Mar Apr Mag Giu Lug Ago Set Ott Nov Dic
2018: Gen Feb Mar Apr Mag Giu Lug Ago Set Ott Nov Dic
2017: Gen Feb Mar Apr Mag Giu Lug Ago Set Ott Nov Dic
2016: Gen Feb Mar Apr Mag Giu Lug Ago Set Ott Nov Dic
2015: Gen Feb Mar Apr Mag Giu Lug Ago Set Ott Nov Dic
2014: Gen Feb Mar Apr Mag Giu Lug Ago Set Ott Nov Dic
2013: Gen Feb Mar Apr Mag Giu Lug Ago Set Ott Nov Dic
2012: Gen Feb Mar Apr Mag Giu Lug Ago Set Ott Nov Dic
2011: Gen Feb Mar Apr Mag Giu Lug Ago Set Ott Nov Dic
2010: Gen Feb Mar Apr Mag Giu Lug Ago Set Ott Nov Dic
2009: Gen Feb Mar Apr Mag Giu Lug Ago Set Ott Nov Dic
2008: Gen Feb Mar Apr Mag Giu Lug Ago Set Ott Nov Dic
2007: Gen Feb Mar Apr Mag Giu Lug Ago Set Ott Nov Dic
2006: Gen Feb Mar Apr Mag Giu Lug Ago Set Ott Nov Dic
Archivio 2013 Settembre
Monthly Climatological Summary for set 2013 Name: San Fruttuoso City: Genova State: Italy Elevation: 70 m Lat: N 44° 24' 34" Lon: E 008° 57' 38" Temperature (°C), Rain (mm), Wind Speed (km/h) Heat Cool Avg Mean Deg Deg Wind Dom Day Temp High Time Low Time Days Days Rain Speed High Time Dir ---------------------------------------------------------------------------------- 1 23.5 26.9 12:38 19.7 06:06 0.0 5.2 0.0 6.5 24.1 14:53 NNW 4 24.5 29.3 14:57 19.1 06:08 0.0 10.2 0.0 8.4 40.2 11:32 NNW 5 23.6 27.3 16:57 19.6 04:59 0.0 5.2 0.0 9.5 19.3 00:00 WNW 6 23.0 26.9 16:10 18.9 05:20 0.0 4.7 0.0 7.2 20.9 14:39 WNW 7 22.9 26.2 15:40 18.8 05:32 0.0 4.6 0.0 6.2 19.3 08:08 WNW 8 23.5 25.2 14:33 22.5 00:00 0.0 5.2 2.7 8.3 41.8 17:39 SSE 9 23.3 24.8 10:20 21.8 22:07 0.0 5.0 0.0 8.5 37.0 12:05 SE 10 22.7 24.2 10:16 21.8 05:12 0.0 4.4 0.0 7.6 35.4 12:17 SE 11 21.1 23.4 13:26 17.9 23:34 0.0 2.8 0.0 6.5 35.4 13:31 N 12 19.8 23.9 12:58 16.2 06:56 0.4 2.0 0.0 9.1 30.6 15:05 WNW 13 20.0 23.6 11:48 16.3 05:36 0.4 2.1 0.0 7.5 22.5 12:35 NW 14 20.2 22.9 14:37 16.7 03:35 0.3 2.2 0.0 9.0 32.2 16:26 SE 15 19.6 21.4 16:03 16.7 19:03 0.2 1.6 47.0 8.4 43.5 12:24 SSE 16 19.0 21.4 11:30 16.1 06:22 0.4 1.1 0.3 7.6 32.2 16:29 SSE 17 20.1 24.2 13:45 15.8 23:53 0.3 2.1 0.0 7.0 32.2 17:51 NNW 18 18.7 21.9 14:16 14.8 02:44 1.0 1.3 0.0 9.0 43.5 12:31 E 19 19.4 22.9 15:13 15.8 05:55 0.7 1.8 0.0 6.8 24.1 12:54 NW 20 20.1 24.2 11:07 15.7 05:32 0.4 2.2 0.0 5.8 20.9 12:27 NW 21 19.7 23.1 14:05 16.0 06:22 0.5 1.9 0.0 5.8 19.3 10:30 WNW 22 21.3 25.1 11:29 18.2 06:13 0.0 3.0 0.0 5.2 27.4 05:47 NE 23 19.9 23.0 10:06 16.6 06:12 0.2 1.8 0.0 5.6 19.3 13:13 W 24 19.2 22.0 13:37 15.8 04:53 0.7 1.6 0.0 10.2 38.6 16:13 SE 25 19.9 21.7 13:35 17.1 02:12 0.1 1.7 0.0 6.6 33.8 10:14 SE 26 20.3 21.4 14:14 19.1 02:21 0.0 2.0 0.0 6.0 30.6 11:10 SE 27 20.5 21.6 14:28 19.6 23:56 0.0 2.2 1.8 4.7 32.2 17:43 SE 28 20.1 21.8 13:50 19.0 05:17 0.0 1.8 1.2 1.9 17.7 13:51 SSE 29 19.5 21.6 00:37 17.0 22:52 0.1 1.3 43.2 5.9 33.8 05:21 ESE 30 21.6 23.6 15:52 16.7 05:40 0.4 11.0 0.3 6.7 35.4 13:15 NNW ---------------------------------------------------------------------------------- 21.0 29.3 4 14.8 18 6.1 92.0 96.5 7.1 43.5 15 N Max >= 27.0: 2 Max <= 5.0: 0 Min <= 20.0: 25 Min <= 0.0: 0 Max Rain: 47.0 on day 15 Days of Rain: 7 (>= 0.2 mm) 3 (>= 2.0 mm) 2 (>= 20.0 mm) Heat Base: 18.3 Cool Base: 18.3 Method: Integration