Rapporti Climatici in stile NOAA
Selezionare un Anno o un Mese
2024: Gen Feb Mar Apr Mag Giu Lug Ago Set Ott Nov Dic
2023: Gen Feb Mar Apr Mag Giu Lug Ago Set Ott Nov Dic
2022: Gen Feb Mar Apr Mag Giu Lug Ago Set Ott Nov Dic
2021: Gen Feb Mar Apr Mag Giu Lug Ago Set Ott Nov Dic
2020: Gen Feb Mar Apr Mag Giu Lug Ago Set Ott Nov Dic
2019: Gen Feb Mar Apr Mag Giu Lug Ago Set Ott Nov Dic
2018: Gen Feb Mar Apr Mag Giu Lug Ago Set Ott Nov Dic
2017: Gen Feb Mar Apr Mag Giu Lug Ago Set Ott Nov Dic
2016: Gen Feb Mar Apr Mag Giu Lug Ago Set Ott Nov Dic
2015: Gen Feb Mar Apr Mag Giu Lug Ago Set Ott Nov Dic
2014: Gen Feb Mar Apr Mag Giu Lug Ago Set Ott Nov Dic
2013: Gen Feb Mar Apr Mag Giu Lug Ago Set Ott Nov Dic
2012: Gen Feb Mar Apr Mag Giu Lug Ago Set Ott Nov Dic
2011: Gen Feb Mar Apr Mag Giu Lug Ago Set Ott Nov Dic
2010: Gen Feb Mar Apr Mag Giu Lug Ago Set Ott Nov Dic
2009: Gen Feb Mar Apr Mag Giu Lug Ago Set Ott Nov Dic
2008: Gen Feb Mar Apr Mag Giu Lug Ago Set Ott Nov Dic
2007: Gen Feb Mar Apr Mag Giu Lug Ago Set Ott Nov Dic
2006: Gen Feb Mar Apr Mag Giu Lug Ago Set Ott Nov Dic
2024: Gen Feb Mar Apr Mag Giu Lug Ago Set Ott Nov Dic
2023: Gen Feb Mar Apr Mag Giu Lug Ago Set Ott Nov Dic
2022: Gen Feb Mar Apr Mag Giu Lug Ago Set Ott Nov Dic
2021: Gen Feb Mar Apr Mag Giu Lug Ago Set Ott Nov Dic
2020: Gen Feb Mar Apr Mag Giu Lug Ago Set Ott Nov Dic
2019: Gen Feb Mar Apr Mag Giu Lug Ago Set Ott Nov Dic
2018: Gen Feb Mar Apr Mag Giu Lug Ago Set Ott Nov Dic
2017: Gen Feb Mar Apr Mag Giu Lug Ago Set Ott Nov Dic
2016: Gen Feb Mar Apr Mag Giu Lug Ago Set Ott Nov Dic
2015: Gen Feb Mar Apr Mag Giu Lug Ago Set Ott Nov Dic
2014: Gen Feb Mar Apr Mag Giu Lug Ago Set Ott Nov Dic
2013: Gen Feb Mar Apr Mag Giu Lug Ago Set Ott Nov Dic
2012: Gen Feb Mar Apr Mag Giu Lug Ago Set Ott Nov Dic
2011: Gen Feb Mar Apr Mag Giu Lug Ago Set Ott Nov Dic
2010: Gen Feb Mar Apr Mag Giu Lug Ago Set Ott Nov Dic
2009: Gen Feb Mar Apr Mag Giu Lug Ago Set Ott Nov Dic
2008: Gen Feb Mar Apr Mag Giu Lug Ago Set Ott Nov Dic
2007: Gen Feb Mar Apr Mag Giu Lug Ago Set Ott Nov Dic
2006: Gen Feb Mar Apr Mag Giu Lug Ago Set Ott Nov Dic
Archivio 2012 Giugnio
Monthly Climatological Summary for giu 2012 Name: San Fruttuoso City: Genova State: Italy Elevation: 70 m Lat: N 44° 24' 34" Lon: E 008° 57' 38" Temperature (°C), Rain (mm), Wind Speed (km/h) Heat Cool Avg Mean Deg Deg Wind Dom Day Temp High Time Low Time Days Days Rain Speed High Time Dir ---------------------------------------------------------------------------------- 1 19.7 21.1 14:28 18.2 06:08 0.0 1.4 0.3 7.2 29.0 15:07 SE 2 19.9 21.7 10:20 18.6 02:32 0.0 1.6 0.5 8.0 35.4 11:45 SE 3 20.4 22.1 17:02 19.4 03:25 0.0 2.1 0.5 13.4 40.2 15:06 SE 4 19.6 21.8 16:02 16.8 10:17 0.1 1.4 16.3 10.4 37.0 00:34 SE 5 19.0 21.6 13:44 15.2 04:57 0.7 1.4 0.0 6.8 25.7 13:13 SSW 6 19.0 20.4 09:27 15.5 04:37 0.5 1.2 0.0 10.7 35.4 10:03 SE 7 20.2 21.2 00:00 16.2 00:00 0.0 1.9 0.0 5.6 21.3 00:00 SE 8 20.2 22.2 00:00 17.7 00:00 0.0 1.9 0.0 9,4 29.3 00:00 SE 9 21.2 23.5 11:32 19.1 23:50 0.0 2.9 0.0 13.6 38.6 23:32 SSE 10 19.7 22.5 09:58 17.3 19:27 0.1 1.4 4.0 17.9 43.5 14:34 SE 11 19.9 21.8 10:23 18.3 05:51 0.0 1.6 0.0 13.4 45.1 14:09 SE 12 19.2 21.2 13:04 17.4 23:59 0.1 1.0 0.5 11.3 38.6 03:57 SE 13 18.8 21.5 16:44 15.2 04:37 0.6 1.1 0.0 10.7 43.5 12:40 SE 14 19.3 21.6 14:13 16.7 23:39 0.1 1.2 0.0 6.7 35.4 09:33 SSE 15 19.8 23.9 16:54 14.8 04:41 0.8 2.3 0.0 6.8 20.9 11:21 WNW 16 23.1 27.1 09:45 17.8 04:26 0.0 4.8 0.0 6.7 22.5 07:35 NW 17 23.7 27.7 14:30 19.3 04:48 0.0 5.4 0.0 5.9 16.1 15:12 WNW 18 25.4 29.3 16:25 20.6 04:35 0.0 7.1 0.0 5.7 19.3 04:25 NW 19 26.0 29.6 18:45 21.7 04:43 0.0 7.7 0.0 5.4 22.5 01:19 NW 20 24.9 29.2 17:54 21.5 05:23 0.0 6.6 0.0 5.1 25.7 11:01 NW 21 22.7 24.9 13:52 19.9 04:52 0.0 4.4 0.0 9.2 25.7 07:44 SSE 22 23.3 25.3 12:46 21.6 04:13 0.0 5.0 0.0 5.0 24.1 12:59 S 23 23.6 25.8 15:23 22.2 04:23 0.0 5.3 0.0 4.9 22.5 11:33 S 24 23.5 25.1 12:59 21.4 05:26 0.0 5.2 0.0 4.8 20.9 14:46 SW 25 22.9 25.0 12:28 20.6 04:44 0.0 4.6 0.0 7.5 33.8 09:29 SSE 26 23.9 27.1 23:06 20.1 04:13 0.0 5.6 0.0 5.6 19.3 11:38 W 27 27.2 30.3 16:35 24.3 06:13 0.0 8.9 0.0 5.8 20.9 02:59 WSW 28 25.7 28.0 10:55 22.9 05:19 0.0 7.4 0.0 5.9 19.3 10:29 WSW 29 24.5 26.9 16:33 21.2 05:10 0.0 6.2 0.0 7.4 22.5 09:21 SW 30 24.4 26.7 10:24 21.2 04:41 0.0 6.1 0.0 7.5 25.7 11:06 SW ---------------------------------------------------------------------------------- 22.0 30.3 27 14.8 15 3.0 114.7 22.1 8.1 45.1 11 SSE Max >= 27.0: 8 Max <= 5.0: 0 Min <= 20.0: 16 Min <= 0.0: 0 Max Rain: 16.3 on day 4 Days of Rain: 6 (>= 0.2 mm) 2 (>= 2.0 mm) 0 (>= 20.0 mm) Heat Base: 18.3 Cool Base: 18.3 Method: Integration