Rapporti Climatici in stile NOAA
Selezionare un Anno o un Mese
2024: Gen Feb Mar Apr Mag Giu Lug Ago Set Ott Nov Dic
2023: Gen Feb Mar Apr Mag Giu Lug Ago Set Ott Nov Dic
2022: Gen Feb Mar Apr Mag Giu Lug Ago Set Ott Nov Dic
2021: Gen Feb Mar Apr Mag Giu Lug Ago Set Ott Nov Dic
2020: Gen Feb Mar Apr Mag Giu Lug Ago Set Ott Nov Dic
2019: Gen Feb Mar Apr Mag Giu Lug Ago Set Ott Nov Dic
2018: Gen Feb Mar Apr Mag Giu Lug Ago Set Ott Nov Dic
2017: Gen Feb Mar Apr Mag Giu Lug Ago Set Ott Nov Dic
2016: Gen Feb Mar Apr Mag Giu Lug Ago Set Ott Nov Dic
2015: Gen Feb Mar Apr Mag Giu Lug Ago Set Ott Nov Dic
2014: Gen Feb Mar Apr Mag Giu Lug Ago Set Ott Nov Dic
2013: Gen Feb Mar Apr Mag Giu Lug Ago Set Ott Nov Dic
2012: Gen Feb Mar Apr Mag Giu Lug Ago Set Ott Nov Dic
2011: Gen Feb Mar Apr Mag Giu Lug Ago Set Ott Nov Dic
2010: Gen Feb Mar Apr Mag Giu Lug Ago Set Ott Nov Dic
2009: Gen Feb Mar Apr Mag Giu Lug Ago Set Ott Nov Dic
2008: Gen Feb Mar Apr Mag Giu Lug Ago Set Ott Nov Dic
2007: Gen Feb Mar Apr Mag Giu Lug Ago Set Ott Nov Dic
2006: Gen Feb Mar Apr Mag Giu Lug Ago Set Ott Nov Dic
2024: Gen Feb Mar Apr Mag Giu Lug Ago Set Ott Nov Dic
2023: Gen Feb Mar Apr Mag Giu Lug Ago Set Ott Nov Dic
2022: Gen Feb Mar Apr Mag Giu Lug Ago Set Ott Nov Dic
2021: Gen Feb Mar Apr Mag Giu Lug Ago Set Ott Nov Dic
2020: Gen Feb Mar Apr Mag Giu Lug Ago Set Ott Nov Dic
2019: Gen Feb Mar Apr Mag Giu Lug Ago Set Ott Nov Dic
2018: Gen Feb Mar Apr Mag Giu Lug Ago Set Ott Nov Dic
2017: Gen Feb Mar Apr Mag Giu Lug Ago Set Ott Nov Dic
2016: Gen Feb Mar Apr Mag Giu Lug Ago Set Ott Nov Dic
2015: Gen Feb Mar Apr Mag Giu Lug Ago Set Ott Nov Dic
2014: Gen Feb Mar Apr Mag Giu Lug Ago Set Ott Nov Dic
2013: Gen Feb Mar Apr Mag Giu Lug Ago Set Ott Nov Dic
2012: Gen Feb Mar Apr Mag Giu Lug Ago Set Ott Nov Dic
2011: Gen Feb Mar Apr Mag Giu Lug Ago Set Ott Nov Dic
2010: Gen Feb Mar Apr Mag Giu Lug Ago Set Ott Nov Dic
2009: Gen Feb Mar Apr Mag Giu Lug Ago Set Ott Nov Dic
2008: Gen Feb Mar Apr Mag Giu Lug Ago Set Ott Nov Dic
2007: Gen Feb Mar Apr Mag Giu Lug Ago Set Ott Nov Dic
2006: Gen Feb Mar Apr Mag Giu Lug Ago Set Ott Nov Dic
Archivio 2011 Novembre
Monthly Climatological Summary for nov 2011 Name: San Fruttuoso City: Genova State: Italy Elevation: 70 m Lat: N 44° 24' 34" Lon: E 008° 57' 38" Temperature (°C), Rain (mm), Wind Speed (km/h) Heat Cool Avg Mean Deg Deg Wind Dom Day Temp High Time Low Time Days Days Rain Speed High Time Dir ---------------------------------------------------------------------------------- 1 15.0 19.2 13:58 12.8 06:02 3.4 0.0 0.0 6.6 33.8 05:16 NNE 2 14.2 16.1 13:08 12.2 06:38 4.1 0.0 0.0 7.9 25.7 06:24 N 3 15.1 17.9 22:30 13.2 04:53 3.2 0.0 1.3 6.6 27.4 05:46 N 4 16.5 19.2 22:24 11.8 01:47 2.0 0.2 337.3 14.3 56.3 20:40 ESE 5 16.9 18.9 23:55 14.3 16:41 1.4 0.0 34.8 8.7 54.7 02:14 E 6 17.0 19.5 04:23 15.3 07:52 1.4 0.1 11.7 4.4 22.5 03:20 N 7 15.3 17.8 10:43 13.1 07:20 3.0 0.0 4.3 3.9 22.5 00:15 N 8 14.9 19.2 12:25 11.9 05:30 3.4 0.0 129.6 7.1 41.8 05:03 N 9 15.5 17.3 12:47 14.3 00:00 2.8 0.0 0.0 6.2 29.0 22:02 N 10 15.4 19.6 14:30 13.1 06:33 3.0 0.1 0.0 5.6 27.4 04:19 NNE 11 13.6 16.3 13:05 12.4 07:33 4.7 0.0 0.0 7.7 35.4 19:50 NNE 12 12.7 15.3 12:52 11.3 06:53 5.6 0.0 0.0 10.8 40.2 20:33 N 13 13.0 18.2 14:22 10.3 06:20 5.3 0.0 0.0 8.5 41.8 05:14 NNE 14 12.6 17.3 12:46 9.8 05:18 5.7 0.0 0.0 8.0 32.2 02:49 N 15 12.5 16.3 14:33 9.7 00:28 5.2 0.0 0.0 7.0 29.0 22:22 N 16 10.6 14.0 14:52 8.3 06:35 7.7 0.0 0.0 7.8 32.2 09:28 NNE 17 11.7 16.8 13:36 9.1 04:26 6.6 0.0 0.0 7.2 37.0 02:56 NNE 18 11.0 16.0 14:13 7.4 06:48 7.3 0.0 0.0 8.9 22.5 00:47 NNW 19 12.3 16.2 16:05 9.1 00:34 6.0 0.0 0.0 6.0 20.9 02:31 NNW 20 12.5 17.4 13:51 9.6 00:45 5.8 0.0 0.0 8.1 25.7 05:28 NNW 21 11.0 12.5 11:37 8.4 23:54 7.3 0.0 0.0 10.3 38.6 22:20 NNE 22 8.5 9.8 23:20 7.3 08:02 9.8 0.0 0.0 13.7 51.5 10:35 NNE 23 11.8 15.4 14:50 9.2 04:12 6.5 0.0 0.0 10.2 41.8 11:16 NNE 24 12.5 15.7 14:02 10.3 06:31 5.8 0.0 0.0 9.6 37.0 00:43 NNE 25 12.0 17.2 14:41 9.3 23:11 6.3 0.0 0.0 7.8 35.4 01:33 N 26 11.1 16.3 14:46 7.3 07:52 7.2 0.0 0.0 7.7 19.3 03:08 NNW 27 12.0 15.7 12:58 7.5 07:17 6.3 0.0 0.0 6.3 17.7 03:47 NNW 28 13.6 14.6 14:03 11.2 23:53 4.7 0.0 0.0 2.7 24.1 23:05 NNE 29 11.9 16.0 15:22 9.4 05:48 6.4 0.0 0.0 6.7 38.6 00:51 N 30 12.1 16.4 15:05 8.7 05:00 6.2 0.0 0.0 7.2 17.7 03:48 NNW ---------------------------------------------------------------------------------- 13.2 19.6 10 7.3 22 154.1 0.4 519.0 7.8 56.3 4 N Max >= 27.0: 0 Max <= 5.0: 0 Min <= 20.0: 30 Min <= 0.0: 0 Max Rain: 337.3 on day 4 Days of Rain: 6 (>= 0.2 mm) 5 (>= 2.0 mm) 3 (>= 20.0 mm) Heat Base: 18.3 Cool Base: 18.3 Method: Integration