Rapporti Climatici in stile NOAA
Selezionare un Anno o un Mese
2024: Gen Feb Mar Apr Mag Giu Lug Ago Set Ott Nov Dic
2023: Gen Feb Mar Apr Mag Giu Lug Ago Set Ott Nov Dic
2022: Gen Feb Mar Apr Mag Giu Lug Ago Set Ott Nov Dic
2021: Gen Feb Mar Apr Mag Giu Lug Ago Set Ott Nov Dic
2020: Gen Feb Mar Apr Mag Giu Lug Ago Set Ott Nov Dic
2019: Gen Feb Mar Apr Mag Giu Lug Ago Set Ott Nov Dic
2018: Gen Feb Mar Apr Mag Giu Lug Ago Set Ott Nov Dic
2017: Gen Feb Mar Apr Mag Giu Lug Ago Set Ott Nov Dic
2016: Gen Feb Mar Apr Mag Giu Lug Ago Set Ott Nov Dic
2015: Gen Feb Mar Apr Mag Giu Lug Ago Set Ott Nov Dic
2014: Gen Feb Mar Apr Mag Giu Lug Ago Set Ott Nov Dic
2013: Gen Feb Mar Apr Mag Giu Lug Ago Set Ott Nov Dic
2012: Gen Feb Mar Apr Mag Giu Lug Ago Set Ott Nov Dic
2011: Gen Feb Mar Apr Mag Giu Lug Ago Set Ott Nov Dic
2010: Gen Feb Mar Apr Mag Giu Lug Ago Set Ott Nov Dic
2009: Gen Feb Mar Apr Mag Giu Lug Ago Set Ott Nov Dic
2008: Gen Feb Mar Apr Mag Giu Lug Ago Set Ott Nov Dic
2007: Gen Feb Mar Apr Mag Giu Lug Ago Set Ott Nov Dic
2006: Gen Feb Mar Apr Mag Giu Lug Ago Set Ott Nov Dic
2024: Gen Feb Mar Apr Mag Giu Lug Ago Set Ott Nov Dic
2023: Gen Feb Mar Apr Mag Giu Lug Ago Set Ott Nov Dic
2022: Gen Feb Mar Apr Mag Giu Lug Ago Set Ott Nov Dic
2021: Gen Feb Mar Apr Mag Giu Lug Ago Set Ott Nov Dic
2020: Gen Feb Mar Apr Mag Giu Lug Ago Set Ott Nov Dic
2019: Gen Feb Mar Apr Mag Giu Lug Ago Set Ott Nov Dic
2018: Gen Feb Mar Apr Mag Giu Lug Ago Set Ott Nov Dic
2017: Gen Feb Mar Apr Mag Giu Lug Ago Set Ott Nov Dic
2016: Gen Feb Mar Apr Mag Giu Lug Ago Set Ott Nov Dic
2015: Gen Feb Mar Apr Mag Giu Lug Ago Set Ott Nov Dic
2014: Gen Feb Mar Apr Mag Giu Lug Ago Set Ott Nov Dic
2013: Gen Feb Mar Apr Mag Giu Lug Ago Set Ott Nov Dic
2012: Gen Feb Mar Apr Mag Giu Lug Ago Set Ott Nov Dic
2011: Gen Feb Mar Apr Mag Giu Lug Ago Set Ott Nov Dic
2010: Gen Feb Mar Apr Mag Giu Lug Ago Set Ott Nov Dic
2009: Gen Feb Mar Apr Mag Giu Lug Ago Set Ott Nov Dic
2008: Gen Feb Mar Apr Mag Giu Lug Ago Set Ott Nov Dic
2007: Gen Feb Mar Apr Mag Giu Lug Ago Set Ott Nov Dic
2006: Gen Feb Mar Apr Mag Giu Lug Ago Set Ott Nov Dic
Archivio 2011 Ottobre
Monthly Climatological Summary for ott 2011 Name: San Fruttuoso City: Genova State: Italy Elevation: 70 m Lat: N 44° 24' 34" Lon: E 008° 57' 38" Temperature (°C), Rain (mm), Wind Speed (km/h) Heat Cool Avg Mean Deg Deg Wind Dom Day Temp High Time Low Time Days Days Rain Speed High Time Dir ---------------------------------------------------------------------------------- 2 23.1 27.6 12:49 19.8 23:46 0.0 4.8 0.0 9.5 27.4 03:54 ENE 3 22.3 26.3 14:21 18.9 23:32 0.0 4.0 0.0 7.5 17.7 02:53 NW 4 20.3 23.9 14:48 17.0 06:01 0.0 2.0 0.0 7.4 17.7 13:56 NW 5 19.9 23.8 13:11 16.5 05:24 0.0 1.6 0.0 7.0 19.3 11:50 NW 6 19.6 22.0 15:10 15.9 05:43 0.0 1.3 0.0 11.0 30.6 21:04 SE 7 21.1 24.3 12:34 16.8 23:59 0.0 2.8 0.2 13.4 59.5 13:43 NNW 8 17.6 21.2 11:33 14.7 04:38 0.7 0.0 0.0 7.8 33.8 00:28 NW 9 17.0 20.9 14:57 14.3 06:59 1.8 0.5 0.0 12.3 38.6 13:30 NNW 10 18.0 20.7 15:20 13.6 07:04 0.8 0.6 0.0 6.3 19.3 09:58 NW 11 17.5 21.7 12:54 13.4 05:32 1.8 1.0 0.0 6.8 20.9 01:45 NNW 12 18.5 21.2 11:58 14.7 02:30 1.0 1.2 0.0 6.8 20.9 14:43 NNE 13 20.6 24.6 15:27 17.0 07:26 0.1 2.4 0.0 5.5 24.1 13:04 N 14 17.8 21.4 15:44 14.4 23:57 1.1 0.6 0.0 6.8 37.0 13:40 N 15 14.3 17.7 14:07 11.5 23:49 4.0 0.0 0.0 10.7 49.9 12:09 N 16 14.5 18.8 15:42 10.8 07:18 3.8 0.0 0.0 8.7 38.6 01:51 N 17 14.2 17.8 13:00 10.5 06:50 4.1 0.0 0.0 6.9 32.2 05:04 NNE 18 15.0 18.4 21:53 11.2 01:46 3.3 0.0 1.0 7.2 33.8 11:38 NE 19 17.3 19.0 16:07 15.7 21:37 1.2 0.1 9.7 8.3 48.3 16:23 S 20 15.3 18.7 16:13 12.6 23:56 3.0 0.0 0.2 14.3 51.5 10:10 N 21 12.4 16.0 14:20 10.1 07:32 5.9 0.0 0.0 8.2 35.4 13:06 NNW 22 11.9 15.4 14:19 9.2 07:16 6.4 0.0 0.0 7.1 33.8 13:21 N 23 11.4 15.1 14:48 8.3 06:43 6.9 0.0 0.0 9.5 35.4 15:51 N 24 9.9 11.8 11:42 8.8 03:38 8.4 0.0 2.1 11.8 48.3 19:03 N 25 9.2 11.2 23:56 8.2 09:26 9.1 0.0 41.6 13.7 53.1 08:01 NNE 26 14.2 19.7 14:50 11.2 00:00 4.2 0.1 0.0 6.8 29.0 01:07 NNE 27 14.5 18.1 14:36 12.1 03:34 3.8 0.0 0.0 6.0 35.4 22:59 NNE 28 15.8 19.5 14:21 13.3 06:39 2.7 0.1 0.0 6.9 33.8 06:48 NNE 29 16.2 21.6 13:39 13.6 07:05 2.5 0.4 0.0 7.0 29.0 00:42 NNE 30 14.8 18.8 13:11 13.1 07:10 3.5 0.0 0.0 7.8 35.4 21:29 NNE 31 14.6 18.7 15:07 12.6 06:52 3.7 0.0 0.0 7.7 35.4 08:00 N ---------------------------------------------------------------------------------- 16.3 27.6 2 8.2 25 83.8 23.5 54.8 8.6 59.5 7 N Max >= 27.0: 1 Max <= 5.0: 0 Min <= 20.0: 30 Min <= 0.0: 0 Max Rain: 41.6 on day 25 Days of Rain: 6 (>= 0.2 mm) 3 (>= 2.0 mm) 1 (>= 20.0 mm) Heat Base: 18.3 Cool Base: 18.3 Method: Integration