Rapporti Climatici in stile NOAA
Selezionare un Anno o un Mese
2024: Gen Feb Mar Apr Mag Giu Lug Ago Set Ott Nov Dic
2023: Gen Feb Mar Apr Mag Giu Lug Ago Set Ott Nov Dic
2022: Gen Feb Mar Apr Mag Giu Lug Ago Set Ott Nov Dic
2021: Gen Feb Mar Apr Mag Giu Lug Ago Set Ott Nov Dic
2020: Gen Feb Mar Apr Mag Giu Lug Ago Set Ott Nov Dic
2019: Gen Feb Mar Apr Mag Giu Lug Ago Set Ott Nov Dic
2018: Gen Feb Mar Apr Mag Giu Lug Ago Set Ott Nov Dic
2017: Gen Feb Mar Apr Mag Giu Lug Ago Set Ott Nov Dic
2016: Gen Feb Mar Apr Mag Giu Lug Ago Set Ott Nov Dic
2015: Gen Feb Mar Apr Mag Giu Lug Ago Set Ott Nov Dic
2014: Gen Feb Mar Apr Mag Giu Lug Ago Set Ott Nov Dic
2013: Gen Feb Mar Apr Mag Giu Lug Ago Set Ott Nov Dic
2012: Gen Feb Mar Apr Mag Giu Lug Ago Set Ott Nov Dic
2011: Gen Feb Mar Apr Mag Giu Lug Ago Set Ott Nov Dic
2010: Gen Feb Mar Apr Mag Giu Lug Ago Set Ott Nov Dic
2009: Gen Feb Mar Apr Mag Giu Lug Ago Set Ott Nov Dic
2008: Gen Feb Mar Apr Mag Giu Lug Ago Set Ott Nov Dic
2007: Gen Feb Mar Apr Mag Giu Lug Ago Set Ott Nov Dic
2006: Gen Feb Mar Apr Mag Giu Lug Ago Set Ott Nov Dic
2024: Gen Feb Mar Apr Mag Giu Lug Ago Set Ott Nov Dic
2023: Gen Feb Mar Apr Mag Giu Lug Ago Set Ott Nov Dic
2022: Gen Feb Mar Apr Mag Giu Lug Ago Set Ott Nov Dic
2021: Gen Feb Mar Apr Mag Giu Lug Ago Set Ott Nov Dic
2020: Gen Feb Mar Apr Mag Giu Lug Ago Set Ott Nov Dic
2019: Gen Feb Mar Apr Mag Giu Lug Ago Set Ott Nov Dic
2018: Gen Feb Mar Apr Mag Giu Lug Ago Set Ott Nov Dic
2017: Gen Feb Mar Apr Mag Giu Lug Ago Set Ott Nov Dic
2016: Gen Feb Mar Apr Mag Giu Lug Ago Set Ott Nov Dic
2015: Gen Feb Mar Apr Mag Giu Lug Ago Set Ott Nov Dic
2014: Gen Feb Mar Apr Mag Giu Lug Ago Set Ott Nov Dic
2013: Gen Feb Mar Apr Mag Giu Lug Ago Set Ott Nov Dic
2012: Gen Feb Mar Apr Mag Giu Lug Ago Set Ott Nov Dic
2011: Gen Feb Mar Apr Mag Giu Lug Ago Set Ott Nov Dic
2010: Gen Feb Mar Apr Mag Giu Lug Ago Set Ott Nov Dic
2009: Gen Feb Mar Apr Mag Giu Lug Ago Set Ott Nov Dic
2008: Gen Feb Mar Apr Mag Giu Lug Ago Set Ott Nov Dic
2007: Gen Feb Mar Apr Mag Giu Lug Ago Set Ott Nov Dic
2006: Gen Feb Mar Apr Mag Giu Lug Ago Set Ott Nov Dic
Archivio 2010 Marzo
MONTHLY CLIMATOLOGICAL SUMMARY for MAR. 2010 NAME: SanFruttuoso CITY: Genova STATE: Italy ELEV: 70 m LAT: 44° 24' 34" N LONG: 8° 57' 38" E TEMPERATURE (°C), RAIN (mm), WIND SPEED (km/hr) HEAT COOL AVG MEAN DEG DEG WIND DOM DAY TEMP HIGH TIME LOW TIME DAYS DAYS RAIN SPEED HIGH TIME DIR ------------------------------------------------------------------------------------ 1 11.2 14.3 11:46 7.1 2:23 7.1 0.0 0.0 8.5 35.4 11:25 NNW 2 11.8 14.8 15:53 8.5 7:06 6.4 0.0 0.0 5.6 17.7 0:50 NNW 3 8.8 12.1 12:42 6.8 19:08 9.5 0.0 6.9 6.8 30.6 17:02 NNW 4 9.4 12.3 16:53 7.6 9:09 8.9 0.0 0.3 7.9 38.6 14:56 NNW 5 9.0 11.3 13:52 5.3 23:54 9.3 0.0 0.0 6.4 35.4 8:42 NNW 6 5.7 8.4 15:11 1.8 7:24 12.5 0.0 1.5 6.0 32.2 12:40 NNW 7 6.1 8.6 16:31 3.4 6:11 12.2 0.0 2.8 3.9 22.5 17:27 N 8 5.7 9.3 14:24 4.1 5:27 12.6 0.0 0.0 7.2 41.8 7:36 NNW 9 3.2 4.2 0:01 2.0 14:54 15.0 0.0 0.0 8.5 49.9 15:56 N 10 4.4 6.9 12:19 3.2 5:46 13.9 0.0 0.0 6.4 43.5 2:47 N 11 5.3 9.3 16:31 2.1 7:06 13.0 0.0 0.3 9.3 43.5 10:57 NNW 12 7.7 10.7 13:18 4.7 0:29 10.6 0.0 0.0 8.4 33.8 13:52 NNW 13 8.9 11.5 15:10 6.6 7:19 9.4 0.0 0.0 7.2 25.7 12:38 NNW 14 8.9 12.6 14:39 5.2 4:07 9.3 0.0 0.0 7.2 24.1 11:23 NNW 15 11.3 15.7 15:26 6.7 6:25 7.0 0.0 0.0 9.5 41.8 13:15 NNW 16 10.9 14.0 17:21 6.9 7:36 7.4 0.0 0.0 6.9 27.4 1:38 NNW 17 10.5 13.4 12:09 6.0 6:29 7.8 0.0 0.0 10.9 30.6 11:28 SE 18 12.0 13.8 13:06 9.7 23:58 6.3 0.0 0.0 9.8 35.4 13:27 SE 19 12.3 14.5 15:25 9.2 1:17 5.9 0.0 0.0 8.5 35.4 12:51 SE 20 12.9 13.4 13:25 11.3 0:03 5.3 0.0 0.0 8.7 33.8 12:08 SE 21 13.1 14.2 15:20 12.4 9:27 5.2 0.0 7.1 11.9 40.2 15:51 SE 22 12.7 15.6 15:45 11.3 4:50 5.6 0.0 22.4 4.2 20.9 0:34 NNW 23 14.7 17.8 14:32 12.1 0:01 3.7 0.0 0.0 6.9 33.8 6:04 NNW 24 15.3 17.5 17:10 12.7 23:59 3.0 0.0 0.0 4.3 22.5 0:45 NNW 25 13.8 15.8 12:47 11.9 6:31 4.5 0.0 0.0 6.8 32.2 10:25 SE 26 13.6 14.3 0:01 12.6 10:02 4.7 0.0 3.8 12.4 46.7 12:12 SE 27 12.7 15.1 14:35 9.3 6:08 5.6 0.0 0.0 7.9 33.8 9:07 NNW 28 12.1 15.5 15:21 8.2 6:33 6.2 0.0 0.0 8.0 32.2 14:56 NNW 29 12.9 14.5 16:11 9.7 1:42 5.3 0.0 0.0 10.5 35.4 10:31 SE 30 13.0 13.8 5:59 11.6 23:07 5.3 0.0 13.5 9.8 74.0 15:19 SE 31 12.3 15.1 12:47 8.3 6:52 6.0 0.0 0.0 6.8 29.0 15:01 NNW ------------------------------------------------------------------------------------- 10.4 17.8 23 1.8 6 244.7 0.0 58.4 7.8 74.0 30 NNW Max >= 32.0: 0 Max <= 0.0: 0 Min <= 0.0: 0 Min <= -18.0: 0 Max Rain: 22.35 ON 22/03/10 Days of Rain: 9 (> .2 mm) 6 (> 2 mm) 1 (> 20 mm) Heat Base: 18.3 Cool Base: 18.3 Method: Integration