Rapporti Climatici in stile NOAA
Selezionare un Anno o un Mese
2024: Gen Feb Mar Apr Mag Giu Lug Ago Set Ott Nov Dic
2023: Gen Feb Mar Apr Mag Giu Lug Ago Set Ott Nov Dic
2022: Gen Feb Mar Apr Mag Giu Lug Ago Set Ott Nov Dic
2021: Gen Feb Mar Apr Mag Giu Lug Ago Set Ott Nov Dic
2020: Gen Feb Mar Apr Mag Giu Lug Ago Set Ott Nov Dic
2019: Gen Feb Mar Apr Mag Giu Lug Ago Set Ott Nov Dic
2018: Gen Feb Mar Apr Mag Giu Lug Ago Set Ott Nov Dic
2017: Gen Feb Mar Apr Mag Giu Lug Ago Set Ott Nov Dic
2016: Gen Feb Mar Apr Mag Giu Lug Ago Set Ott Nov Dic
2015: Gen Feb Mar Apr Mag Giu Lug Ago Set Ott Nov Dic
2014: Gen Feb Mar Apr Mag Giu Lug Ago Set Ott Nov Dic
2013: Gen Feb Mar Apr Mag Giu Lug Ago Set Ott Nov Dic
2012: Gen Feb Mar Apr Mag Giu Lug Ago Set Ott Nov Dic
2011: Gen Feb Mar Apr Mag Giu Lug Ago Set Ott Nov Dic
2010: Gen Feb Mar Apr Mag Giu Lug Ago Set Ott Nov Dic
2009: Gen Feb Mar Apr Mag Giu Lug Ago Set Ott Nov Dic
2008: Gen Feb Mar Apr Mag Giu Lug Ago Set Ott Nov Dic
2007: Gen Feb Mar Apr Mag Giu Lug Ago Set Ott Nov Dic
2006: Gen Feb Mar Apr Mag Giu Lug Ago Set Ott Nov Dic
2024: Gen Feb Mar Apr Mag Giu Lug Ago Set Ott Nov Dic
2023: Gen Feb Mar Apr Mag Giu Lug Ago Set Ott Nov Dic
2022: Gen Feb Mar Apr Mag Giu Lug Ago Set Ott Nov Dic
2021: Gen Feb Mar Apr Mag Giu Lug Ago Set Ott Nov Dic
2020: Gen Feb Mar Apr Mag Giu Lug Ago Set Ott Nov Dic
2019: Gen Feb Mar Apr Mag Giu Lug Ago Set Ott Nov Dic
2018: Gen Feb Mar Apr Mag Giu Lug Ago Set Ott Nov Dic
2017: Gen Feb Mar Apr Mag Giu Lug Ago Set Ott Nov Dic
2016: Gen Feb Mar Apr Mag Giu Lug Ago Set Ott Nov Dic
2015: Gen Feb Mar Apr Mag Giu Lug Ago Set Ott Nov Dic
2014: Gen Feb Mar Apr Mag Giu Lug Ago Set Ott Nov Dic
2013: Gen Feb Mar Apr Mag Giu Lug Ago Set Ott Nov Dic
2012: Gen Feb Mar Apr Mag Giu Lug Ago Set Ott Nov Dic
2011: Gen Feb Mar Apr Mag Giu Lug Ago Set Ott Nov Dic
2010: Gen Feb Mar Apr Mag Giu Lug Ago Set Ott Nov Dic
2009: Gen Feb Mar Apr Mag Giu Lug Ago Set Ott Nov Dic
2008: Gen Feb Mar Apr Mag Giu Lug Ago Set Ott Nov Dic
2007: Gen Feb Mar Apr Mag Giu Lug Ago Set Ott Nov Dic
2006: Gen Feb Mar Apr Mag Giu Lug Ago Set Ott Nov Dic
Archivio 2009 Agosto
MONTHLY CLIMATOLOGICAL SUMMARY for AUG. 2009 Name: San Fruttuoso City: Genova State: Italy Elevation: 70 m Lat: N 44° 24' 34" Lon: E 008° 57' 38" Temperature (°C), Rain (mm), Wind Speed (km/h) Heat Cool Avg Mean Deg Deg Wind Dom Day Temp High Time Low Time Days Days Rain Speed High Time Dir ------------------------------------------------------------------------------------- 01 23.2 25.9 09:39 19.6 07:09 00.0 04.9 00.0 08.2 25.9 17:05 W 02 23.4 26.2 16:14 19.3 06:24 00.0 05.1 00.0 11.6 35.1 15:09 SE 03 22.3 25.9 13:59 19.4 18:59 00.0 04.0 03.6 08.1 38.9 14:04 ENE 04 23.3 28.5 12:34 17.8 07:04 00.0 05.0 00.0 07.7 37.0 11:09 NW 05 23.5 26.6 13:34 19.3 06:19 00.0 05.2 00.0 07.7 20.4 14:34 WNW 06 24.6 27.8 16:14 20.9 07:24 00.0 06.3 00.0 06.3 20.4 16:14 W 07 24.5 27.8 17:49 21.2 06:04 00.0 06.2 00.0 05.7 20.4 16:34 WSW 08 24.2 28.1 17:39 20.3 11:44 00.0 05.9 04.1 08.4 46.3 08:35 N 09 25.7 29.3 15:20 22.5 07:14 00.0 07.4 00.0 06.8 33.3 01:05 ENE 10 23.6 26.4 12:19 20.5 06:39 00.0 05.3 00.0 09.8 31.4 13:54 SE 11 24.2 26.6 17:44 21.6 07:24 00.0 05.9 00.0 06.6 24.1 14:59 SSE 12 24.7 28.6 12:39 20.9 07:04 00.0 06.4 00.0 06.4 24.1 14:54 WNW 13 24.6 27.6 18:09 21.3 07:19 00.0 06.3 00.0 07.2 24.1 12:49 W 14 24.1 26.8 19:19 20.6 06:59 00.0 05.8 00.0 07.7 20.4 14:19 WNW 15 24.8 27.9 15:35 21.1 06:04 00.0 06.5 00.0 07.2 18.5 16:34 WNW 16 25.5 28.6 16:24 22.1 05:44 00.0 07.2 00.0 07.6 20.4 15:04 NW 17 25.4 28.1 16:24 22.0 06:59 00.0 07.1 00.0 07.5 20.4 12:34 W 18 25.3 28.8 17:29 22.1 10:59 00.0 07.0 00.0 07.2 18.5 14:59 WNW 19 27.8 33.8 17:34 22.2 06:14 00.0 09.5 00.0 06.8 20.4 05:39 NW 20 30.4 33.9 17:59 27.0 00:00 00.0 12.1 00.0 07.2 25.9 01:09 NW 21 27.1 30.2 13:34 23.9 05:34 00.0 08.8 00.0 07.7 18.5 17:04 WNW 22 25.5 27.9 14:49 22.4 06:04 00.0 07.2 00.0 10.1 37.0 12:49 SSE 23 26.7 30.8 18:04 22.2 01:59 00.0 08.4 04.7 08.5 38.9 15:34 NNW 24 26.6 31.1 17:04 24.1 06:49 00.0 08.3 00.0 08.3 40.7 14:09 N 25 26.4 28.6 10:19 23.9 07:29 00.0 08.1 00.0 07.2 24.1 01:44 W 26 25.3 28.3 15:29 22.5 05:39 00.0 07.0 00.0 07.1 24.1 23:14 NW 27 26.2 29.8 13:49 22.3 16:04 00.0 07.9 00.0 06.4 20.4 14:09 SSE 28 25.2 28.4 09:49 22.0 07:19 00.0 06.9 00.0 07.7 20.4 16:59 W 29 24.8 27.9 14:14 22.4 00:00 00.0 06.5 03.6 09.0 33.3 13:09 E 30 22.7 24.4 13:34 21.2 00:00 00.0 04.4 00.0 12.3 53.6 16:04 NNW 31 24.3 30.2 17:24 19.4 07:24 00.0 06.0 00.0 08.5 37.0 05:49 N ------------------------------------------------------------------------------------- 25.0(24.1)33.9 day 20 17.8 day 04 000.0 208.7 016.1 07.9 53.7 day 30 NW Max >= 30: 6 Min <= 20: 6 Min <= 0: 0 Max Rain: 4.7 ON 23-08-09 Days of Rain: 4 (> .2mm) 4 (> 2mm) 0 (> 20mm)