Rapporti Climatici in stile NOAA
Selezionare un Anno o un Mese
2024: Gen Feb Mar Apr Mag Giu Lug Ago Set Ott Nov Dic
2023: Gen Feb Mar Apr Mag Giu Lug Ago Set Ott Nov Dic
2022: Gen Feb Mar Apr Mag Giu Lug Ago Set Ott Nov Dic
2021: Gen Feb Mar Apr Mag Giu Lug Ago Set Ott Nov Dic
2020: Gen Feb Mar Apr Mag Giu Lug Ago Set Ott Nov Dic
2019: Gen Feb Mar Apr Mag Giu Lug Ago Set Ott Nov Dic
2018: Gen Feb Mar Apr Mag Giu Lug Ago Set Ott Nov Dic
2017: Gen Feb Mar Apr Mag Giu Lug Ago Set Ott Nov Dic
2016: Gen Feb Mar Apr Mag Giu Lug Ago Set Ott Nov Dic
2015: Gen Feb Mar Apr Mag Giu Lug Ago Set Ott Nov Dic
2014: Gen Feb Mar Apr Mag Giu Lug Ago Set Ott Nov Dic
2013: Gen Feb Mar Apr Mag Giu Lug Ago Set Ott Nov Dic
2012: Gen Feb Mar Apr Mag Giu Lug Ago Set Ott Nov Dic
2011: Gen Feb Mar Apr Mag Giu Lug Ago Set Ott Nov Dic
2010: Gen Feb Mar Apr Mag Giu Lug Ago Set Ott Nov Dic
2009: Gen Feb Mar Apr Mag Giu Lug Ago Set Ott Nov Dic
2008: Gen Feb Mar Apr Mag Giu Lug Ago Set Ott Nov Dic
2007: Gen Feb Mar Apr Mag Giu Lug Ago Set Ott Nov Dic
2006: Gen Feb Mar Apr Mag Giu Lug Ago Set Ott Nov Dic
2024: Gen Feb Mar Apr Mag Giu Lug Ago Set Ott Nov Dic
2023: Gen Feb Mar Apr Mag Giu Lug Ago Set Ott Nov Dic
2022: Gen Feb Mar Apr Mag Giu Lug Ago Set Ott Nov Dic
2021: Gen Feb Mar Apr Mag Giu Lug Ago Set Ott Nov Dic
2020: Gen Feb Mar Apr Mag Giu Lug Ago Set Ott Nov Dic
2019: Gen Feb Mar Apr Mag Giu Lug Ago Set Ott Nov Dic
2018: Gen Feb Mar Apr Mag Giu Lug Ago Set Ott Nov Dic
2017: Gen Feb Mar Apr Mag Giu Lug Ago Set Ott Nov Dic
2016: Gen Feb Mar Apr Mag Giu Lug Ago Set Ott Nov Dic
2015: Gen Feb Mar Apr Mag Giu Lug Ago Set Ott Nov Dic
2014: Gen Feb Mar Apr Mag Giu Lug Ago Set Ott Nov Dic
2013: Gen Feb Mar Apr Mag Giu Lug Ago Set Ott Nov Dic
2012: Gen Feb Mar Apr Mag Giu Lug Ago Set Ott Nov Dic
2011: Gen Feb Mar Apr Mag Giu Lug Ago Set Ott Nov Dic
2010: Gen Feb Mar Apr Mag Giu Lug Ago Set Ott Nov Dic
2009: Gen Feb Mar Apr Mag Giu Lug Ago Set Ott Nov Dic
2008: Gen Feb Mar Apr Mag Giu Lug Ago Set Ott Nov Dic
2007: Gen Feb Mar Apr Mag Giu Lug Ago Set Ott Nov Dic
2006: Gen Feb Mar Apr Mag Giu Lug Ago Set Ott Nov Dic
Archivio 2008 Settembre
MONTHLY CLIMATOLOGICAL SUMMARY for SEP. 2008 Name: San Fruttuoso City: Genova State: Italy Elevation: 70 m Lat: N 44° 24' 34" Lon: E 008° 57' 38" Temperature (°C), Rain (mm), Wind Speed (km/h) Heat Cool Avg Mean Deg Deg Wind Dom Day Temp High Time Low Time Days Days Rain Speed High Time Dir ------------------------------------------------------------------------------------- 01 22.8 25.8 10:14 19.4 06:49 00.0 04.5 00.0 04.8 20.4 13:34 NW 02 22.5 24.8 17:39 19.3 07:24 00.0 04.2 00.0 06.0 27.8 15:24 S 03 21.1 23.3 21:45 19.7 03:39 00.0 02.8 26.9 01.4 31.4 03:39 N 04 23.7 25.1 17:00 22.6 04:40 00.0 05.4 01.0 09.1 53.6 12:50 SE 05 24.4 27.3 15:36 23.5 00:45 00.0 06.1 00.0 08.4 38.9 23:09 SE 07 24.2 25.3 11:04 21.8 00:00 00.0 05.9 00.0 10.4 42.5 01:44 SE 08 21.9 24.6 13:45 18.9 07:35 00.0 03.6 00.0 04.3 33.3 11:05 SSE 09 22.5 27.6 16:15 16.8 06:50 00.0 04.2 00.0 03.5 16.6 07:20 NNW 10 25.3 28.7 16:45 22.4 07:40 00.0 07.0 00.0 01.7 24.1 07:00 NNE 11 24.6 28.8 11:40 21.3 05:55 00.0 06.3 00.0 03.0 20.4 16:55 NNW 12 23.6 25.1 16:34 22.0 23:24 00.0 05.3 00.0 07.6 35.1 02:05 SE 13 20.6 22.9 01:29 15.4 23:34 00.0 02.3 42.0 10.2 40.7 22:59 SE 14 17.6 21.1 15:19 15.4 04:09 00.7 00.0 04.1 07.4 50.0 13:29 NNW 15 16.7 19.9 18:39 14.6 06:04 01.6 00.0 00.0 04.6 40.7 10:49 N 16 18.0 22.3 15:29 15.0 07:54 00.3 00.0 00.0 01.5 27.8 14:14 N 17 17.7 21.9 13:34 13.6 06:14 00.6 00.0 00.0 02.4 31.4 14:59 SSE 18 18.8 22.4 12:09 15.7 03:03 00.0 00.5 00.0 01.8 24.1 14:44 SE 19 17.6 20.6 16:43 15.4 10:23 00.7 00.0 26.4 01.5 35.1 17:28 NNW 20 18.3 22.5 12:48 14.1 06:28 00.0 00.0 01.6 03.3 18.5 13:58 N 21 16.0 19.8 11:23 13.9 07:18 02.3 00.0 18.6 02.8 22.2 16:03 NNW 22 15.8 19.5 16:34 13.4 07:24 02.5 00.0 17.1 02.0 18.5 12:44 N 23 15.9 19.1 16:54 13.2 06:44 02.4 00.0 01.0 03.5 37.0 14:09 NNW 24 16.0 19.9 16:54 12.5 07:53 02.3 00.0 00.0 06.1 40.7 16:59 N 25 17.6 21.4 16:18 14.3 08:08 00.7 00.0 00.0 05.4 33.3 14:09 NNW 26 18.5 22.2 16:58 14.8 06:18 00.0 00.2 00.0 00.7 16.6 12:28 NNE 27 16.3 18.9 16:33 14.5 08:03 02.0 00.0 00.0 01.8 31.4 17:03 NNW 28 16.4 20.3 17:43 13.0 05:43 01.9 00.0 00.0 02.8 33.3 14:53 NNW 29 15.6 19.8 15:08 11.1 08:13 02.7 00.0 00.0 01.3 22.2 15:18 S 30 16.9 19.1 15:18 14.0 06:58 01.4 00.0 10.9 02.8 27.8 15:33 ESE ------------------------------------------------------------------------------------- 19.6(19.7)28.8 day 11 11.1 day 29 022.0 058.3 152.3 04.2 53.7 day 04 ENE Min <= 20: 23 Max Rain: 42.0 ON 13-09-08 Days of Rain: 10 (> .2mm) 7 (> 2mm) 3 (> 20mm)