Rapporti Climatici in stile NOAA
Selezionare un Anno o un Mese
2024: Gen Feb Mar Apr Mag Giu Lug Ago Set Ott Nov Dic
2023: Gen Feb Mar Apr Mag Giu Lug Ago Set Ott Nov Dic
2022: Gen Feb Mar Apr Mag Giu Lug Ago Set Ott Nov Dic
2021: Gen Feb Mar Apr Mag Giu Lug Ago Set Ott Nov Dic
2020: Gen Feb Mar Apr Mag Giu Lug Ago Set Ott Nov Dic
2019: Gen Feb Mar Apr Mag Giu Lug Ago Set Ott Nov Dic
2018: Gen Feb Mar Apr Mag Giu Lug Ago Set Ott Nov Dic
2017: Gen Feb Mar Apr Mag Giu Lug Ago Set Ott Nov Dic
2016: Gen Feb Mar Apr Mag Giu Lug Ago Set Ott Nov Dic
2015: Gen Feb Mar Apr Mag Giu Lug Ago Set Ott Nov Dic
2014: Gen Feb Mar Apr Mag Giu Lug Ago Set Ott Nov Dic
2013: Gen Feb Mar Apr Mag Giu Lug Ago Set Ott Nov Dic
2012: Gen Feb Mar Apr Mag Giu Lug Ago Set Ott Nov Dic
2011: Gen Feb Mar Apr Mag Giu Lug Ago Set Ott Nov Dic
2010: Gen Feb Mar Apr Mag Giu Lug Ago Set Ott Nov Dic
2009: Gen Feb Mar Apr Mag Giu Lug Ago Set Ott Nov Dic
2008: Gen Feb Mar Apr Mag Giu Lug Ago Set Ott Nov Dic
2007: Gen Feb Mar Apr Mag Giu Lug Ago Set Ott Nov Dic
2006: Gen Feb Mar Apr Mag Giu Lug Ago Set Ott Nov Dic
2024: Gen Feb Mar Apr Mag Giu Lug Ago Set Ott Nov Dic
2023: Gen Feb Mar Apr Mag Giu Lug Ago Set Ott Nov Dic
2022: Gen Feb Mar Apr Mag Giu Lug Ago Set Ott Nov Dic
2021: Gen Feb Mar Apr Mag Giu Lug Ago Set Ott Nov Dic
2020: Gen Feb Mar Apr Mag Giu Lug Ago Set Ott Nov Dic
2019: Gen Feb Mar Apr Mag Giu Lug Ago Set Ott Nov Dic
2018: Gen Feb Mar Apr Mag Giu Lug Ago Set Ott Nov Dic
2017: Gen Feb Mar Apr Mag Giu Lug Ago Set Ott Nov Dic
2016: Gen Feb Mar Apr Mag Giu Lug Ago Set Ott Nov Dic
2015: Gen Feb Mar Apr Mag Giu Lug Ago Set Ott Nov Dic
2014: Gen Feb Mar Apr Mag Giu Lug Ago Set Ott Nov Dic
2013: Gen Feb Mar Apr Mag Giu Lug Ago Set Ott Nov Dic
2012: Gen Feb Mar Apr Mag Giu Lug Ago Set Ott Nov Dic
2011: Gen Feb Mar Apr Mag Giu Lug Ago Set Ott Nov Dic
2010: Gen Feb Mar Apr Mag Giu Lug Ago Set Ott Nov Dic
2009: Gen Feb Mar Apr Mag Giu Lug Ago Set Ott Nov Dic
2008: Gen Feb Mar Apr Mag Giu Lug Ago Set Ott Nov Dic
2007: Gen Feb Mar Apr Mag Giu Lug Ago Set Ott Nov Dic
2006: Gen Feb Mar Apr Mag Giu Lug Ago Set Ott Nov Dic
Archivio 2008 Aprile
MONTHLY CLIMATOLOGICAL SUMMARY for APR. 2008 Name: San Fruttuoso City: Genova State: Italy Elevation: 70 m Lat: N 44° 24' 34" Lon: E 008° 57' 38" Temperature (°C), Rain (mm), Wind Speed (km/h) Heat Cool Avg Mean Deg Deg Wind Dom Day Temp High Time Low Time Days Days Rain Speed High Time Dir ------------------------------------------------------------------------------------- 01 17.2 21.5 16:14 12.8 07:49 01.1 00.0 00.0 10.3 40.7 17:14 NNW 02 16.2 19.9 19:24 12.5 07:29 02.1 00.0 00.0 05.4 40.7 23:14 N 03 16.1 20.0 15:29 11.8 08:24 02.2 00.0 00.0 06.5 57.4 16:04 NNW 04 14.1 18.4 13:39 10.6 08:04 04.2 00.0 00.0 06.7 38.9 12:24 NW 05 11.6 14.8 15:14 08.1 07:54 06.7 00.0 00.0 09.6 35.1 22:44 NNW 06 12.4 14.9 11:04 08.6 04:09 05.9 00.0 00.0 13.1 51.8 21:09 SE 07 12.8 13.8 16:54 11.7 08:14 05.5 00.0 00.0 18.0 51.8 04:44 SE 08 12.2 13.7 13:24 10.9 23:34 06.1 00.0 01.0 03.0 33.3 00:04 NNE 09 11.5 12.8 18:59 09.8 00:00 06.8 00.0 32.1 07.3 38.9 18:34 ESE 10 11.6 14.1 22:14 09.5 02:39 06.7 00.0 06.7 07.5 38.9 06:09 NE 11 13.7 14.4 10:09 12.4 00:00 04.6 00.0 16.1 14.5 44.4 08:14 SE 12 12.2 13.5 12:19 10.4 00:00 06.1 00.0 00.0 10.1 33.3 11:29 SE 13 12.2 15.0 11:34 08.9 07:59 06.1 00.0 00.0 06.7 38.9 13:24 E 14 11.1 13.4 09:49 07.8 22:54 07.2 00.0 20.7 13.1 46.3 17:04 SE 15 12.0 17.1 15:49 08.0 00:34 06.3 00.0 00.0 07.7 50.0 14:14 NNW 16 11.2 14.5 12:14 07.0 06:59 07.1 00.0 00.0 14.0 42.5 11:19 SE 17 13.1 14.6 14:09 11.8 07:34 05.2 00.0 04.7 09.5 40.7 12:44 SE 18 11.9 13.9 13:19 09.6 06:14 06.4 00.0 20.2 08.1 59.2 22:24 SE 19 14.0 16.6 16:54 12.8 07:14 04.3 00.0 01.0 11.9 38.9 18:59 SE 20 14.0 15.9 13:24 12.0 00:00 04.3 00.0 02.1 05.4 25.9 14:44 SSE 21 12.2 13.3 23:44 10.9 10:04 06.1 00.0 28.5 04.7 37.0 19:34 ESE 22 13.4 15.0 17:59 11.2 00:00 04.9 00.0 00.0 06.0 33.3 11:29 SE 23 13.0 15.9 16:09 09.4 06:24 05.3 00.0 00.0 10.7 35.1 15:49 SE 24 15.3 20.4 15:14 11.1 06:29 03.0 00.0 00.0 06.9 48.1 14:44 NNW 25 14.6 17.4 12:28 11.8 06:44 03.7 00.0 00.0 05.4 33.3 06:14 SSE 26 15.6 18.9 16:33 11.8 05:54 02.7 00.0 00.0 04.3 27.8 17:18 W 27 15.8 19.9 10:08 12.6 07:43 02.5 00.0 00.0 06.6 31.4 16:28 NW 28 14.4 17.1 13:08 11.3 07:13 03.9 00.0 00.5 10.5 38.9 06:53 SE 29 12.4 14.9 16:03 10.8 03:53 05.9 00.0 14.0 05.4 38.9 01:13 SE 30 14.2 16.3 15:38 11.5 01:23 04.1 00.0 00.0 10.3 33.3 12:38 SE ------------------------------------------------------------------------------------- 13.4(13.4)21.5 day 01 07.0 day 16 147.0 000.0 148.2 08.6 59.2 day 03 SE Min <= 20: 30 Max Rain: 32.1 ON 9-04-08 Days of Rain: 12 (> .2mm) 9 (> 2mm) 4 (> 20mm)