Rapporti Climatici in stile NOAA
Selezionare un Anno o un Mese
2024: Gen Feb Mar Apr Mag Giu Lug Ago Set Ott Nov Dic
2023: Gen Feb Mar Apr Mag Giu Lug Ago Set Ott Nov Dic
2022: Gen Feb Mar Apr Mag Giu Lug Ago Set Ott Nov Dic
2021: Gen Feb Mar Apr Mag Giu Lug Ago Set Ott Nov Dic
2020: Gen Feb Mar Apr Mag Giu Lug Ago Set Ott Nov Dic
2019: Gen Feb Mar Apr Mag Giu Lug Ago Set Ott Nov Dic
2018: Gen Feb Mar Apr Mag Giu Lug Ago Set Ott Nov Dic
2017: Gen Feb Mar Apr Mag Giu Lug Ago Set Ott Nov Dic
2016: Gen Feb Mar Apr Mag Giu Lug Ago Set Ott Nov Dic
2015: Gen Feb Mar Apr Mag Giu Lug Ago Set Ott Nov Dic
2014: Gen Feb Mar Apr Mag Giu Lug Ago Set Ott Nov Dic
2013: Gen Feb Mar Apr Mag Giu Lug Ago Set Ott Nov Dic
2012: Gen Feb Mar Apr Mag Giu Lug Ago Set Ott Nov Dic
2011: Gen Feb Mar Apr Mag Giu Lug Ago Set Ott Nov Dic
2010: Gen Feb Mar Apr Mag Giu Lug Ago Set Ott Nov Dic
2009: Gen Feb Mar Apr Mag Giu Lug Ago Set Ott Nov Dic
2008: Gen Feb Mar Apr Mag Giu Lug Ago Set Ott Nov Dic
2007: Gen Feb Mar Apr Mag Giu Lug Ago Set Ott Nov Dic
2006: Gen Feb Mar Apr Mag Giu Lug Ago Set Ott Nov Dic
2024: Gen Feb Mar Apr Mag Giu Lug Ago Set Ott Nov Dic
2023: Gen Feb Mar Apr Mag Giu Lug Ago Set Ott Nov Dic
2022: Gen Feb Mar Apr Mag Giu Lug Ago Set Ott Nov Dic
2021: Gen Feb Mar Apr Mag Giu Lug Ago Set Ott Nov Dic
2020: Gen Feb Mar Apr Mag Giu Lug Ago Set Ott Nov Dic
2019: Gen Feb Mar Apr Mag Giu Lug Ago Set Ott Nov Dic
2018: Gen Feb Mar Apr Mag Giu Lug Ago Set Ott Nov Dic
2017: Gen Feb Mar Apr Mag Giu Lug Ago Set Ott Nov Dic
2016: Gen Feb Mar Apr Mag Giu Lug Ago Set Ott Nov Dic
2015: Gen Feb Mar Apr Mag Giu Lug Ago Set Ott Nov Dic
2014: Gen Feb Mar Apr Mag Giu Lug Ago Set Ott Nov Dic
2013: Gen Feb Mar Apr Mag Giu Lug Ago Set Ott Nov Dic
2012: Gen Feb Mar Apr Mag Giu Lug Ago Set Ott Nov Dic
2011: Gen Feb Mar Apr Mag Giu Lug Ago Set Ott Nov Dic
2010: Gen Feb Mar Apr Mag Giu Lug Ago Set Ott Nov Dic
2009: Gen Feb Mar Apr Mag Giu Lug Ago Set Ott Nov Dic
2008: Gen Feb Mar Apr Mag Giu Lug Ago Set Ott Nov Dic
2007: Gen Feb Mar Apr Mag Giu Lug Ago Set Ott Nov Dic
2006: Gen Feb Mar Apr Mag Giu Lug Ago Set Ott Nov Dic
Archivio 2023 Dicembre
Monthly Climatological Summary for dic 2023 Name: San Fruttuoso City: Genova State: Italy Elevation: 70 m Lat: N 44° 24' 32" Lon: E 008° 57' 37" Temperature (°C), Rain (mm), Wind Speed (km/h) Heat Cool Avg Mean Deg Deg Wind Dom Day Temp High Time Low Time Days Days Rain Speed High Time Dir ---------------------------------------------------------------------------------- 01 15.8 16.7 20:50 11.7 00:18 2.5 0.0 9.4 17.9 50.0 14:40 SE 02 12.0 16.3 00:00 7.8 09:54 6.3 0.0 4.1 10.7 48.0 00:12 S 03 8.2 11.4 12:30 6.2 23:45 10.1 0.0 0.0 7.7 31.0 00:35 N 04 4.9 6.3 00:00 2.8 23:58 13.4 0.0 3.8 8.0 40.0 23:38 NNE 05 4.8 6.7 14:08 2.7 00:03 13.5 0.0 0.5 9.4 43.0 04:42 N 06 8.0 13.7 15:23 4.6 04:15 10.3 0.0 0.0 6.0 24.0 10:24 NNW 07 7.8 13.1 12:34 3.9 05:14 10.5 0.0 0.0 7.5 19.0 04:11 NNW 08 6.1 9.9 04:59 4.1 16:25 12.2 0.0 32.3 7.8 35.0 16:36 NNE 09 9.2 12.8 23:24 5.4 01:43 9.1 0.0 3.3 7.9 35.0 20:37 ENE 10 11.8 16.9 14:49 6.7 03:52 6.5 0.0 0.0 7.3 45.0 03:21 N 11 13.1 16.2 11:53 9.9 06:11 5.2 0.0 0.0 5.7 29.0 12:48 E 12 13.4 15.2 13:03 11.0 03:20 4.9 0.0 2.0 8.7 32.0 18:07 ESE 13 13.2 14.6 00:00 10.3 22:34 5.1 0.0 0.8 7.2 34.0 02:47 ESE 14 11.9 15.0 15:41 8.8 07:50 6.4 0.0 0.0 7.4 34.0 10:14 N 15 13.5 16.6 14:19 11.2 23:56 4.8 0.0 0.0 7.2 37.0 00:03 N 16 10.2 13.0 13:23 7.8 23:31 8.1 0.0 0.0 8.1 47.0 18:16 NNE 17 10.4 13.2 15:10 7.9 00:23 7.9 0.0 0.0 7.4 43.0 03:14 NNE 18 10.2 14.9 14:12 6.6 04:59 8.1 0.0 0.0 2.7 16.0 00:02 NW 19 9.8 14.3 13:40 6.1 08:21 8.5 0.0 0.0 3.9 16.0 22:18 NNW 20 10.4 13.4 13:12 8.2 01:47 7.9 0.0 0.0 4.9 24.0 23:06 NNW 21 10.3 13.5 14:05 6.7 07:33 8.0 0.0 0.0 5.3 26.0 16:54 NE 22 10.3 15.1 13:32 7.2 05:16 8.0 0.0 0.0 5.8 23.0 02:34 NNW 23 10.2 14.9 12:39 7.0 08:32 8.1 0.0 0.0 6.9 19.0 05:04 NNW 24 11.4 14.9 13:56 8.1 01:59 6.9 0.0 0.0 4.7 31.0 12:45 NE 25 13.2 14.4 11:25 11.5 00:01 5.1 0.0 0.3 3.9 21.0 16:33 SE 26 12.9 14.8 14:26 11.1 23:56 5.4 0.0 0.3 5.1 24.0 04:58 ESE 27 11.7 13.4 12:38 10.1 06:01 6.6 0.0 0.5 3.6 19.0 13:36 NNW 28 13.2 14.1 13:29 11.4 01:02 5.1 0.0 0.0 9.1 27.0 20:55 SSE 29 12.8 13.6 07:11 11.8 16:40 5.5 0.0 15.0 9.2 34.0 14:20 SE 30 12.9 14.7 13:31 11.3 08:37 5.4 0.0 0.3 5.7 27.0 16:14 SSE 31 12.4 13.8 18:51 9.8 22:39 5.9 0.0 26.7 8.1 50.0 21:23 SSE ---------------------------------------------------------------------------------- 10.8 16.9 10 2.7 5 231.3 0.0 99.3 7.1 50.0 1 NE Max >= 27.0 0 Max <= 5.0 0 Min <= 20.0 31 Min <= 0.0 0 Max Rain: 32.3 on day 8 Days of Rain: 14 (>= 0.2 mm) 8 (>= 2.0 mm) 2 (>= 20.0 mm) Heat Base: 18.3 Cool Base: 18.3 Method: Integration