Rapporti Climatici in stile NOAA


Archivio 2024 Aprile
                   Monthly Climatological Summary for apr 2024

Name: San Fruttuoso   City: Genova   State: Italy
Elevation: 70 m  Lat: N 44° 24' 32"   Lon: E 008° 57' 37"

                  Temperature (°C), Rain (mm), Wind Speed (km/h)

                                      Heat  Cool        Avg
    Mean                              Deg   Deg         Wind                 Dom
Day Temp  High   Time   Low    Time   Days  Days  Rain  Speed High   Time    Dir
----------------------------------------------------------------------------------
01  13.8  15.2   01:28  11.7   23:48   4.5   0.0  20.1  14.3  63.0   03:07    SE
02  14.0  16.4   14:31  11.1   03:06   4.3   0.0   0.0   9.0  37.0   10:50    SE
03  14.0  15.6   15:35  12.7   13:35   4.3   0.0   5.3  10.9  35.0   11:07    SE
04  14.4  16.2   09:09  12.2   02:43   3.9   0.0   0.0   7.6  39.0   12:14    SE
05  14.6  17.1   13:20  12.3   05:10   3.7   0.0   0.0   6.9  34.0   10:52    SE
06  14.2  17.3   14:54  10.8   04:48   4.1   0.0   0.0   7.1  19.0   12:35   WNW
07  15.6  19.7   13:00  11.2   06:06   3.0   0.2   0.0   6.2  16.0   02:04    NW
08  17.3  22.1   14:56  13.1   05:23   2.0   1.0   0.0   5.3  18.0   02:02   WNW
09  15.5  18.8   09:23  12.3   05:57   2.8   0.0   9.1   7.4  32.0   10:27     E
10  12.8  14.7   17:55  10.8   04:38   5.5   0.0   2.3  10.1  48.0   12:15     N
11  19.1  24.6   16:02  12.1   00:00   1.5   2.3   0.0   9.2  43.0   02:11   NNW
12  20.8  26.7   13:24  17.9   22:57   0.0   2.5   0.0   5.9  29.0   11:19    NE
13  20.3  24.1   17:40  16.3   05:55   0.2   2.2   0.0   4.0  21.0   03:31   SSW
14  19.1  22.6   13:28  15.4   06:28   0.7   1.4   0.0   4.8  18.0   10:18     S
15  17.5  19.6   14:42  15.0   04:33   0.9   0.1   0.0  12.8  48.0   09:31    SE
16  17.3  18.6   09:27  15.5   23:59   1.0   0.0   0.0   9.7  39.0   11:45    SE
17  15.2  19.5   14:39  11.5   06:51   3.2   0.1   0.0   9.8  39.0   10:33    NW
18  12.5  16.8   10:19   9.9   13:43   5.8   0.0   1.8   5.6  37.0   15:01   NNE
19  13.1  16.2   13:20   9.7   02:30   5.2   0.0   0.0   7.1  31.0   04:25   SSE
----------------------------------------------------------------------------------
    15.8  26.7    12     9.7    19    56.6   9.8  38.6   8.1  63.0     1     ESE

Max >=  27.0  0
Max <=   5.0  0
Min <=  20.0 19
Min <=   0.0  0
Max Rain: 20.1 on day 1
Days of Rain: 5 (>= 0.2 mm)  4 (>= 2.0 mm)  1 (>= 20.0 mm)
Heat Base: 18.3  Cool Base: 18.3  Method: Integration