Rapporti Climatici in stile NOAA
Selezionare un Anno o un Mese
2024: Gen Feb Mar Apr Mag Giu Lug Ago Set Ott Nov Dic
2023: Gen Feb Mar Apr Mag Giu Lug Ago Set Ott Nov Dic
2022: Gen Feb Mar Apr Mag Giu Lug Ago Set Ott Nov Dic
2021: Gen Feb Mar Apr Mag Giu Lug Ago Set Ott Nov Dic
2020: Gen Feb Mar Apr Mag Giu Lug Ago Set Ott Nov Dic
2019: Gen Feb Mar Apr Mag Giu Lug Ago Set Ott Nov Dic
2018: Gen Feb Mar Apr Mag Giu Lug Ago Set Ott Nov Dic
2017: Gen Feb Mar Apr Mag Giu Lug Ago Set Ott Nov Dic
2016: Gen Feb Mar Apr Mag Giu Lug Ago Set Ott Nov Dic
2015: Gen Feb Mar Apr Mag Giu Lug Ago Set Ott Nov Dic
2014: Gen Feb Mar Apr Mag Giu Lug Ago Set Ott Nov Dic
2013: Gen Feb Mar Apr Mag Giu Lug Ago Set Ott Nov Dic
2012: Gen Feb Mar Apr Mag Giu Lug Ago Set Ott Nov Dic
2011: Gen Feb Mar Apr Mag Giu Lug Ago Set Ott Nov Dic
2010: Gen Feb Mar Apr Mag Giu Lug Ago Set Ott Nov Dic
2009: Gen Feb Mar Apr Mag Giu Lug Ago Set Ott Nov Dic
2008: Gen Feb Mar Apr Mag Giu Lug Ago Set Ott Nov Dic
2007: Gen Feb Mar Apr Mag Giu Lug Ago Set Ott Nov Dic
2006: Gen Feb Mar Apr Mag Giu Lug Ago Set Ott Nov Dic
2024: Gen Feb Mar Apr Mag Giu Lug Ago Set Ott Nov Dic
2023: Gen Feb Mar Apr Mag Giu Lug Ago Set Ott Nov Dic
2022: Gen Feb Mar Apr Mag Giu Lug Ago Set Ott Nov Dic
2021: Gen Feb Mar Apr Mag Giu Lug Ago Set Ott Nov Dic
2020: Gen Feb Mar Apr Mag Giu Lug Ago Set Ott Nov Dic
2019: Gen Feb Mar Apr Mag Giu Lug Ago Set Ott Nov Dic
2018: Gen Feb Mar Apr Mag Giu Lug Ago Set Ott Nov Dic
2017: Gen Feb Mar Apr Mag Giu Lug Ago Set Ott Nov Dic
2016: Gen Feb Mar Apr Mag Giu Lug Ago Set Ott Nov Dic
2015: Gen Feb Mar Apr Mag Giu Lug Ago Set Ott Nov Dic
2014: Gen Feb Mar Apr Mag Giu Lug Ago Set Ott Nov Dic
2013: Gen Feb Mar Apr Mag Giu Lug Ago Set Ott Nov Dic
2012: Gen Feb Mar Apr Mag Giu Lug Ago Set Ott Nov Dic
2011: Gen Feb Mar Apr Mag Giu Lug Ago Set Ott Nov Dic
2010: Gen Feb Mar Apr Mag Giu Lug Ago Set Ott Nov Dic
2009: Gen Feb Mar Apr Mag Giu Lug Ago Set Ott Nov Dic
2008: Gen Feb Mar Apr Mag Giu Lug Ago Set Ott Nov Dic
2007: Gen Feb Mar Apr Mag Giu Lug Ago Set Ott Nov Dic
2006: Gen Feb Mar Apr Mag Giu Lug Ago Set Ott Nov Dic
Archivio 2023 Novembre
Monthly Climatological Summary for nov 2023 Name: San Fruttuoso City: Genova State: Italy Elevation: 70 m Lat: N 44° 24' 32" Lon: E 008° 57' 37" Temperature (°C), Rain (mm), Wind Speed (km/h) Heat Cool Avg Mean Deg Deg Wind Dom Day Temp High Time Low Time Days Days Rain Speed High Time Dir ---------------------------------------------------------------------------------- 01 17.6 18.9 13:58 16.2 00:44 0.7 0.0 0.0 11.3 55.0 19:16 SE 02 17.1 19.6 13:52 14.3 09:51 1.4 0.2 36.8 14.6 60.0 13:43 SSE 03 15.0 18.3 15:46 11.5 07:59 3.4 0.0 2.0 7.5 45.0 00:08 S 04 13.3 16.9 14:01 9.7 05:56 5.0 0.0 21.8 11.9 48.0 13:58 SE 05 15.0 20.1 16:18 10.1 03:21 3.6 0.2 6.6 7.1 42.0 01:42 N 06 16.1 19.2 14:05 12.7 00:38 2.2 0.0 0.0 10.2 48.0 15:38 SE 07 16.0 17.7 10:30 13.9 23:57 2.3 0.0 0.0 6.6 31.0 11:51 SE 08 14.5 17.6 13:22 11.8 07:23 3.8 0.0 0.0 5.3 29.0 12:06 ESE 09 12.7 15.4 08:40 10.0 19:44 5.6 0.0 60.7 7.8 34.0 21:57 NE 10 11.9 16.4 12:09 9.4 23:57 6.4 0.0 0.0 6.6 40.0 00:11 N 11 11.4 16.8 14:04 7.3 06:21 6.9 0.0 0.0 8.8 26.0 14:57 NNW 12 12.3 16.9 14:36 9.4 00:00 6.0 0.0 0.3 6.5 18.0 01:35 NNW 13 14.2 17.8 12:17 10.9 00:33 4.1 0.0 0.3 7.3 35.0 13:03 E 14 17.1 19.2 11:16 13.9 00:32 1.2 0.0 0.0 9.6 42.0 15:38 SE 15 17.1 22.0 15:42 12.2 22:39 2.0 0.8 0.0 7.3 32.0 14:35 NNW 16 14.1 17.1 11:31 10.7 02:40 4.2 0.0 0.0 7.9 35.0 13:52 E 17 15.4 20.6 13:50 10.7 07:58 3.2 0.4 0.0 6.8 29.0 19:51 NNW 18 14.2 17.7 14:00 11.1 23:46 4.1 0.0 0.0 6.7 32.0 01:22 NNE 19 13.4 16.7 13:17 9.7 05:52 4.9 0.0 0.0 7.7 34.0 12:50 ENE 20 14.4 16.8 12:59 12.2 00:22 3.9 0.0 0.0 4.3 24.0 12:23 NNW 21 13.0 14.9 03:06 11.6 08:31 5.3 0.0 0.0 7.6 37.0 06:43 N 22 13.5 16.8 15:25 10.5 04:01 4.8 0.0 0.0 6.6 27.0 14:01 NNW 23 13.2 16.4 14:22 10.2 06:29 5.1 0.0 0.0 10.6 39.0 13:29 N 24 11.6 15.8 12:24 8.2 04:09 6.7 0.0 0.0 9.1 32.0 11:27 NNW 25 10.9 13.9 01:03 7.6 23:13 7.4 0.0 0.0 11.1 55.0 10:47 NW 26 8.8 14.3 12:52 4.3 07:54 9.5 0.0 0.0 8.1 21.0 13:47 NW 27 11.7 13.6 12:34 9.4 04:01 6.6 0.0 0.0 7.8 29.0 12:08 SSE 28 10.8 14.6 14:17 6.9 07:12 7.5 0.0 0.0 6.2 34.0 02:19 NNW 29 11.2 15.3 13:13 6.7 06:20 7.1 0.0 0.0 7.7 27.0 13:29 NNW 30 7.3 12.2 23:45 5.5 09:25 11.0 0.0 12.4 7.3 34.0 11:55 NNE ---------------------------------------------------------------------------------- 13.5 22.0 15 4.3 26 145.9 1.6 140.9 8.1 60.0 2 NE Max >= 27.0 0 Max <= 5.0 0 Min <= 20.0 30 Min <= 0.0 0 Max Rain: 60.7 on day 9 Days of Rain: 8 (>= 0.2 mm) 6 (>= 2.0 mm) 3 (>= 20.0 mm) Heat Base: 18.3 Cool Base: 18.3 Method: Integration