Rapporti Climatici in stile NOAA
Selezionare un Anno o un Mese
2024: Gen Feb Mar Apr Mag Giu Lug Ago Set Ott Nov Dic
2023: Gen Feb Mar Apr Mag Giu Lug Ago Set Ott Nov Dic
2022: Gen Feb Mar Apr Mag Giu Lug Ago Set Ott Nov Dic
2021: Gen Feb Mar Apr Mag Giu Lug Ago Set Ott Nov Dic
2020: Gen Feb Mar Apr Mag Giu Lug Ago Set Ott Nov Dic
2019: Gen Feb Mar Apr Mag Giu Lug Ago Set Ott Nov Dic
2018: Gen Feb Mar Apr Mag Giu Lug Ago Set Ott Nov Dic
2017: Gen Feb Mar Apr Mag Giu Lug Ago Set Ott Nov Dic
2016: Gen Feb Mar Apr Mag Giu Lug Ago Set Ott Nov Dic
2015: Gen Feb Mar Apr Mag Giu Lug Ago Set Ott Nov Dic
2014: Gen Feb Mar Apr Mag Giu Lug Ago Set Ott Nov Dic
2013: Gen Feb Mar Apr Mag Giu Lug Ago Set Ott Nov Dic
2012: Gen Feb Mar Apr Mag Giu Lug Ago Set Ott Nov Dic
2011: Gen Feb Mar Apr Mag Giu Lug Ago Set Ott Nov Dic
2010: Gen Feb Mar Apr Mag Giu Lug Ago Set Ott Nov Dic
2009: Gen Feb Mar Apr Mag Giu Lug Ago Set Ott Nov Dic
2008: Gen Feb Mar Apr Mag Giu Lug Ago Set Ott Nov Dic
2007: Gen Feb Mar Apr Mag Giu Lug Ago Set Ott Nov Dic
2006: Gen Feb Mar Apr Mag Giu Lug Ago Set Ott Nov Dic
2024: Gen Feb Mar Apr Mag Giu Lug Ago Set Ott Nov Dic
2023: Gen Feb Mar Apr Mag Giu Lug Ago Set Ott Nov Dic
2022: Gen Feb Mar Apr Mag Giu Lug Ago Set Ott Nov Dic
2021: Gen Feb Mar Apr Mag Giu Lug Ago Set Ott Nov Dic
2020: Gen Feb Mar Apr Mag Giu Lug Ago Set Ott Nov Dic
2019: Gen Feb Mar Apr Mag Giu Lug Ago Set Ott Nov Dic
2018: Gen Feb Mar Apr Mag Giu Lug Ago Set Ott Nov Dic
2017: Gen Feb Mar Apr Mag Giu Lug Ago Set Ott Nov Dic
2016: Gen Feb Mar Apr Mag Giu Lug Ago Set Ott Nov Dic
2015: Gen Feb Mar Apr Mag Giu Lug Ago Set Ott Nov Dic
2014: Gen Feb Mar Apr Mag Giu Lug Ago Set Ott Nov Dic
2013: Gen Feb Mar Apr Mag Giu Lug Ago Set Ott Nov Dic
2012: Gen Feb Mar Apr Mag Giu Lug Ago Set Ott Nov Dic
2011: Gen Feb Mar Apr Mag Giu Lug Ago Set Ott Nov Dic
2010: Gen Feb Mar Apr Mag Giu Lug Ago Set Ott Nov Dic
2009: Gen Feb Mar Apr Mag Giu Lug Ago Set Ott Nov Dic
2008: Gen Feb Mar Apr Mag Giu Lug Ago Set Ott Nov Dic
2007: Gen Feb Mar Apr Mag Giu Lug Ago Set Ott Nov Dic
2006: Gen Feb Mar Apr Mag Giu Lug Ago Set Ott Nov Dic
Archivio 2023 Giugnio
Monthly Climatological Summary for giu 2023 Name: San Fruttuoso City: Genova State: Italy Elevation: 70 m Lat: N 44° 24' 32" Lon: E 008° 57' 37" Temperature (°C), Rain (mm), Wind Speed (km/h) Heat Cool Avg Mean Deg Deg Wind Dom Day Temp High Time Low Time Days Days Rain Speed High Time Dir ---------------------------------------------------------------------------------- 01 21.4 25.4 10:05 17.7 23:58 0.0 3.1 0.0 7.0 31.0 10:16 NNW 02 20.1 23.6 14:17 16.2 05:33 0.4 2.2 0.0 6.9 19.0 12:50 W 03 20.1 22.8 17:15 16.6 04:56 0.3 2.1 0.0 7.2 24.0 13:01 WSW 04 20.6 23.8 15:09 16.7 05:07 0.2 2.5 0.0 7.7 21.0 13:25 S 05 19.0 23.3 14:04 17.3 02:26 0.2 0.9 53.8 3.4 21.0 14:31 NNW 06 20.1 23.0 16:23 16.5 05:26 0.3 2.1 0.0 6.7 23.0 14:59 SW 07 20.8 23.6 14:23 17.9 04:08 0.0 2.5 0.0 6.7 23.0 15:37 WSW 08 21.0 23.6 16:17 17.6 05:16 0.1 2.7 0.0 6.6 23.0 14:26 WSW 09 21.0 23.4 09:44 17.3 05:04 0.1 2.8 2.0 6.7 24.0 10:44 SSW 10 21.4 23.9 15:55 19.2 05:59 0.0 3.1 5.8 5.4 24.0 09:24 WSW 11 22.0 25.6 13:15 17.9 04:55 0.0 3.7 0.0 5.8 21.0 11:43 WSW 12 23.4 27.0 13:48 20.4 06:27 0.0 5.1 4.1 6.1 34.0 06:14 NW 13 20.4 23.3 17:07 19.2 23:50 0.0 2.1 21.8 3.9 14.0 03:58 NW 14 20.8 24.2 19:21 18.0 03:44 0.0 2.5 0.5 4.3 21.0 13:48 NNW 15 23.8 28.9 14:27 19.2 02:22 0.0 5.5 0.0 7.3 32.0 15:33 NW 16 23.0 26.4 18:52 19.2 05:06 0.0 4.7 0.0 7.0 21.0 13:15 W 17 22.3 25.0 11:47 17.9 05:14 0.0 4.0 0.0 7.5 21.0 11:59 W 18 22.9 26.2 11:15 18.8 05:30 0.0 4.6 0.0 7.0 18.0 12:22 W 19 23.4 26.1 15:40 20.6 04:54 0.0 5.1 0.3 8.9 29.0 12:41 S 20 24.4 28.6 15:00 19.4 05:18 0.0 6.1 0.0 8.4 27.0 16:58 WNW 21 24.8 28.6 18:26 20.1 04:23 0.0 6.5 0.0 7.4 23.0 12:52 WNW 22 26.5 31.2 14:18 21.7 05:21 0.0 8.2 0.0 8.8 42.0 20:27 SSE 23 24.6 25.9 14:19 22.3 23:59 0.0 6.3 0.0 7.0 34.0 00:25 SSE 24 27.5 32.1 13:41 22.3 00:00 0.0 9.2 0.0 7.5 29.0 11:55 NNW 25 25.3 28.1 09:18 21.6 05:09 0.0 7.0 0.0 8.0 21.0 09:49 W 26 25.0 27.7 17:26 21.4 04:29 0.0 6.7 0.0 6.7 21.0 10:55 WSW 27 24.6 27.5 17:21 21.4 05:26 0.0 6.3 0.0 6.6 23.0 11:15 WSW 28 25.0 28.3 11:22 21.2 05:14 0.0 6.7 0.0 7.1 27.0 13:48 WSW 29 25.7 28.5 17:01 23.5 23:56 0.0 7.4 0.0 5.8 32.0 18:00 NW 30 21.8 24.2 08:08 19.1 10:37 0.0 3.5 63.8 5.1 26.0 09:10 NNW ---------------------------------------------------------------------------------- 22.8 32.1 24 16.2 2 1.6 135.2 152.1 6.7 42.0 22 W Max >= 27.0 11 Max <= 5.0 0 Min <= 20.0 19 Min <= 0.0 0 Max Rain: 63.8 on day 30 Days of Rain: 8 (>= 0.2 mm) 6 (>= 2.0 mm) 3 (>= 20.0 mm) Heat Base: 18.3 Cool Base: 18.3 Method: Integration