Rapporti Climatici in stile NOAA
Selezionare un Anno o un Mese
2024: Gen Feb Mar Apr Mag Giu Lug Ago Set Ott Nov Dic
2023: Gen Feb Mar Apr Mag Giu Lug Ago Set Ott Nov Dic
2022: Gen Feb Mar Apr Mag Giu Lug Ago Set Ott Nov Dic
2021: Gen Feb Mar Apr Mag Giu Lug Ago Set Ott Nov Dic
2020: Gen Feb Mar Apr Mag Giu Lug Ago Set Ott Nov Dic
2019: Gen Feb Mar Apr Mag Giu Lug Ago Set Ott Nov Dic
2018: Gen Feb Mar Apr Mag Giu Lug Ago Set Ott Nov Dic
2017: Gen Feb Mar Apr Mag Giu Lug Ago Set Ott Nov Dic
2016: Gen Feb Mar Apr Mag Giu Lug Ago Set Ott Nov Dic
2015: Gen Feb Mar Apr Mag Giu Lug Ago Set Ott Nov Dic
2014: Gen Feb Mar Apr Mag Giu Lug Ago Set Ott Nov Dic
2013: Gen Feb Mar Apr Mag Giu Lug Ago Set Ott Nov Dic
2012: Gen Feb Mar Apr Mag Giu Lug Ago Set Ott Nov Dic
2011: Gen Feb Mar Apr Mag Giu Lug Ago Set Ott Nov Dic
2010: Gen Feb Mar Apr Mag Giu Lug Ago Set Ott Nov Dic
2009: Gen Feb Mar Apr Mag Giu Lug Ago Set Ott Nov Dic
2008: Gen Feb Mar Apr Mag Giu Lug Ago Set Ott Nov Dic
2007: Gen Feb Mar Apr Mag Giu Lug Ago Set Ott Nov Dic
2006: Gen Feb Mar Apr Mag Giu Lug Ago Set Ott Nov Dic
2024: Gen Feb Mar Apr Mag Giu Lug Ago Set Ott Nov Dic
2023: Gen Feb Mar Apr Mag Giu Lug Ago Set Ott Nov Dic
2022: Gen Feb Mar Apr Mag Giu Lug Ago Set Ott Nov Dic
2021: Gen Feb Mar Apr Mag Giu Lug Ago Set Ott Nov Dic
2020: Gen Feb Mar Apr Mag Giu Lug Ago Set Ott Nov Dic
2019: Gen Feb Mar Apr Mag Giu Lug Ago Set Ott Nov Dic
2018: Gen Feb Mar Apr Mag Giu Lug Ago Set Ott Nov Dic
2017: Gen Feb Mar Apr Mag Giu Lug Ago Set Ott Nov Dic
2016: Gen Feb Mar Apr Mag Giu Lug Ago Set Ott Nov Dic
2015: Gen Feb Mar Apr Mag Giu Lug Ago Set Ott Nov Dic
2014: Gen Feb Mar Apr Mag Giu Lug Ago Set Ott Nov Dic
2013: Gen Feb Mar Apr Mag Giu Lug Ago Set Ott Nov Dic
2012: Gen Feb Mar Apr Mag Giu Lug Ago Set Ott Nov Dic
2011: Gen Feb Mar Apr Mag Giu Lug Ago Set Ott Nov Dic
2010: Gen Feb Mar Apr Mag Giu Lug Ago Set Ott Nov Dic
2009: Gen Feb Mar Apr Mag Giu Lug Ago Set Ott Nov Dic
2008: Gen Feb Mar Apr Mag Giu Lug Ago Set Ott Nov Dic
2007: Gen Feb Mar Apr Mag Giu Lug Ago Set Ott Nov Dic
2006: Gen Feb Mar Apr Mag Giu Lug Ago Set Ott Nov Dic
Archivio 2023 Aprile
Monthly Climatological Summary for apr 2023 Name: San Fruttuoso City: Genova State: Italy Elevation: 70 m Lat: N 44° 24' 32" Lon: E 008° 57' 37" Temperature (°C), Rain (mm), Wind Speed (km/h) Heat Cool Avg Mean Deg Deg Wind Dom Day Temp High Time Low Time Days Days Rain Speed High Time Dir ---------------------------------------------------------------------------------- 01 12.7 18.1 16:34 7.8 06:36 5.6 0.0 0.3 6.8 34.0 17:24 W 02 13.9 19.7 17:16 9.7 03:49 4.5 0.1 0.0 5.8 21.0 17:01 NW 03 16.3 20.4 12:45 13.4 22:10 2.2 0.2 0.5 6.1 32.0 12:04 NNW 04 12.4 15.4 17:49 8.0 23:42 5.9 0.0 0.8 6.1 35.0 13:41 NW 05 10.9 14.6 15:49 7.9 02:06 7.4 0.0 0.0 7.7 27.0 12:38 SSW 06 10.1 12.4 13:19 6.1 06:07 8.2 0.0 0.0 6.9 23.0 11:15 WSW 07 10.2 12.7 10:28 8.8 15:54 8.1 0.0 17.5 6.4 35.0 11:00 ENE 08 12.9 18.1 13:14 9.1 02:04 5.4 0.0 0.8 8.5 35.0 05:29 NW 09 12.9 15.6 12:17 9.3 04:41 5.4 0.0 0.0 7.4 24.0 13:19 SSW 10 13.1 15.7 15:18 10.4 05:44 5.2 0.0 0.0 6.7 26.0 15:21 W 11 13.0 14.9 14:11 10.5 04:57 5.3 0.0 0.0 7.3 31.0 12:46 ESE 12 14.0 15.1 16:16 12.8 04:23 4.3 0.0 0.5 9.5 35.0 20:38 ESE 13 11.6 14.9 12:48 7.4 15:46 6.7 0.0 26.9 7.2 51.0 13:46 N 14 12.4 16.8 10:36 6.9 05:47 5.9 0.0 0.0 6.7 32.0 11:41 SW 15 12.5 14.7 17:35 9.9 05:42 5.8 0.0 1.8 6.0 32.0 08:16 SE 16 15.3 19.3 13:04 9.7 01:02 3.1 0.0 0.0 7.2 31.0 13:30 NE 17 16.5 20.4 11:54 11.6 02:49 2.0 0.2 0.0 4.9 27.0 12:53 NNE 18 17.4 20.9 16:46 14.3 05:46 1.4 0.5 0.0 5.0 24.0 14:59 NW 19 16.0 18.1 16:00 13.9 05:48 2.3 0.0 0.0 7.4 26.0 11:34 SE 20 14.7 16.2 15:39 13.5 05:19 3.6 0.0 1.8 11.4 39.0 08:30 SE 21 15.4 18.4 16:15 12.0 05:44 2.9 0.0 0.0 5.1 23.0 11:15 WSW 22 15.7 18.2 09:17 13.6 23:38 2.6 0.0 0.0 5.7 21.0 00:05 SE 23 15.0 17.4 12:02 11.5 06:15 3.3 0.0 0.0 10.4 37.0 18:36 SE 24 16.1 18.2 15:43 13.5 23:57 2.2 0.0 0.0 7.3 29.0 19:24 SE 25 15.0 18.2 15:55 11.4 05:23 3.3 0.0 0.0 7.8 26.0 13:21 WSW 26 14.8 17.8 17:35 11.1 05:47 3.5 0.0 0.0 7.6 24.0 13:07 SW 27 14.9 18.5 15:40 10.3 05:55 3.4 0.0 0.0 7.3 21.0 11:33 WNW 28 15.2 18.0 14:36 11.9 04:07 3.1 0.0 0.0 10.0 29.0 12:04 SE 29 15.6 16.8 13:01 14.2 23:56 2.7 0.0 1.8 5.8 23.0 03:50 SE 30 18.1 23.5 14:20 13.9 01:22 1.3 1.1 0.0 4.4 24.0 20:28 NW ---------------------------------------------------------------------------------- 14.2 23.5 30 6.1 6 126.6 2.1 52.7 7.1 51.0 13 S Max >= 27.0 0 Max <= 5.0 0 Min <= 20.0 30 Min <= 0.0 0 Max Rain: 26.9 on day 13 Days of Rain: 10 (>= 0.2 mm) 2 (>= 2.0 mm) 1 (>= 20.0 mm) Heat Base: 18.3 Cool Base: 18.3 Method: Integration