Rapporti Climatici in stile NOAA
Selezionare un Anno o un Mese
2024: Gen Feb Mar Apr Mag Giu Lug Ago Set Ott Nov Dic
2023: Gen Feb Mar Apr Mag Giu Lug Ago Set Ott Nov Dic
2022: Gen Feb Mar Apr Mag Giu Lug Ago Set Ott Nov Dic
2021: Gen Feb Mar Apr Mag Giu Lug Ago Set Ott Nov Dic
2020: Gen Feb Mar Apr Mag Giu Lug Ago Set Ott Nov Dic
2019: Gen Feb Mar Apr Mag Giu Lug Ago Set Ott Nov Dic
2018: Gen Feb Mar Apr Mag Giu Lug Ago Set Ott Nov Dic
2017: Gen Feb Mar Apr Mag Giu Lug Ago Set Ott Nov Dic
2016: Gen Feb Mar Apr Mag Giu Lug Ago Set Ott Nov Dic
2015: Gen Feb Mar Apr Mag Giu Lug Ago Set Ott Nov Dic
2014: Gen Feb Mar Apr Mag Giu Lug Ago Set Ott Nov Dic
2013: Gen Feb Mar Apr Mag Giu Lug Ago Set Ott Nov Dic
2012: Gen Feb Mar Apr Mag Giu Lug Ago Set Ott Nov Dic
2011: Gen Feb Mar Apr Mag Giu Lug Ago Set Ott Nov Dic
2010: Gen Feb Mar Apr Mag Giu Lug Ago Set Ott Nov Dic
2009: Gen Feb Mar Apr Mag Giu Lug Ago Set Ott Nov Dic
2008: Gen Feb Mar Apr Mag Giu Lug Ago Set Ott Nov Dic
2007: Gen Feb Mar Apr Mag Giu Lug Ago Set Ott Nov Dic
2006: Gen Feb Mar Apr Mag Giu Lug Ago Set Ott Nov Dic
2024: Gen Feb Mar Apr Mag Giu Lug Ago Set Ott Nov Dic
2023: Gen Feb Mar Apr Mag Giu Lug Ago Set Ott Nov Dic
2022: Gen Feb Mar Apr Mag Giu Lug Ago Set Ott Nov Dic
2021: Gen Feb Mar Apr Mag Giu Lug Ago Set Ott Nov Dic
2020: Gen Feb Mar Apr Mag Giu Lug Ago Set Ott Nov Dic
2019: Gen Feb Mar Apr Mag Giu Lug Ago Set Ott Nov Dic
2018: Gen Feb Mar Apr Mag Giu Lug Ago Set Ott Nov Dic
2017: Gen Feb Mar Apr Mag Giu Lug Ago Set Ott Nov Dic
2016: Gen Feb Mar Apr Mag Giu Lug Ago Set Ott Nov Dic
2015: Gen Feb Mar Apr Mag Giu Lug Ago Set Ott Nov Dic
2014: Gen Feb Mar Apr Mag Giu Lug Ago Set Ott Nov Dic
2013: Gen Feb Mar Apr Mag Giu Lug Ago Set Ott Nov Dic
2012: Gen Feb Mar Apr Mag Giu Lug Ago Set Ott Nov Dic
2011: Gen Feb Mar Apr Mag Giu Lug Ago Set Ott Nov Dic
2010: Gen Feb Mar Apr Mag Giu Lug Ago Set Ott Nov Dic
2009: Gen Feb Mar Apr Mag Giu Lug Ago Set Ott Nov Dic
2008: Gen Feb Mar Apr Mag Giu Lug Ago Set Ott Nov Dic
2007: Gen Feb Mar Apr Mag Giu Lug Ago Set Ott Nov Dic
2006: Gen Feb Mar Apr Mag Giu Lug Ago Set Ott Nov Dic
Archivio 2022 Dicembre
Monthly Climatological Summary for dic 2022 Name: San Fruttuoso City: Genova State: Italy Elevation: 70 m Lat: N 44° 24' 32" Lon: E 008° 57' 37" Temperature (°C), Rain (mm), Wind Speed (km/h) Heat Cool Avg Mean Deg Deg Wind Dom Day Temp High Time Low Time Days Days Rain Speed High Time Dir ---------------------------------------------------------------------------------- 01 8.9 12.1 14:33 6.4 01:11 9.4 0.0 0.0 9.3 37.0 05:39 NNW 02 8.6 13.1 13:01 5.7 04:10 9.7 0.0 0.0 7.1 31.0 23:24 NNW 03 7.1 7.9 04:52 6.0 14:23 11.3 0.0 26.4 10.5 48.0 23:47 NNE 04 9.7 13.4 14:45 7.1 06:17 8.5 0.0 15.2 6.4 39.0 07:13 N 05 11.7 15.1 14:29 10.0 22:53 6.6 0.0 0.8 6.2 21.0 13:05 NW 06 10.9 14.8 14:13 9.2 04:17 7.4 0.0 0.0 8.4 27.0 20:25 NNW 07 9.4 13.1 14:33 6.8 08:14 8.8 0.0 0.0 9.0 35.0 08:51 N 08 8.5 10.4 15:09 6.7 08:02 9.8 0.0 2.8 8.6 31.0 03:46 N 09 6.5 8.8 23:25 5.1 08:53 11.8 0.0 31.8 10.1 48.0 09:02 N 10 9.2 11.1 13:23 8.1 01:08 9.0 0.0 0.3 7.8 39.0 16:15 N 11 8.5 10.5 15:33 3.6 23:59 9.8 0.0 0.0 9.0 42.0 10:07 N 12 7.1 11.1 15:28 2.6 23:26 11.2 0.0 0.8 6.5 29.0 23:57 NNW 13 2.9 3.7 23:17 1.8 06:50 15.4 0.0 0.3 10.3 42.0 12:20 N 14 5.2 7.6 23:28 3.6 02:58 13.1 0.0 0.0 9.0 35.0 10:55 N 15 6.8 12.7 09:35 3.1 19:20 11.5 0.0 65.3 10.8 53.0 15:31 N 16 8.1 10.2 22:49 4.5 00:20 10.2 0.0 1.5 8.8 35.0 05:10 NNW 17 10.7 15.2 14:05 7.4 07:25 7.6 0.0 0.0 7.0 26.0 21:24 NNW 18 7.4 9.2 14:05 5.4 06:54 10.9 0.0 0.0 10.5 35.0 03:20 N 19 8.5 9.3 19:25 7.3 09:01 9.8 0.0 2.8 7.5 27.0 08:19 NNW 20 11.4 13.8 23:22 8.2 02:07 6.9 0.0 1.5 6.5 26.0 14:35 ESE 21 12.6 13.7 04:45 11.4 20:56 5.7 0.0 31.0 8.0 42.0 06:07 SE 22 12.6 14.1 14:39 11.4 03:05 5.7 0.0 2.5 3.0 18.0 13:37 NNE 23 13.3 16.0 12:36 11.1 08:44 5.0 0.0 0.0 5.0 29.0 14:39 NE 24 13.6 15.1 11:19 11.7 00:12 4.7 0.0 0.0 4.7 18.0 02:45 NNW 25 13.0 14.4 15:46 12.2 03:05 5.3 0.0 0.0 5.9 26.0 04:49 NNW 26 14.8 15.2 19:04 14.3 00:00 3.5 0.0 1.0 13.0 39.0 14:54 SE 27 14.1 16.9 12:58 11.5 23:00 4.2 0.0 0.0 5.9 29.0 14:13 NE 28 12.5 14.1 13:22 11.5 00:17 5.8 0.0 0.0 5.3 23.0 08:46 NNW 29 14.1 14.8 11:27 12.8 00:26 4.2 0.0 0.0 7.8 23.0 11:44 SE 30 12.7 14.4 01:09 10.4 08:15 5.6 0.0 0.8 5.5 24.0 08:22 N 31 13.5 14.9 14:54 11.4 00:34 4.8 0.0 12.4 6.7 27.0 15:24 ESE ---------------------------------------------------------------------------------- 10.1 16.9 27 1.8 13 253.2 0.0 197.2 7.8 53.0 15 N Max >= 27.0 0 Max <= 5.0 1 Min <= 20.0 31 Min <= 0.0 0 Max Rain: 65.3 on day 15 Days of Rain: 17 (>= 0.2 mm) 9 (>= 2.0 mm) 4 (>= 20.0 mm) Heat Base: 18.3 Cool Base: 18.3 Method: Integration