Rapporti Climatici in stile NOAA
Selezionare un Anno o un Mese
2024: Gen Feb Mar Apr Mag Giu Lug Ago Set Ott Nov Dic
2023: Gen Feb Mar Apr Mag Giu Lug Ago Set Ott Nov Dic
2022: Gen Feb Mar Apr Mag Giu Lug Ago Set Ott Nov Dic
2021: Gen Feb Mar Apr Mag Giu Lug Ago Set Ott Nov Dic
2020: Gen Feb Mar Apr Mag Giu Lug Ago Set Ott Nov Dic
2019: Gen Feb Mar Apr Mag Giu Lug Ago Set Ott Nov Dic
2018: Gen Feb Mar Apr Mag Giu Lug Ago Set Ott Nov Dic
2017: Gen Feb Mar Apr Mag Giu Lug Ago Set Ott Nov Dic
2016: Gen Feb Mar Apr Mag Giu Lug Ago Set Ott Nov Dic
2015: Gen Feb Mar Apr Mag Giu Lug Ago Set Ott Nov Dic
2014: Gen Feb Mar Apr Mag Giu Lug Ago Set Ott Nov Dic
2013: Gen Feb Mar Apr Mag Giu Lug Ago Set Ott Nov Dic
2012: Gen Feb Mar Apr Mag Giu Lug Ago Set Ott Nov Dic
2011: Gen Feb Mar Apr Mag Giu Lug Ago Set Ott Nov Dic
2010: Gen Feb Mar Apr Mag Giu Lug Ago Set Ott Nov Dic
2009: Gen Feb Mar Apr Mag Giu Lug Ago Set Ott Nov Dic
2008: Gen Feb Mar Apr Mag Giu Lug Ago Set Ott Nov Dic
2007: Gen Feb Mar Apr Mag Giu Lug Ago Set Ott Nov Dic
2006: Gen Feb Mar Apr Mag Giu Lug Ago Set Ott Nov Dic
2024: Gen Feb Mar Apr Mag Giu Lug Ago Set Ott Nov Dic
2023: Gen Feb Mar Apr Mag Giu Lug Ago Set Ott Nov Dic
2022: Gen Feb Mar Apr Mag Giu Lug Ago Set Ott Nov Dic
2021: Gen Feb Mar Apr Mag Giu Lug Ago Set Ott Nov Dic
2020: Gen Feb Mar Apr Mag Giu Lug Ago Set Ott Nov Dic
2019: Gen Feb Mar Apr Mag Giu Lug Ago Set Ott Nov Dic
2018: Gen Feb Mar Apr Mag Giu Lug Ago Set Ott Nov Dic
2017: Gen Feb Mar Apr Mag Giu Lug Ago Set Ott Nov Dic
2016: Gen Feb Mar Apr Mag Giu Lug Ago Set Ott Nov Dic
2015: Gen Feb Mar Apr Mag Giu Lug Ago Set Ott Nov Dic
2014: Gen Feb Mar Apr Mag Giu Lug Ago Set Ott Nov Dic
2013: Gen Feb Mar Apr Mag Giu Lug Ago Set Ott Nov Dic
2012: Gen Feb Mar Apr Mag Giu Lug Ago Set Ott Nov Dic
2011: Gen Feb Mar Apr Mag Giu Lug Ago Set Ott Nov Dic
2010: Gen Feb Mar Apr Mag Giu Lug Ago Set Ott Nov Dic
2009: Gen Feb Mar Apr Mag Giu Lug Ago Set Ott Nov Dic
2008: Gen Feb Mar Apr Mag Giu Lug Ago Set Ott Nov Dic
2007: Gen Feb Mar Apr Mag Giu Lug Ago Set Ott Nov Dic
2006: Gen Feb Mar Apr Mag Giu Lug Ago Set Ott Nov Dic
Archivio 2022 Maggio
Monthly Climatological Summary for mag 2022 Name: San Fruttuoso City: Genova State: Italy Elevation: 70 m Lat: N 44° 24' 32" Lon: E 008° 57' 37" Temperature (°C), Rain (mm), Wind Speed (km/h) Heat Cool Avg Mean Deg Deg Wind Dom Day Temp High Time Low Time Days Days Rain Speed High Time Dir ---------------------------------------------------------------------------------- 01 16.4 18.3 09:48 12.8 23:37 1.9 0.0 0.5 6.0 29.0 01:19 WNW 02 15.9 19.7 08:58 12.0 04:07 2.5 0.1 0.0 7.0 21.0 12:54 W 03 16.1 19.4 11:40 11.7 04:48 2.2 0.1 0.0 6.7 21.0 19:44 WNW 04 16.5 19.2 13:13 13.0 06:03 1.8 0.0 0.0 6.9 27.0 12:27 SSE 05 15.0 16.8 10:13 13.7 19:52 3.3 0.0 2.3 5.4 18.0 11:05 NW 06 15.4 17.7 16:59 13.7 00:00 2.9 0.0 2.5 6.6 31.0 18:58 N 07 17.9 22.4 16:02 14.6 03:24 1.4 1.0 0.0 7.0 37.0 04:34 N 08 19.6 24.2 15:16 16.2 05:25 0.5 1.8 0.0 7.8 32.0 13:01 N 09 19.5 24.3 11:12 16.2 23:58 0.5 1.7 4.6 6.0 27.0 01:10 N 10 19.6 23.1 09:17 15.3 01:28 0.6 1.9 0.0 7.4 23.0 05:15 WNW 11 17.3 20.0 15:25 13.7 05:42 1.3 0.3 0.0 8.6 27.0 11:46 SSE 12 17.8 19.7 13:01 14.9 05:42 0.8 0.3 0.0 11.3 39.0 11:14 SE 13 17.4 19.8 13:50 14.0 05:04 1.2 0.2 0.0 10.4 39.0 09:40 SE 14 17.6 19.8 15:11 14.2 05:35 1.1 0.4 0.0 7.1 26.0 12:20 SSW 15 18.1 21.3 16:14 14.7 05:47 0.9 0.7 0.0 5.4 21.0 13:44 SW 16 18.6 21.5 14:29 14.8 04:42 0.8 1.1 0.0 6.3 19.0 13:14 WSW 17 19.3 22.5 18:01 15.6 04:19 0.6 1.7 0.0 6.5 19.0 13:30 WSW 18 21.2 25.4 19:20 16.4 05:11 0.4 3.2 0.0 6.4 16.0 12:27 W 19 22.4 27.2 11:34 18.5 04:31 0.0 4.1 0.0 9.1 34.0 08:15 NNW 20 20.4 22.6 14:46 17.4 05:30 0.1 2.2 0.0 9.9 31.0 16:48 SSE 21 20.0 22.1 10:03 17.0 04:50 0.2 1.8 0.0 9.7 34.0 12:06 SE 22 19.7 21.0 11:28 17.6 04:12 0.1 1.5 0.0 6.1 21.0 10:48 SE 23 20.1 22.4 17:54 16.8 05:43 0.2 2.0 0.0 8.8 31.0 14:57 SSE 24 21.2 22.7 13:16 20.4 07:03 0.0 2.9 0.0 12.1 34.0 13:49 SE 25 22.4 24.9 19:06 20.4 00:35 0.0 4.1 0.0 7.2 31.0 09:42 SSE 26 25.1 29.5 18:02 20.9 04:25 0.0 6.8 0.0 5.2 23.0 05:29 N 27 27.3 32.1 12:46 23.6 23:18 0.0 9.0 0.0 7.7 34.0 03:42 NNW 28 24.9 28.9 11:06 19.6 23:47 0.0 6.6 1.5 7.7 45.0 22:46 WNW 29 17.9 21.0 00:32 17.0 18:32 0.6 0.2 0.0 11.6 50.0 09:28 NNW 30 19.3 22.9 12:55 16.4 04:26 0.5 1.5 0.0 6.0 26.0 14:46 NNE 31 20.9 23.9 15:12 17.5 04:57 0.1 2.7 0.0 6.5 23.0 06:36 SSE ---------------------------------------------------------------------------------- 19.4 32.1 27 11.7 3 26.5 59.9 11.4 7.6 50.0 29 SW Max >= 27.0 4 Max <= 5.0 0 Min <= 20.0 27 Min <= 0.0 0 Max Rain: 4.6 on day 9 Days of Rain: 5 (>= 0.2 mm) 3 (>= 2.0 mm) 0 (>= 20.0 mm) Heat Base: 18.3 Cool Base: 18.3 Method: Integration