Rapporti Climatici in stile NOAA
Selezionare un Anno o un Mese
2024: Gen Feb Mar Apr Mag Giu Lug Ago Set Ott Nov Dic
2023: Gen Feb Mar Apr Mag Giu Lug Ago Set Ott Nov Dic
2022: Gen Feb Mar Apr Mag Giu Lug Ago Set Ott Nov Dic
2021: Gen Feb Mar Apr Mag Giu Lug Ago Set Ott Nov Dic
2020: Gen Feb Mar Apr Mag Giu Lug Ago Set Ott Nov Dic
2019: Gen Feb Mar Apr Mag Giu Lug Ago Set Ott Nov Dic
2018: Gen Feb Mar Apr Mag Giu Lug Ago Set Ott Nov Dic
2017: Gen Feb Mar Apr Mag Giu Lug Ago Set Ott Nov Dic
2016: Gen Feb Mar Apr Mag Giu Lug Ago Set Ott Nov Dic
2015: Gen Feb Mar Apr Mag Giu Lug Ago Set Ott Nov Dic
2014: Gen Feb Mar Apr Mag Giu Lug Ago Set Ott Nov Dic
2013: Gen Feb Mar Apr Mag Giu Lug Ago Set Ott Nov Dic
2012: Gen Feb Mar Apr Mag Giu Lug Ago Set Ott Nov Dic
2011: Gen Feb Mar Apr Mag Giu Lug Ago Set Ott Nov Dic
2010: Gen Feb Mar Apr Mag Giu Lug Ago Set Ott Nov Dic
2009: Gen Feb Mar Apr Mag Giu Lug Ago Set Ott Nov Dic
2008: Gen Feb Mar Apr Mag Giu Lug Ago Set Ott Nov Dic
2007: Gen Feb Mar Apr Mag Giu Lug Ago Set Ott Nov Dic
2006: Gen Feb Mar Apr Mag Giu Lug Ago Set Ott Nov Dic
2024: Gen Feb Mar Apr Mag Giu Lug Ago Set Ott Nov Dic
2023: Gen Feb Mar Apr Mag Giu Lug Ago Set Ott Nov Dic
2022: Gen Feb Mar Apr Mag Giu Lug Ago Set Ott Nov Dic
2021: Gen Feb Mar Apr Mag Giu Lug Ago Set Ott Nov Dic
2020: Gen Feb Mar Apr Mag Giu Lug Ago Set Ott Nov Dic
2019: Gen Feb Mar Apr Mag Giu Lug Ago Set Ott Nov Dic
2018: Gen Feb Mar Apr Mag Giu Lug Ago Set Ott Nov Dic
2017: Gen Feb Mar Apr Mag Giu Lug Ago Set Ott Nov Dic
2016: Gen Feb Mar Apr Mag Giu Lug Ago Set Ott Nov Dic
2015: Gen Feb Mar Apr Mag Giu Lug Ago Set Ott Nov Dic
2014: Gen Feb Mar Apr Mag Giu Lug Ago Set Ott Nov Dic
2013: Gen Feb Mar Apr Mag Giu Lug Ago Set Ott Nov Dic
2012: Gen Feb Mar Apr Mag Giu Lug Ago Set Ott Nov Dic
2011: Gen Feb Mar Apr Mag Giu Lug Ago Set Ott Nov Dic
2010: Gen Feb Mar Apr Mag Giu Lug Ago Set Ott Nov Dic
2009: Gen Feb Mar Apr Mag Giu Lug Ago Set Ott Nov Dic
2008: Gen Feb Mar Apr Mag Giu Lug Ago Set Ott Nov Dic
2007: Gen Feb Mar Apr Mag Giu Lug Ago Set Ott Nov Dic
2006: Gen Feb Mar Apr Mag Giu Lug Ago Set Ott Nov Dic
Archivio 2020 Novembre
Monthly Climatological Summary for nov 2020 Name: San Fruttuoso City: Genova State: Italy Elevation: 70 m Lat: N 44 24 33 Lon: E 008 57 37 Temperature (°C), Rain (mm), Wind Speed (km/h) Heat Cool Avg Mean Deg Deg Wind Dom Day Temp High Time Low Time Days Days Rain Speed High Time Dir ---------------------------------------------------------------------------------- 01 16.2 17.3 15:06 15.4 04:08 2.1 0.0 0.0 2.6 14.5 14:17 NE 02 16.3 17.2 11:12 15.4 03:27 2.0 0.0 0.5 5.1 29.0 12:25 ESE 03 15.9 16.7 15:45 15.3 02:40 2.4 0.0 4.8 2.8 14.5 15:20 NNW 04 15.3 15.8 19:09 14.7 08:28 3.0 0.0 16.5 3.7 27.4 22:03 N 05 17.0 20.8 15:12 14.9 23:59 1.7 0.4 0.3 6.0 29.0 06:28 N 06 16.3 19.9 14:00 13.8 06:06 2.3 0.2 0.0 7.9 30.6 22:50 N 07 16.1 19.4 12:35 13.1 23:59 2.3 0.1 0.0 6.4 33.8 04:37 NNE 08 15.0 18.3 15:12 12.3 01:38 3.3 0.0 0.0 6.1 16.1 01:27 NW 09 15.5 18.8 13:34 13.0 06:49 2.8 0.0 0.0 6.5 14.5 00:13 NW 10 15.2 18.4 12:53 12.2 04:21 3.1 0.0 0.0 4.5 19.3 09:40 NW 11 15.1 18.5 12:25 12.8 02:06 3.2 0.0 1.3 5.4 20.9 04:06 NNW 12 15.0 17.3 13:02 13.4 03:47 3.3 0.0 0.0 5.1 24.1 23:39 NW 13 14.1 16.7 13:41 12.2 04:40 4.2 0.0 2.8 5.9 22.5 07:22 N 16 13.0 14.7 11:36 11.1 04:01 6.6 0.0 8.0 9.4 37.0 16:11 NNW 17 14.0 18.8 12:59 11.6 06:10 4.4 0.0 6.1 7.4 32.2 23:14 N 18 13.9 18.5 14:39 11.0 23:59 4.4 0.0 0.0 8.4 32.2 02:37 N 19 12.6 17.2 14:04 8.8 05:43 5.7 0.0 0.0 8.1 22.5 14:50 NNW 20 13.2 16.2 14:07 10.7 23:57 5.1 0.0 0.0 8.2 51.5 05:09 N 21 9.6 12.5 14:30 7.5 06:09 8.7 0.0 0.0 7.5 41.8 23:57 NNW 22 8.2 11.3 12:59 5.9 07:13 10.1 0.0 0.0 8.3 38.6 00:11 N 23 9.0 13.4 13:28 5.6 06:43 9.3 0.0 0.0 7.1 24.1 23:49 NW 24 9.0 11.5 13:35 6.8 07:23 9.3 0.0 0.0 9.7 46.7 08:04 N 25 10.8 15.2 14:29 8.3 04:28 7.5 0.0 0.0 7.6 29.0 02:22 NNW 26 11.3 15.5 15:00 8.8 04:28 7.0 0.0 0.0 7.6 20.9 02:08 NW 27 11.2 13.1 15:03 9.2 09:47 7.1 0.0 0.8 8.7 32.2 10:59 NNW 28 9.4 10.6 00:52 8.3 04:24 8.9 0.0 2.0 11.3 43.5 22:51 NNE 29 9.7 12.3 15:26 7.6 01:44 8.6 0.0 0.0 10.7 46.7 01:19 N 30 10.2 12.8 13:07 9.0 07:58 8.1 0.0 0.0 7.7 32.2 04:15 N ---------------------------------------------------------------------------------- 13.1 20.8 5 5.6 23 146.5 0.7 43.1 7.0 51.5 20 N Max >= 27.0 0 Max <= 5.0 0 Min <= 20.0 28 Min <= 0.0 0 Max Rain: 16.5 on day 4 Days of Rain: 10 (>= 0.2 mm) 6 (>= 2.0 mm) 0 (>= 20.0 mm) Heat Base: 18.3 Cool Base: 18.3 Method: Integration