Rapporti Climatici in stile NOAA
Selezionare un Anno o un Mese
2024: Gen Feb Mar Apr Mag Giu Lug Ago Set Ott Nov Dic
2023: Gen Feb Mar Apr Mag Giu Lug Ago Set Ott Nov Dic
2022: Gen Feb Mar Apr Mag Giu Lug Ago Set Ott Nov Dic
2021: Gen Feb Mar Apr Mag Giu Lug Ago Set Ott Nov Dic
2020: Gen Feb Mar Apr Mag Giu Lug Ago Set Ott Nov Dic
2019: Gen Feb Mar Apr Mag Giu Lug Ago Set Ott Nov Dic
2018: Gen Feb Mar Apr Mag Giu Lug Ago Set Ott Nov Dic
2017: Gen Feb Mar Apr Mag Giu Lug Ago Set Ott Nov Dic
2016: Gen Feb Mar Apr Mag Giu Lug Ago Set Ott Nov Dic
2015: Gen Feb Mar Apr Mag Giu Lug Ago Set Ott Nov Dic
2014: Gen Feb Mar Apr Mag Giu Lug Ago Set Ott Nov Dic
2013: Gen Feb Mar Apr Mag Giu Lug Ago Set Ott Nov Dic
2012: Gen Feb Mar Apr Mag Giu Lug Ago Set Ott Nov Dic
2011: Gen Feb Mar Apr Mag Giu Lug Ago Set Ott Nov Dic
2010: Gen Feb Mar Apr Mag Giu Lug Ago Set Ott Nov Dic
2009: Gen Feb Mar Apr Mag Giu Lug Ago Set Ott Nov Dic
2008: Gen Feb Mar Apr Mag Giu Lug Ago Set Ott Nov Dic
2007: Gen Feb Mar Apr Mag Giu Lug Ago Set Ott Nov Dic
2006: Gen Feb Mar Apr Mag Giu Lug Ago Set Ott Nov Dic
2024: Gen Feb Mar Apr Mag Giu Lug Ago Set Ott Nov Dic
2023: Gen Feb Mar Apr Mag Giu Lug Ago Set Ott Nov Dic
2022: Gen Feb Mar Apr Mag Giu Lug Ago Set Ott Nov Dic
2021: Gen Feb Mar Apr Mag Giu Lug Ago Set Ott Nov Dic
2020: Gen Feb Mar Apr Mag Giu Lug Ago Set Ott Nov Dic
2019: Gen Feb Mar Apr Mag Giu Lug Ago Set Ott Nov Dic
2018: Gen Feb Mar Apr Mag Giu Lug Ago Set Ott Nov Dic
2017: Gen Feb Mar Apr Mag Giu Lug Ago Set Ott Nov Dic
2016: Gen Feb Mar Apr Mag Giu Lug Ago Set Ott Nov Dic
2015: Gen Feb Mar Apr Mag Giu Lug Ago Set Ott Nov Dic
2014: Gen Feb Mar Apr Mag Giu Lug Ago Set Ott Nov Dic
2013: Gen Feb Mar Apr Mag Giu Lug Ago Set Ott Nov Dic
2012: Gen Feb Mar Apr Mag Giu Lug Ago Set Ott Nov Dic
2011: Gen Feb Mar Apr Mag Giu Lug Ago Set Ott Nov Dic
2010: Gen Feb Mar Apr Mag Giu Lug Ago Set Ott Nov Dic
2009: Gen Feb Mar Apr Mag Giu Lug Ago Set Ott Nov Dic
2008: Gen Feb Mar Apr Mag Giu Lug Ago Set Ott Nov Dic
2007: Gen Feb Mar Apr Mag Giu Lug Ago Set Ott Nov Dic
2006: Gen Feb Mar Apr Mag Giu Lug Ago Set Ott Nov Dic
Archivio 2017 Aprile
Monthly Climatological Summary for apr 2017 Name: San Fruttuoso City: Genova State: Italy Elevation: 70 m Lat: N 44° 24' 00" Lon: E 008° 57' 60" Temperature (°C), Rain (mm), Wind Speed (km/h) Heat Cool Avg Mean Deg Deg Wind Dom Day Temp High Time Low Time Days Days Rain Speed High Time Dir ---------------------------------------------------------------------------------- 1 13.9 16.4 12:26 10.6 06:10 4.4 0.0 0.0 6.0 32.2 22:34 WNW 2 14.2 17.1 16:20 11.5 07:03 4.1 0.0 4.4 8.0 40.2 10:25 N 3 18.9 24.0 16:00 14.1 04:58 1.3 1.8 0.0 9.1 46.7 13:59 N 4 16.6 20.6 14:01 13.8 06:45 1.8 0.2 0.0 6.2 19.3 00:13 NNW 5 15.0 17.5 15:31 13.5 05:05 3.3 0.0 0.0 8.5 46.7 15:39 N 6 14.7 17.7 14:34 11.7 04:38 3.6 0.0 0.0 7.0 24.1 00:10 WSW 7 14.4 18.6 18:00 10.7 05:27 3.9 0.0 0.0 6.3 20.9 13:33 WNW 8 14.4 17.6 14:47 10.5 05:52 3.9 0.0 0.0 6.6 19.3 13:13 WNW 9 14.7 17.9 17:48 10.8 06:26 3.6 0.0 0.0 5.9 17.7 13:50 W 10 15.0 17.7 15:15 11.1 04:54 3.3 0.0 0.0 6.0 22.5 15:34 S 11 15.8 17.3 12:16 13.5 23:39 2.5 0.0 0.0 4.1 27.4 11:43 S 12 16.0 19.8 12:45 12.3 04:28 2.4 0.1 0.0 5.5 19.3 13:27 SW 13 15.7 17.7 14:54 13.6 01:45 2.6 0.0 0.0 6.5 27.4 10:47 SE 14 15.5 17.2 14:02 13.3 23:31 2.8 0.0 0.0 4.9 22.5 09:38 SW 15 15.4 17.9 11:23 12.9 01:51 2.9 0.0 0.7 6.5 35.4 12:14 SE 16 16.7 20.0 15:47 12.4 04:24 1.9 0.3 0.0 4.8 22.5 13:46 W 17 16.0 19.1 12:23 12.3 05:41 2.3 0.0 0.0 6.8 27.4 13:11 WNW 18 13.7 19.6 14:42 10.1 05:45 4.7 0.0 0.0 10.6 59.5 17:45 NNW 19 12.5 17.1 16:50 8.9 04:22 5.8 0.0 0.0 9.4 48.3 14:06 N 20 12.0 16.1 13:14 8.1 06:07 6.3 0.0 0.0 8.2 35.4 12:03 WNW 21 11.8 15.2 14:02 6.5 05:13 6.5 0.0 0.0 9.1 30.6 11:45 W 22 13.2 16.3 14:34 8.6 05:08 5.1 0.0 0.0 12.4 40.2 11:24 SE 23 14.6 15.8 13:11 13.9 07:03 3.7 0.0 0.3 7.2 29.0 01:35 SSE 24 14.2 17.1 14:40 10.2 05:32 4.1 0.0 0.0 7.5 27.4 11:22 S 25 15.4 17.3 14:25 13.3 00:00 2.8 0.0 0.2 13.9 48.3 13:18 SE 26 14.9 15.7 13:58 13.6 19:51 3.4 0.0 4.6 14.7 46.7 02:04 SE 27 14.3 16.1 11:10 11.9 18:01 3.9 0.0 6.4 10.6 38.6 23:45 SE 28 12.3 14.8 17:58 9.4 23:41 5.7 0.0 0.0 11.8 53.1 02:44 SSW 29 13.1 18.1 13:55 8.5 02:25 3.5 0.0 0.0 7.2 27.4 10:59 N 30 14.1 17.9 12:35 10.0 06:04 4.2 0.0 0.0 10.4 25.7 13:15 W ---------------------------------------------------------------------------------- 14.6 24.0 3 6.5 21 110.3 2.4 16.6 8.0 59.5 18 WSW Max >= 27.0: 0 Max <= 5.0: 0 Min <= 20.0: 30 Min <= 0.0: 0 Max Rain: 6.4 on day 27 Days of Rain: 6 (>= 0.2 mm) 3 (>= 2.0 mm) 0 (>= 20.0 mm) Heat Base: 18.3 Cool Base: 18.3 Method: Integration