Rapporti Climatici in stile NOAA
Selezionare un Anno o un Mese
2024: Gen Feb Mar Apr Mag Giu Lug Ago Set Ott Nov Dic
2023: Gen Feb Mar Apr Mag Giu Lug Ago Set Ott Nov Dic
2022: Gen Feb Mar Apr Mag Giu Lug Ago Set Ott Nov Dic
2021: Gen Feb Mar Apr Mag Giu Lug Ago Set Ott Nov Dic
2020: Gen Feb Mar Apr Mag Giu Lug Ago Set Ott Nov Dic
2019: Gen Feb Mar Apr Mag Giu Lug Ago Set Ott Nov Dic
2018: Gen Feb Mar Apr Mag Giu Lug Ago Set Ott Nov Dic
2017: Gen Feb Mar Apr Mag Giu Lug Ago Set Ott Nov Dic
2016: Gen Feb Mar Apr Mag Giu Lug Ago Set Ott Nov Dic
2015: Gen Feb Mar Apr Mag Giu Lug Ago Set Ott Nov Dic
2014: Gen Feb Mar Apr Mag Giu Lug Ago Set Ott Nov Dic
2013: Gen Feb Mar Apr Mag Giu Lug Ago Set Ott Nov Dic
2012: Gen Feb Mar Apr Mag Giu Lug Ago Set Ott Nov Dic
2011: Gen Feb Mar Apr Mag Giu Lug Ago Set Ott Nov Dic
2010: Gen Feb Mar Apr Mag Giu Lug Ago Set Ott Nov Dic
2009: Gen Feb Mar Apr Mag Giu Lug Ago Set Ott Nov Dic
2008: Gen Feb Mar Apr Mag Giu Lug Ago Set Ott Nov Dic
2007: Gen Feb Mar Apr Mag Giu Lug Ago Set Ott Nov Dic
2006: Gen Feb Mar Apr Mag Giu Lug Ago Set Ott Nov Dic
2024: Gen Feb Mar Apr Mag Giu Lug Ago Set Ott Nov Dic
2023: Gen Feb Mar Apr Mag Giu Lug Ago Set Ott Nov Dic
2022: Gen Feb Mar Apr Mag Giu Lug Ago Set Ott Nov Dic
2021: Gen Feb Mar Apr Mag Giu Lug Ago Set Ott Nov Dic
2020: Gen Feb Mar Apr Mag Giu Lug Ago Set Ott Nov Dic
2019: Gen Feb Mar Apr Mag Giu Lug Ago Set Ott Nov Dic
2018: Gen Feb Mar Apr Mag Giu Lug Ago Set Ott Nov Dic
2017: Gen Feb Mar Apr Mag Giu Lug Ago Set Ott Nov Dic
2016: Gen Feb Mar Apr Mag Giu Lug Ago Set Ott Nov Dic
2015: Gen Feb Mar Apr Mag Giu Lug Ago Set Ott Nov Dic
2014: Gen Feb Mar Apr Mag Giu Lug Ago Set Ott Nov Dic
2013: Gen Feb Mar Apr Mag Giu Lug Ago Set Ott Nov Dic
2012: Gen Feb Mar Apr Mag Giu Lug Ago Set Ott Nov Dic
2011: Gen Feb Mar Apr Mag Giu Lug Ago Set Ott Nov Dic
2010: Gen Feb Mar Apr Mag Giu Lug Ago Set Ott Nov Dic
2009: Gen Feb Mar Apr Mag Giu Lug Ago Set Ott Nov Dic
2008: Gen Feb Mar Apr Mag Giu Lug Ago Set Ott Nov Dic
2007: Gen Feb Mar Apr Mag Giu Lug Ago Set Ott Nov Dic
2006: Gen Feb Mar Apr Mag Giu Lug Ago Set Ott Nov Dic
Archivio 2016 Aprile
Monthly Climatological Summary for apr 2016 Name: San Fruttuoso City: Genova State: Italy Elevation: 70 m Lat: N 44° 24' 34" Lon: E 008° 57' 38" Temperature (°C), Rain (mm), Wind Speed (km/h) Heat Cool Avg Mean Deg Deg Wind Dom Day Temp High Time Low Time Days Days Rain Speed High Time Dir ---------------------------------------------------------------------------------- 1 16.3 19.2 14:18 14.0 05:26 2.1 0.1 0.0 6.3 41.8 16:36 N 2 17.0 20.2 13:04 15.0 06:16 1.5 0.3 0.0 10.1 46.7 13:58 N 3 17.5 20.5 14:06 15.6 05:20 1.0 0.2 0.0 4.9 30.6 00:27 NE 4 16.0 17.9 13:33 14.6 06:24 2.3 0.0 0.5 5.4 25.7 12:47 SSE 5 16.5 20.2 15:03 13.7 07:33 2.0 0.2 0.0 5.3 27.4 22:59 SSE 6 19.1 23.1 14:14 15.3 06:19 0.8 1.7 0.0 6.7 29.0 04:03 N 7 17.7 20.6 16:05 15.2 02:52 1.0 0.4 0.0 5.1 17.7 13:44 SE 8 15.7 18.3 10:25 13.5 23:38 2.6 0.0 0.0 7.0 33.8 22:41 SSE 9 12.7 13.6 00:16 10.4 23:43 5.6 0.0 0.0 5.1 29.0 10:55 SSW 10 12.9 16.1 15:44 9.3 03:19 5.4 0.0 0.0 8.1 24.1 12:51 SW 11 14.9 17.3 15:12 13.2 01:50 3.4 0.0 0.0 7.7 33.8 11:34 SE 12 15.8 17.8 15:00 14.8 02:01 2.5 0.0 0.0 9.7 37.0 14:18 SE 13 15.8 18.3 14:13 13.7 06:26 2.5 0.0 0.0 9.0 33.8 12:09 SE 14 15.6 17.9 14:26 12.9 05:51 2.7 0.0 0.0 7.7 30.6 11:53 SE 15 15.7 17.9 14:47 14.7 03:10 2.6 0.0 0.0 13.3 43.5 15:01 SE 16 16.1 17.9 13:54 14.9 03:36 2.2 0.0 0.0 12.8 45.1 21:37 SE 17 15.9 17.1 13:41 15.1 05:11 2.4 0.0 0.5 14.4 45.1 12:56 SE 18 16.2 18.4 13:41 12.1 23:59 2.1 0.0 0.0 14.5 48.3 12:45 SE 19 15.8 21.7 12:44 11.6 05:33 2.9 0.4 0.0 8.6 40.2 08:23 N 20 16.7 21.7 17:23 11.8 05:36 1.9 0.4 0.0 5.4 24.1 12:18 WNW 21 18.0 21.9 11:35 14.9 06:18 1.0 0.7 0.0 6.6 37.0 04:39 NE 22 15.5 17.7 13:19 14.1 06:07 2.8 0.0 0.2 8.6 35.4 09:43 SE 23 14.8 16.6 13:58 13.5 09:42 3.5 0.0 6.9 5.4 24.1 13:08 SSE 24 16.5 21.8 15:42 12.1 06:18 2.4 0.6 0.0 10.3 43.5 21:14 WNW 25 13.2 17.3 13:46 9.2 06:08 5.1 0.0 0.0 10.5 43.5 00:07 W 26 14.6 17.1 11:56 11.2 01:06 3.6 0.0 0.0 9.6 41.8 10:56 SE 27 15.3 18.3 13:46 14.0 05:46 2.4 0.0 0.0 11.0 41.8 11:09 SE 28 14.8 17.6 14:10 12.8 06:03 1.7 0.0 0.0 5.5 30.6 14:14 E 29 15.5 20.4 15:40 10.6 03:01 2.8 0.2 0.0 5.3 30.6 14:14 NW 30 15.1 18.1 12:57 12.2 23:54 3.0 0.0 0.3 5.2 22.5 13:05 SSE ---------------------------------------------------------------------------------- 15.8 23.1 6 9.2 25 77.8 5.2 8.4 8.2 48.3 18 SE Max >= 27.0: 0 Max <= 5.0: 0 Min <= 20.0: 30 Min <= 0.0: 0 Max Rain: 6.9 on day 23 Days of Rain: 5 (>= 0.2 mm) 1 (>= 2.0 mm) 0 (>= 20.0 mm) Heat Base: 18.3 Cool Base: 18.3 Method: Integration