Rapporti Climatici in stile NOAA
Selezionare un Anno o un Mese
2024: Gen Feb Mar Apr Mag Giu Lug Ago Set Ott Nov Dic
2023: Gen Feb Mar Apr Mag Giu Lug Ago Set Ott Nov Dic
2022: Gen Feb Mar Apr Mag Giu Lug Ago Set Ott Nov Dic
2021: Gen Feb Mar Apr Mag Giu Lug Ago Set Ott Nov Dic
2020: Gen Feb Mar Apr Mag Giu Lug Ago Set Ott Nov Dic
2019: Gen Feb Mar Apr Mag Giu Lug Ago Set Ott Nov Dic
2018: Gen Feb Mar Apr Mag Giu Lug Ago Set Ott Nov Dic
2017: Gen Feb Mar Apr Mag Giu Lug Ago Set Ott Nov Dic
2016: Gen Feb Mar Apr Mag Giu Lug Ago Set Ott Nov Dic
2015: Gen Feb Mar Apr Mag Giu Lug Ago Set Ott Nov Dic
2014: Gen Feb Mar Apr Mag Giu Lug Ago Set Ott Nov Dic
2013: Gen Feb Mar Apr Mag Giu Lug Ago Set Ott Nov Dic
2012: Gen Feb Mar Apr Mag Giu Lug Ago Set Ott Nov Dic
2011: Gen Feb Mar Apr Mag Giu Lug Ago Set Ott Nov Dic
2010: Gen Feb Mar Apr Mag Giu Lug Ago Set Ott Nov Dic
2009: Gen Feb Mar Apr Mag Giu Lug Ago Set Ott Nov Dic
2008: Gen Feb Mar Apr Mag Giu Lug Ago Set Ott Nov Dic
2007: Gen Feb Mar Apr Mag Giu Lug Ago Set Ott Nov Dic
2006: Gen Feb Mar Apr Mag Giu Lug Ago Set Ott Nov Dic
2024: Gen Feb Mar Apr Mag Giu Lug Ago Set Ott Nov Dic
2023: Gen Feb Mar Apr Mag Giu Lug Ago Set Ott Nov Dic
2022: Gen Feb Mar Apr Mag Giu Lug Ago Set Ott Nov Dic
2021: Gen Feb Mar Apr Mag Giu Lug Ago Set Ott Nov Dic
2020: Gen Feb Mar Apr Mag Giu Lug Ago Set Ott Nov Dic
2019: Gen Feb Mar Apr Mag Giu Lug Ago Set Ott Nov Dic
2018: Gen Feb Mar Apr Mag Giu Lug Ago Set Ott Nov Dic
2017: Gen Feb Mar Apr Mag Giu Lug Ago Set Ott Nov Dic
2016: Gen Feb Mar Apr Mag Giu Lug Ago Set Ott Nov Dic
2015: Gen Feb Mar Apr Mag Giu Lug Ago Set Ott Nov Dic
2014: Gen Feb Mar Apr Mag Giu Lug Ago Set Ott Nov Dic
2013: Gen Feb Mar Apr Mag Giu Lug Ago Set Ott Nov Dic
2012: Gen Feb Mar Apr Mag Giu Lug Ago Set Ott Nov Dic
2011: Gen Feb Mar Apr Mag Giu Lug Ago Set Ott Nov Dic
2010: Gen Feb Mar Apr Mag Giu Lug Ago Set Ott Nov Dic
2009: Gen Feb Mar Apr Mag Giu Lug Ago Set Ott Nov Dic
2008: Gen Feb Mar Apr Mag Giu Lug Ago Set Ott Nov Dic
2007: Gen Feb Mar Apr Mag Giu Lug Ago Set Ott Nov Dic
2006: Gen Feb Mar Apr Mag Giu Lug Ago Set Ott Nov Dic
Archivio 2014 Novembre
Monthly Climatological Summary for nov 2014 Name: San Fruttuoso City: Genova State: Italy Elevation: 70 m Lat: N 44° 24' 34" Lon: E 008° 57' 38" Temperature (°C), Rain (mm), Wind Speed (km/h) Heat Cool Avg Mean Deg Deg Wind Dom Day Temp High Time Low Time Days Days Rain Speed High Time Dir ---------------------------------------------------------------------------------- 1 15.8 20.2 15:17 12.6 07:11 2.8 0.3 0.0 7.4 27.4 01:12 NNW 2 15.2 19.6 12:05 10.7 06:48 3.2 0.1 0.0 7.2 22.5 14:00 N 3 17.6 19.0 20:04 15.0 04:50 0.9 0.1 5.3 10.8 45.1 15:02 SE 4 18.8 20.1 12:34 15.0 21:17 0.3 0.8 15.3 22.1 69.2 20:34 SE 5 16.8 20.0 01:41 15.4 06:54 1.6 0.1 29.9 14.7 66.0 02:41 SSE 6 15.0 17.1 00:50 13.6 22:29 3.3 0.0 1.6 4.7 29.0 22:33 NE 7 15.4 18.7 15:39 12.9 04:08 2.9 0.0 0.0 7.0 33.8 01:24 NNE 8 16.2 19.8 13:19 13.9 05:38 2.3 0.2 0.0 5.7 29.0 01:43 NNE 9 15.3 19.1 13:17 12.5 22:21 3.0 0.0 43.1 6.8 45.1 22:16 NW 10 14.9 18.4 15:27 12.5 09:32 3.4 0.0 60.8 6.6 51.5 17:13 NNE 11 15.5 17.1 21:34 13.8 07:07 2.8 0.0 56.8 3.6 29.0 11:25 E 12 14.8 15.8 01:12 14.2 19:11 3.5 0.0 80.8 4.1 40.2 04:37 E 13 15.9 20.3 15:17 13.7 04:45 2.6 0.1 0.0 7.0 32.2 02:03 NNW 14 15.2 18.3 13:04 12.5 06:09 3.1 0.0 1.3 6.4 20.9 12:25 NNW 15 15.9 17.3 14:15 14.1 14:51 2.4 0.0 125.7 14.6 67.6 08:20 SSE 16 15.6 17.8 13:40 13.5 06:02 2.7 0.0 0.0 7.8 40.2 14:12 SSE 17 12.4 15.8 02:32 10.3 23:46 5.9 0.0 26.4 5.3 51.5 07:53 SE 18 12.4 16.6 13:08 9.3 06:51 5.9 0.0 0.0 5.7 24.1 14:39 NE 19 12.9 17.2 12:33 10.2 23:31 5.4 0.0 0.0 7.3 37.0 02:04 NNW 20 12.4 17.1 12:17 9.0 05:46 5.9 0.0 0.0 7.8 17.7 00:58 NW 21 13.4 14.3 04:50 11.7 00:00 4.9 0.0 0.8 5.2 20.9 23:39 NNW 22 14.3 17.1 12:20 12.5 23:32 4.0 0.0 1.0 5.9 25.7 23:00 N 23 13.7 14.8 14:12 12.1 00:51 4.6 0.0 5.1 6.9 30.6 03:46 N 24 15.2 18.6 13:43 12.7 07:24 3.1 0.0 0.0 5.5 20.9 02:20 NNW 25 15.6 16.7 15:27 14.6 03:21 2.7 0.0 43.9 3.1 12.9 02:12 N 26 12.7 14.8 00:00 10.7 21:18 5.6 0.0 4.1 7.7 37.0 06:33 NNE 27 10.3 11.3 01:08 9.0 05:25 8.0 0.0 36.3 8.9 33.8 14:43 NNE 28 10.7 11.9 07:06 9.0 04:19 7.6 0.0 46.2 11.6 46.7 18:40 NNE 29 13.1 15.3 13:30 10.7 00:00 5.2 0.0 13.0 11.5 38.6 00:18 NNE 30 14.0 15.4 01:47 12.9 12:35 4.3 0.0 17.0 10.1 40.2 16:42 NNE ---------------------------------------------------------------------------------- 14.6 20.3 13 9.0 20 113.9 1.7 614.4 8.0 69.2 4 NE Max >= 27.0: 0 Max <= 5.0: 0 Min <= 20.0: 30 Min <= 0.0: 0 Max Rain: 125.7 on day 15 Days of Rain: 20 (>= 0.2 mm) 16 (>= 2.0 mm) 10 (>= 20.0 mm) Heat Base: 18.3 Cool Base: 18.3 Method: Integration