Rapporti Climatici in stile NOAA
Selezionare un Anno o un Mese
2024: Gen Feb Mar Apr Mag Giu Lug Ago Set Ott Nov Dic
2023: Gen Feb Mar Apr Mag Giu Lug Ago Set Ott Nov Dic
2022: Gen Feb Mar Apr Mag Giu Lug Ago Set Ott Nov Dic
2021: Gen Feb Mar Apr Mag Giu Lug Ago Set Ott Nov Dic
2020: Gen Feb Mar Apr Mag Giu Lug Ago Set Ott Nov Dic
2019: Gen Feb Mar Apr Mag Giu Lug Ago Set Ott Nov Dic
2018: Gen Feb Mar Apr Mag Giu Lug Ago Set Ott Nov Dic
2017: Gen Feb Mar Apr Mag Giu Lug Ago Set Ott Nov Dic
2016: Gen Feb Mar Apr Mag Giu Lug Ago Set Ott Nov Dic
2015: Gen Feb Mar Apr Mag Giu Lug Ago Set Ott Nov Dic
2014: Gen Feb Mar Apr Mag Giu Lug Ago Set Ott Nov Dic
2013: Gen Feb Mar Apr Mag Giu Lug Ago Set Ott Nov Dic
2012: Gen Feb Mar Apr Mag Giu Lug Ago Set Ott Nov Dic
2011: Gen Feb Mar Apr Mag Giu Lug Ago Set Ott Nov Dic
2010: Gen Feb Mar Apr Mag Giu Lug Ago Set Ott Nov Dic
2009: Gen Feb Mar Apr Mag Giu Lug Ago Set Ott Nov Dic
2008: Gen Feb Mar Apr Mag Giu Lug Ago Set Ott Nov Dic
2007: Gen Feb Mar Apr Mag Giu Lug Ago Set Ott Nov Dic
2006: Gen Feb Mar Apr Mag Giu Lug Ago Set Ott Nov Dic
2024: Gen Feb Mar Apr Mag Giu Lug Ago Set Ott Nov Dic
2023: Gen Feb Mar Apr Mag Giu Lug Ago Set Ott Nov Dic
2022: Gen Feb Mar Apr Mag Giu Lug Ago Set Ott Nov Dic
2021: Gen Feb Mar Apr Mag Giu Lug Ago Set Ott Nov Dic
2020: Gen Feb Mar Apr Mag Giu Lug Ago Set Ott Nov Dic
2019: Gen Feb Mar Apr Mag Giu Lug Ago Set Ott Nov Dic
2018: Gen Feb Mar Apr Mag Giu Lug Ago Set Ott Nov Dic
2017: Gen Feb Mar Apr Mag Giu Lug Ago Set Ott Nov Dic
2016: Gen Feb Mar Apr Mag Giu Lug Ago Set Ott Nov Dic
2015: Gen Feb Mar Apr Mag Giu Lug Ago Set Ott Nov Dic
2014: Gen Feb Mar Apr Mag Giu Lug Ago Set Ott Nov Dic
2013: Gen Feb Mar Apr Mag Giu Lug Ago Set Ott Nov Dic
2012: Gen Feb Mar Apr Mag Giu Lug Ago Set Ott Nov Dic
2011: Gen Feb Mar Apr Mag Giu Lug Ago Set Ott Nov Dic
2010: Gen Feb Mar Apr Mag Giu Lug Ago Set Ott Nov Dic
2009: Gen Feb Mar Apr Mag Giu Lug Ago Set Ott Nov Dic
2008: Gen Feb Mar Apr Mag Giu Lug Ago Set Ott Nov Dic
2007: Gen Feb Mar Apr Mag Giu Lug Ago Set Ott Nov Dic
2006: Gen Feb Mar Apr Mag Giu Lug Ago Set Ott Nov Dic
Archivio 2013 Dicembre
Monthly Climatological Summary for dic 2013 Name: San Fruttuoso City: Genova State: Italy Elevation: 70 m Lat: N 44° 24' 34" Lon: E 008° 57' 38" Temperature (°C), Rain (mm), Wind Speed (km/h) Heat Cool Avg Mean Deg Deg Wind Dom Day Temp High Time Low Time Days Days Rain Speed High Time Dir ---------------------------------------------------------------------------------- 1 7.4 10.8 14:30 4.3 04:30 10.9 0.0 0.0 13.2 53.1 09:03 N 2 9.8 13.9 15:29 6.5 05:19 8.5 0.0 1.5 12.5 51.5 02:20 NNW 3 10.7 16.6 13:13 7.0 05:18 7.6 0.0 0.0 12.1 49.9 02:44 NNE 4 10.0 14.1 15:20 7.4 23:21 8.3 0.0 0.0 7.2 32.2 06:49 N 5 10.7 14.1 15:00 7.5 00:34 7.6 0.0 0.0 6.8 17.7 00:22 NW 6 12.4 13.7 12:51 8.5 23:59 5.9 0.0 0.0 6.9 32.2 03:41 S 7 10.0 15.1 14:18 5.9 05:34 8.3 0.0 0.0 8.4 24.1 16:08 N 8 10.9 14.4 12:16 8.5 08:20 7.4 0.0 0.0 7.2 19.3 12:20 NNW 9 11.2 13.8 14:14 8.6 05:56 7.1 0.0 0.0 6.4 17.7 11:08 NNE 10 11.8 14.8 11:46 9.8 20:53 6.5 0.0 0.0 5.8 19.3 22:37 NNW 11 11.2 14.9 12:14 8.3 23:35 7.1 0.0 0.0 6.6 33.8 04:27 NE 12 9.8 14.3 14:37 7.3 23:43 8.5 0.0 0.0 8.3 17.7 03:18 NW 13 8.7 13.3 14:43 5.8 07:30 9.6 0.0 0.0 8.6 19.3 05:36 NNW 14 10.4 12.9 13:34 7.3 00:00 7.9 0.0 0.0 6.1 27.4 15:39 NNE 15 11.3 15.3 14:35 7.6 23:59 7.0 0.0 0.0 6.5 27.4 07:21 N 16 9.5 15.6 14:31 6.1 08:14 8.8 0.0 0.0 7.9 19.3 00:14 NNW 17 10.0 15.5 14:09 6.8 23:19 8.3 0.0 0.0 6.7 20.9 04:47 NNW 18 9.5 13.4 12:12 5.2 05:05 8.8 0.0 0.0 8.3 24.1 14:55 NE 19 11.1 13.1 18:32 6.1 23:35 7.2 0.0 26.4 12.4 40.2 18:04 ESE 20 6.5 9.5 23:38 4.7 06:55 11.8 0.0 35.3 12.0 45.1 12:52 NNE 21 10.5 12.1 22:04 9.1 02:28 7.8 0.0 35.3 9.2 32.2 00:41 N 22 13.5 14.3 12:43 10.8 00:00 4.8 0.0 3.3 9.7 32.2 14:03 SSE 23 13.1 13.6 01:06 11.4 22:25 5.2 0.0 4.4 7.8 30.6 19:28 SSE 24 12.9 14.1 23:54 11.4 01:43 5.4 0.0 4.3 11.4 46.7 22:53 SSE 25 13.2 14.8 06:15 11.8 13:31 5.1 0.0 63.2 24.3 78.9 21:05 SE 26 10.4 13.6 01:56 7.7 15:25 7.9 0.0 50.8 11.8 56.3 02:21 E 27 12.1 17.1 14:15 8.4 23:56 6.2 0.0 0.0 6.2 33.8 01:05 NNE 28 10.5 12.9 12:15 7.8 06:32 7.8 0.0 25.9 2.2 48.3 22:16 E 29 10.2 14.2 15:02 8.5 06:25 8.0 0.0 2.6 6.9 30.6 04:46 N 30 8.9 11.3 12:37 7.7 07:48 9.4 0.0 0.0 7.5 33.8 14:30 N 31 9.2 13.4 15:36 7.1 22:49 9.1 0.0 0.0 6.7 24.1 00:23 N ---------------------------------------------------------------------------------- 10.6 17.1 27 4.3 1 239.8 0.0 253.0 7.9 78.9 25 N Max >= 27.0: 0 Max <= 5.0: 0 Min <= 20.0: 31 Min <= 0.0: 0 Max Rain: 63.2 on day 25 Days of Rain: 11 (>= 0.2 mm) 10 (>= 2.0 mm) 6 (>= 20.0 mm) Heat Base: 18.3 Cool Base: 18.3 Method: Integration