Rapporti Climatici in stile NOAA
Selezionare un Anno o un Mese
2024: Gen Feb Mar Apr Mag Giu Lug Ago Set Ott Nov Dic
2023: Gen Feb Mar Apr Mag Giu Lug Ago Set Ott Nov Dic
2022: Gen Feb Mar Apr Mag Giu Lug Ago Set Ott Nov Dic
2021: Gen Feb Mar Apr Mag Giu Lug Ago Set Ott Nov Dic
2020: Gen Feb Mar Apr Mag Giu Lug Ago Set Ott Nov Dic
2019: Gen Feb Mar Apr Mag Giu Lug Ago Set Ott Nov Dic
2018: Gen Feb Mar Apr Mag Giu Lug Ago Set Ott Nov Dic
2017: Gen Feb Mar Apr Mag Giu Lug Ago Set Ott Nov Dic
2016: Gen Feb Mar Apr Mag Giu Lug Ago Set Ott Nov Dic
2015: Gen Feb Mar Apr Mag Giu Lug Ago Set Ott Nov Dic
2014: Gen Feb Mar Apr Mag Giu Lug Ago Set Ott Nov Dic
2013: Gen Feb Mar Apr Mag Giu Lug Ago Set Ott Nov Dic
2012: Gen Feb Mar Apr Mag Giu Lug Ago Set Ott Nov Dic
2011: Gen Feb Mar Apr Mag Giu Lug Ago Set Ott Nov Dic
2010: Gen Feb Mar Apr Mag Giu Lug Ago Set Ott Nov Dic
2009: Gen Feb Mar Apr Mag Giu Lug Ago Set Ott Nov Dic
2008: Gen Feb Mar Apr Mag Giu Lug Ago Set Ott Nov Dic
2007: Gen Feb Mar Apr Mag Giu Lug Ago Set Ott Nov Dic
2006: Gen Feb Mar Apr Mag Giu Lug Ago Set Ott Nov Dic
2024: Gen Feb Mar Apr Mag Giu Lug Ago Set Ott Nov Dic
2023: Gen Feb Mar Apr Mag Giu Lug Ago Set Ott Nov Dic
2022: Gen Feb Mar Apr Mag Giu Lug Ago Set Ott Nov Dic
2021: Gen Feb Mar Apr Mag Giu Lug Ago Set Ott Nov Dic
2020: Gen Feb Mar Apr Mag Giu Lug Ago Set Ott Nov Dic
2019: Gen Feb Mar Apr Mag Giu Lug Ago Set Ott Nov Dic
2018: Gen Feb Mar Apr Mag Giu Lug Ago Set Ott Nov Dic
2017: Gen Feb Mar Apr Mag Giu Lug Ago Set Ott Nov Dic
2016: Gen Feb Mar Apr Mag Giu Lug Ago Set Ott Nov Dic
2015: Gen Feb Mar Apr Mag Giu Lug Ago Set Ott Nov Dic
2014: Gen Feb Mar Apr Mag Giu Lug Ago Set Ott Nov Dic
2013: Gen Feb Mar Apr Mag Giu Lug Ago Set Ott Nov Dic
2012: Gen Feb Mar Apr Mag Giu Lug Ago Set Ott Nov Dic
2011: Gen Feb Mar Apr Mag Giu Lug Ago Set Ott Nov Dic
2010: Gen Feb Mar Apr Mag Giu Lug Ago Set Ott Nov Dic
2009: Gen Feb Mar Apr Mag Giu Lug Ago Set Ott Nov Dic
2008: Gen Feb Mar Apr Mag Giu Lug Ago Set Ott Nov Dic
2007: Gen Feb Mar Apr Mag Giu Lug Ago Set Ott Nov Dic
2006: Gen Feb Mar Apr Mag Giu Lug Ago Set Ott Nov Dic
Archivio 2011 Gennaio
Monthly Climatological Summary for gen 2011 Name: San Fruttuoso City: Genova State: Italy Elevation: 70 m Lat: N 44° 24' 34" Lon: E 008° 57' 38" Temperature (°C), Rain (mm), Wind Speed (km/h) Heat Cool Avg Mean Deg Deg Wind Dom Day Temp High Time Low Time Days Days Rain Speed High Time Dir ---------------------------------------------------------------------------------- 1 7.8 10.0 15:45 5.5 07:34 10.5 0.0 0.0 7.1 30.6 07:17 N 2 8.1 10.6 11:38 4.2 23:13 10.2 0.0 0.0 6.6 41.8 22:53 N 3 5.4 8.1 13:34 3.8 23:44 12.9 0.0 0.0 8.9 41.8 00:44 N 4 4.5 7.4 14:42 3.3 01:10 13.8 0.0 0.0 5.8 29.0 01:21 NNE 5 4.7 6.1 13:29 3.7 22:39 13.6 0.0 0.0 5.5 29.0 20:13 NNE 6 3.2 4.8 21:17 2.4 07:30 15.1 0.0 5.8 10.4 38.6 23:56 NNE 7 7.0 11.5 23:59 3.7 00:07 11.3 0.0 12.0 8.1 33.8 04:04 N 8 13.2 13.6 11:11 11.2 00:26 5.1 0.0 2.5 11.9 33.8 08:24 SE 9 13.2 13.8 23:00 12.7 07:24 5.1 0.0 0.0 10.8 37.0 09:29 SE 10 9.6 13.7 00:00 7.4 16:52 8.7 0.0 30.0 8.5 37.0 05:10 NNE 11 9.7 11.7 11:53 7.7 01:10 8.6 0.0 0.0 5.5 30.6 15:03 E 12 10.2 13.8 15:01 7.6 03:36 8.1 0.0 0.0 4.8 22.5 01:32 N 13 9.3 13.1 12:57 6.3 06:03 9.0 0.0 0.0 7.2 17.7 00:05 NNW 14 10.9 12.2 12:07 9.5 04:30 7.4 0.0 0.0 5.6 19.3 12:47 NE 15 11.7 14.9 16:08 8.4 23:54 6.6 0.0 0.0 5.4 19.3 03:00 NNW 16 9.9 14.3 14:26 7.2 07:17 8.4 0.0 0.0 5.0 17.7 05:01 NNW 17 9.4 12.2 14:48 5.8 05:39 8.9 0.0 0.0 4.4 16.1 05:46 NNW 18 10.6 12.0 17:08 9.8 08:11 7.7 0.0 0.0 5.1 14.5 17:13 NNW 19 10.5 12.8 15:27 8.7 21:01 7.8 0.0 0.0 4.5 17.7 21:45 N 20 6.0 8.9 00:00 4.2 04:45 12.3 0.0 0.0 10.7 43.5 04:21 NNW 21 5.9 8.1 14:20 4.3 06:43 12.4 0.0 0.0 8.9 41.8 15:53 N 22 4.9 7.0 15:02 3.3 06:07 13.4 0.0 0.0 11.8 41.8 05:53 N 23 5.4 10.7 13:37 2.9 06:49 12.9 0.0 0.0 7.4 30.6 18:18 N 24 5.4 10.2 14:35 1.4 07:09 12.9 0.0 0.0 7.3 22.5 00:10 NNW 25 5.8 8.7 15:17 3.0 03:07 12.5 0.0 6.1 7.7 19.3 05:39 NNW 26 6.9 8.6 10:26 5.8 06:51 11.4 0.0 8.9 5.1 30.6 16:19 N 27 5.2 6.7 13:43 4.2 18:14 13.1 0.0 2.3 8.6 38.6 16:55 NNE 28 6.9 10.7 13:15 4.4 00:00 11.4 0.0 0.0 7.8 40.2 02:54 N 29 5.3 7.4 02:13 1.1 23:12 13.0 0.0 2.8 8.5 54.7 22:21 N 30 2.4 3.3 16:32 1.2 02:42 15.9 0.0 14.7 11.2 46.7 11:10 N 31 5.8 7.8 13:05 2.9 00:52 12.5 0.0 0.0 8.9 40.2 00:17 NNE ---------------------------------------------------------------------------------- 7.6 14.9 15 1.1 29 332.5 0.0 85.1 7.6 54.7 29 N Max >= 27.0: 0 Max <= 5.0: 2 Min <= 20.0: 31 Min <= 0.0: 0 Max Rain: 30.0 on day 10 Days of Rain: 9 (>= 0.2 mm) 9 (>= 2.0 mm) 1 (>= 20.0 mm) Heat Base: 18.3 Cool Base: 18.3 Method: Integration