Rapporti Climatici in stile NOAA
Selezionare un Anno o un Mese
2024: Gen Feb Mar Apr Mag Giu Lug Ago Set Ott Nov Dic
2023: Gen Feb Mar Apr Mag Giu Lug Ago Set Ott Nov Dic
2022: Gen Feb Mar Apr Mag Giu Lug Ago Set Ott Nov Dic
2021: Gen Feb Mar Apr Mag Giu Lug Ago Set Ott Nov Dic
2020: Gen Feb Mar Apr Mag Giu Lug Ago Set Ott Nov Dic
2019: Gen Feb Mar Apr Mag Giu Lug Ago Set Ott Nov Dic
2018: Gen Feb Mar Apr Mag Giu Lug Ago Set Ott Nov Dic
2017: Gen Feb Mar Apr Mag Giu Lug Ago Set Ott Nov Dic
2016: Gen Feb Mar Apr Mag Giu Lug Ago Set Ott Nov Dic
2015: Gen Feb Mar Apr Mag Giu Lug Ago Set Ott Nov Dic
2014: Gen Feb Mar Apr Mag Giu Lug Ago Set Ott Nov Dic
2013: Gen Feb Mar Apr Mag Giu Lug Ago Set Ott Nov Dic
2012: Gen Feb Mar Apr Mag Giu Lug Ago Set Ott Nov Dic
2011: Gen Feb Mar Apr Mag Giu Lug Ago Set Ott Nov Dic
2010: Gen Feb Mar Apr Mag Giu Lug Ago Set Ott Nov Dic
2009: Gen Feb Mar Apr Mag Giu Lug Ago Set Ott Nov Dic
2008: Gen Feb Mar Apr Mag Giu Lug Ago Set Ott Nov Dic
2007: Gen Feb Mar Apr Mag Giu Lug Ago Set Ott Nov Dic
2006: Gen Feb Mar Apr Mag Giu Lug Ago Set Ott Nov Dic
2024: Gen Feb Mar Apr Mag Giu Lug Ago Set Ott Nov Dic
2023: Gen Feb Mar Apr Mag Giu Lug Ago Set Ott Nov Dic
2022: Gen Feb Mar Apr Mag Giu Lug Ago Set Ott Nov Dic
2021: Gen Feb Mar Apr Mag Giu Lug Ago Set Ott Nov Dic
2020: Gen Feb Mar Apr Mag Giu Lug Ago Set Ott Nov Dic
2019: Gen Feb Mar Apr Mag Giu Lug Ago Set Ott Nov Dic
2018: Gen Feb Mar Apr Mag Giu Lug Ago Set Ott Nov Dic
2017: Gen Feb Mar Apr Mag Giu Lug Ago Set Ott Nov Dic
2016: Gen Feb Mar Apr Mag Giu Lug Ago Set Ott Nov Dic
2015: Gen Feb Mar Apr Mag Giu Lug Ago Set Ott Nov Dic
2014: Gen Feb Mar Apr Mag Giu Lug Ago Set Ott Nov Dic
2013: Gen Feb Mar Apr Mag Giu Lug Ago Set Ott Nov Dic
2012: Gen Feb Mar Apr Mag Giu Lug Ago Set Ott Nov Dic
2011: Gen Feb Mar Apr Mag Giu Lug Ago Set Ott Nov Dic
2010: Gen Feb Mar Apr Mag Giu Lug Ago Set Ott Nov Dic
2009: Gen Feb Mar Apr Mag Giu Lug Ago Set Ott Nov Dic
2008: Gen Feb Mar Apr Mag Giu Lug Ago Set Ott Nov Dic
2007: Gen Feb Mar Apr Mag Giu Lug Ago Set Ott Nov Dic
2006: Gen Feb Mar Apr Mag Giu Lug Ago Set Ott Nov Dic
Archivio 2008 Agosto
MONTHLY CLIMATOLOGICAL SUMMARY for AUG. 2008 Name: San Fruttuoso City: Genova State: Italy Elevation: 70 m Lat: N 44° 24' 34" Lon: E 008° 57' 38" Temperature (°C), Rain (mm), Wind Speed (km/h) Heat Cool Avg Mean Deg Deg Wind Dom Day Temp High Time Low Time Days Days Rain Speed High Time Dir ------------------------------------------------------------------------------------- 01 25.0 27.9 16:09 22.0 07:14 00.0 06.7 00.0 05.4 22.2 22:34 SW 02 24.9 27.2 15:54 21.4 06:49 00.0 06.6 00.0 07.9 29.6 12:14 SSE 03 25.0 27.3 15:49 21.8 07:09 00.0 06.7 00.0 05.4 24.1 15:14 W 04 24.4 26.8 16:24 21.3 06:29 00.0 06.1 00.0 10.1 33.3 12:54 SSE 05 25.5 27.6 14:29 23.8 06:49 00.0 07.2 00.0 05.6 31.4 14:34 SSE 06 25.4 27.9 09:59 23.4 23:44 00.0 07.1 00.0 05.0 33.3 22:39 SSE 07 25.2 28.1 16:24 21.8 05:34 00.0 06.9 00.0 04.0 29.6 00:14 S 08 25.2 27.8 13:34 22.2 06:54 00.0 06.9 00.0 09.2 44.4 13:19 SE 09 25.2 30.1 16:29 19.6 05:44 00.0 06.9 00.0 06.7 44.4 11:54 NNW 10 24.1 26.8 14:14 20.3 06:49 00.0 05.8 00.0 07.0 33.3 12:09 W 11 22.6 25.6 15:44 18.8 07:09 00.0 04.3 00.0 09.2 29.6 13:29 SSW 12 24.7 27.0 16:44 22.9 05:49 00.0 06.4 00.0 14.7 46.3 11:54 SE 13 24.6 25.9 17:14 22.6 07:34 00.0 06.3 03.6 11.1 40.7 01:44 SSE 14 24.8 27.3 15:29 22.4 06:59 00.0 06.5 00.0 05.4 25.9 16:44 SSE 15 22.6 25.6 15:59 17.3 22:09 00.0 04.3 03.6 10.8 51.8 16:39 SSE 16 21.5 26.5 12:49 16.8 07:14 00.0 03.2 00.0 05.3 29.6 17:19 SSW 17 21.5 23.9 15:43 18.4 07:14 00.0 03.2 00.0 05.0 27.8 13:18 SSE 18 21.6 24.9 14:53 18.3 07:04 00.0 03.3 00.0 07.4 27.8 15:18 SSE 19 22.1 25.9 17:28 18.1 07:08 00.0 03.8 00.0 05.3 20.4 12:38 NW 20 22.5 25.6 14:53 18.9 07:33 00.0 04.2 00.0 08.8 35.1 16:08 SSE 21 22.3 25.3 14:43 18.9 06:43 00.0 04.0 00.0 06.3 22.2 15:18 WNW 22 21.6 24.4 14:13 17.9 06:48 00.0 03.3 00.0 07.8 25.9 18:03 SSE 23 23.0 25.1 12:58 20.3 00:00 00.0 04.7 00.0 09.0 40.7 11:18 SE 24 22.0 26.1 11:58 17.9 07:23 00.0 03.7 00.0 04.8 35.1 13:03 NNE 25 22.4 25.6 16:49 18.9 06:29 00.0 04.1 00.0 04.2 18.5 14:54 WNW 26 24.9 28.8 15:04 21.1 03:19 00.0 06.6 00.0 05.2 25.9 12:14 N 27 25.2 29.1 15:24 22.3 07:34 00.0 06.9 00.0 05.7 29.6 07:29 NNW 28 24.9 27.8 10:39 21.8 02:49 00.0 06.6 00.0 03.9 22.2 00:24 WNW 29 23.6 26.2 16:49 20.6 08:04 00.0 05.3 00.0 04.5 22.2 14:24 W 30 22.4 25.3 14:09 18.8 07:34 00.0 04.1 00.0 05.7 24.1 13:19 WNW 31 22.5 25.2 18:59 18.8 07:54 00.0 04.2 00.0 04.1 20.4 15:04 WNW ------------------------------------------------------------------------------------- 23.7(23.5)30.1 day 09 16.8 day 16 000.0 166.0 007.2 06.8 51.8 day 15 SSE Max >= 30: 1 Min <= 20: 14 Max Rain: 3.6 ON 15-08-08 Days of Rain: 2 (> .2mm) 2 (> 2mm) 0 (> 20mm)