Rapporti Climatici in stile NOAA
Selezionare un Anno o un Mese
2024: Gen Feb Mar Apr Mag Giu Lug Ago Set Ott Nov Dic
2023: Gen Feb Mar Apr Mag Giu Lug Ago Set Ott Nov Dic
2022: Gen Feb Mar Apr Mag Giu Lug Ago Set Ott Nov Dic
2021: Gen Feb Mar Apr Mag Giu Lug Ago Set Ott Nov Dic
2020: Gen Feb Mar Apr Mag Giu Lug Ago Set Ott Nov Dic
2019: Gen Feb Mar Apr Mag Giu Lug Ago Set Ott Nov Dic
2018: Gen Feb Mar Apr Mag Giu Lug Ago Set Ott Nov Dic
2017: Gen Feb Mar Apr Mag Giu Lug Ago Set Ott Nov Dic
2016: Gen Feb Mar Apr Mag Giu Lug Ago Set Ott Nov Dic
2015: Gen Feb Mar Apr Mag Giu Lug Ago Set Ott Nov Dic
2014: Gen Feb Mar Apr Mag Giu Lug Ago Set Ott Nov Dic
2013: Gen Feb Mar Apr Mag Giu Lug Ago Set Ott Nov Dic
2012: Gen Feb Mar Apr Mag Giu Lug Ago Set Ott Nov Dic
2011: Gen Feb Mar Apr Mag Giu Lug Ago Set Ott Nov Dic
2010: Gen Feb Mar Apr Mag Giu Lug Ago Set Ott Nov Dic
2009: Gen Feb Mar Apr Mag Giu Lug Ago Set Ott Nov Dic
2008: Gen Feb Mar Apr Mag Giu Lug Ago Set Ott Nov Dic
2007: Gen Feb Mar Apr Mag Giu Lug Ago Set Ott Nov Dic
2006: Gen Feb Mar Apr Mag Giu Lug Ago Set Ott Nov Dic
2024: Gen Feb Mar Apr Mag Giu Lug Ago Set Ott Nov Dic
2023: Gen Feb Mar Apr Mag Giu Lug Ago Set Ott Nov Dic
2022: Gen Feb Mar Apr Mag Giu Lug Ago Set Ott Nov Dic
2021: Gen Feb Mar Apr Mag Giu Lug Ago Set Ott Nov Dic
2020: Gen Feb Mar Apr Mag Giu Lug Ago Set Ott Nov Dic
2019: Gen Feb Mar Apr Mag Giu Lug Ago Set Ott Nov Dic
2018: Gen Feb Mar Apr Mag Giu Lug Ago Set Ott Nov Dic
2017: Gen Feb Mar Apr Mag Giu Lug Ago Set Ott Nov Dic
2016: Gen Feb Mar Apr Mag Giu Lug Ago Set Ott Nov Dic
2015: Gen Feb Mar Apr Mag Giu Lug Ago Set Ott Nov Dic
2014: Gen Feb Mar Apr Mag Giu Lug Ago Set Ott Nov Dic
2013: Gen Feb Mar Apr Mag Giu Lug Ago Set Ott Nov Dic
2012: Gen Feb Mar Apr Mag Giu Lug Ago Set Ott Nov Dic
2011: Gen Feb Mar Apr Mag Giu Lug Ago Set Ott Nov Dic
2010: Gen Feb Mar Apr Mag Giu Lug Ago Set Ott Nov Dic
2009: Gen Feb Mar Apr Mag Giu Lug Ago Set Ott Nov Dic
2008: Gen Feb Mar Apr Mag Giu Lug Ago Set Ott Nov Dic
2007: Gen Feb Mar Apr Mag Giu Lug Ago Set Ott Nov Dic
2006: Gen Feb Mar Apr Mag Giu Lug Ago Set Ott Nov Dic
Archivio 2022 Ottobre
Monthly Climatological Summary for ott 2022 Name: San Fruttuoso City: Genova State: Italy Elevation: 70 m Lat: N 44° 24' 32" Lon: E 008° 57' 37" Temperature (°C), Rain (mm), Wind Speed (km/h) Heat Cool Avg Mean Deg Deg Wind Dom Day Temp High Time Low Time Days Days Rain Speed High Time Dir ---------------------------------------------------------------------------------- 01 17.1 20.2 13:10 13.9 07:13 1.6 0.4 0.0 7.8 29.0 14:38 ESE 02 18.1 22.4 10:38 14.2 06:08 1.3 1.2 0.0 9.4 43.0 12:55 ESE 03 18.9 23.1 10:54 14.7 06:42 1.1 1.6 0.0 6.5 19.0 12:58 NW 04 19.6 23.2 09:41 16.2 05:05 0.5 1.8 0.0 7.7 23.0 12:59 NW 05 19.1 22.4 15:22 16.1 06:01 0.6 1.4 0.0 6.6 18.0 10:44 NW 06 18.7 22.4 13:23 15.2 06:49 0.9 1.3 0.0 6.4 18.0 12:14 WNW 07 20.7 24.9 14:54 17.4 22:58 0.1 2.4 0.0 6.8 27.0 05:17 N 08 18.5 21.3 12:38 15.4 06:39 0.8 1.0 0.0 6.7 23.0 12:40 NW 09 19.3 21.9 14:05 17.2 06:58 0.2 1.2 1.5 3.3 14.0 10:50 NE 10 18.2 21.4 13:12 16.7 21:02 0.6 0.5 2.5 5.6 35.0 22:27 N 11 19.3 23.3 12:51 16.2 06:36 0.6 1.6 0.0 6.2 29.0 08:38 NNE 12 19.7 23.5 13:26 16.8 06:40 0.2 1.7 0.0 6.5 26.0 04:23 N 13 19.3 23.6 13:22 16.4 23:32 0.4 1.4 0.0 6.9 27.0 01:09 N 14 18.6 21.9 12:05 15.1 03:07 0.8 1.1 0.0 6.2 18.0 12:44 NW 15 19.4 21.9 13:13 17.4 00:13 0.2 1.3 0.0 7.0 27.0 12:19 SE 16 19.6 22.1 15:56 17.8 06:37 0.1 1.4 0.0 4.2 16.0 12:35 WNW 17 20.3 24.2 10:58 17.4 07:30 0.1 2.1 0.0 5.0 18.0 03:30 NW 18 19.0 21.9 10:45 16.6 07:05 0.5 1.2 0.0 6.2 18.0 12:06 NW 19 18.0 21.2 15:27 15.0 06:52 1.1 0.8 0.0 6.4 16.0 11:33 NW 20 19.8 23.7 10:35 15.9 04:20 0.5 2.0 0.0 3.8 21.0 09:38 NNW 21 19.9 20.9 15:30 17.4 02:52 0.1 1.7 0.3 13.8 47.0 15:32 ESE 22 20.9 21.4 13:53 19.1 01:21 0.0 2.6 28.2 14.2 47.0 02:22 SE 23 21.4 22.3 11:01 20.6 03:56 0.0 3.1 0.0 15.0 43.0 14:37 SE 24 21.2 21.9 11:33 20.7 22:00 0.0 2.9 0.0 16.9 45.0 07:28 ESE 25 21.2 22.8 10:19 20.2 05:39 0.0 2.9 0.0 8.6 31.0 00:09 SE 26 20.4 22.2 13:07 17.6 23:58 0.0 2.1 0.0 7.0 24.0 03:17 SE 27 20.2 24.7 15:34 16.7 04:22 0.4 2.3 0.0 5.7 29.0 23:46 N 28 20.8 25.1 13:32 18.9 05:04 0.0 2.5 0.0 5.9 32.0 09:15 NNE 29 20.3 26.3 14:10 16.9 23:57 0.2 2.3 0.0 7.2 19.0 02:06 NW 30 18.2 22.3 15:08 15.0 05:59 1.2 1.1 0.0 5.2 16.0 05:32 NW 31 17.4 21.2 15:25 14.1 05:37 1.6 0.8 0.0 6.0 18.0 13:57 NW ---------------------------------------------------------------------------------- 19.5 26.3 29 13.9 1 15.7 51.7 32.5 7.4 47.0 21 NE Max >= 27.0 0 Max <= 5.0 0 Min <= 20.0 28 Min <= 0.0 0 Max Rain: 28.2 on day 22 Days of Rain: 4 (>= 0.2 mm) 2 (>= 2.0 mm) 1 (>= 20.0 mm) Heat Base: 18.3 Cool Base: 18.3 Method: Integration